{"id":43856,"date":"2025-05-28T14:26:17","date_gmt":"2025-05-28T17:26:17","guid":{"rendered":"https:\/\/www.appoloviracel.com.uy\/?post_type=product&#038;p=43856"},"modified":"2026-04-28T18:51:42","modified_gmt":"2026-04-28T21:51:42","slug":"celular-samsung-galaxy-a36-5g-256gb-8gb","status":"publish","type":"product","link":"https:\/\/www.appoloviracel.com.uy\/index.php\/product\/celular-samsung-galaxy-a36-5g-256gb-8gb\/","title":{"rendered":"Celular Samsung \u00abGalaxy A36\u00bb 5G (256Gb-8Gb)"},"content":{"rendered":"<h2>Caracter\u00edsticas y especificaciones:<\/h2>\n<p>El <strong>Samsung Galaxy A36 5G<\/strong> tiene una pantalla AMOLED de 6.7 pulgadas con 120Hz de refresco y potenciado por un procesador Snapdragon 6 Gen 3 con hasta 8GB de RAM y 256GB de almacenamiento interno. Su c\u00e1mara posterior es triple con sensor principal de 50MP con OIS, tiene parlantes est\u00e9reo, lector de huellas bajo la pantalla, es resistente al agua y se alimenta de una bater\u00eda de 5.000 mAh de carga r\u00e1pida.<\/p>\n<ul>\n<li>Pantalla: 6.7&#8243;, 1080 * 2340 pixeles<\/li>\n<li>Procesador: Snapdragon 6 Gen 3 2.4GHz<\/li>\n<li>Memoria RAM: 8GB<\/li>\n<li>Almacenamiento: 256GB<\/li>\n<li>Expansi\u00f3n: sin microSD<\/li>\n<li>C\u00e1mara: Triple, 50MP+8MP +5MP<\/li>\n<li>Bater\u00eda: 5.000 mAh<\/li>\n<li>OS: Android 15<\/li>\n<li>Perfil: 7.4 mm<\/li>\n<li>Peso: 195 grs.<\/li>\n<li>Se incluyen los siguientes accesorios: <strong>Cargador y Manual<\/strong><\/li>\n<li><strong>Garant\u00eda:<\/strong> 12 meses contra defecto de fabricaci\u00f3n<\/li>\n<\/ul>\n<h4><strong>\u00a0<\/strong><\/h4>\n<h4><span style=\"color: #ff0000;\"><strong>Contado efectivo: 10% de Descuento<\/strong><\/span><\/h4>\n<h5><strong>\u00a0*Las im\u00e1genes son a modo ilustrativo.<\/strong><\/h5>\n","protected":false},"excerpt":{"rendered":"<h3><span style=\"color: #339966;\"><strong>U$S 425<\/strong><\/span><\/h3>\n","protected":false},"featured_media":43857,"comment_status":"open","ping_status":"closed","template":"","meta":[],"_links":{"self":[{"href":"https:\/\/www.appoloviracel.com.uy\/index.php\/wp-json\/wp\/v2\/product\/43856"}],"collection":[{"href":"https:\/\/www.appoloviracel.com.uy\/index.php\/wp-json\/wp\/v2\/product"}],"about":[{"href":"https:\/\/www.appoloviracel.com.uy\/index.php\/wp-json\/wp\/v2\/types\/product"}],"replies":[{"embeddable":true,"href":"https:\/\/www.appoloviracel.com.uy\/index.php\/wp-json\/wp\/v2\/comments?post=43856"}],"wp:featuredmedia":[{"embeddable":true,"href":"https:\/\/www.appoloviracel.com.uy\/index.php\/wp-json\/wp\/v2\/media\/43857"}],"wp:attachment":[{"href":"https:\/\/www.appoloviracel.com.uy\/index.php\/wp-json\/wp\/v2\/media?parent=43856"}],"curies":[{"name":"wp","href":"https:\/\/api.w.org\/{rel}","templated":true}]}}