{"id":43790,"date":"2025-05-08T18:42:56","date_gmt":"2025-05-08T21:42:56","guid":{"rendered":"https:\/\/www.appoloviracel.com.uy\/?post_type=product&#038;p=43790"},"modified":"2025-06-02T12:20:17","modified_gmt":"2025-06-02T15:20:17","slug":"mouse-meetion-r547-bluetooth","status":"publish","type":"product","link":"https:\/\/www.appoloviracel.com.uy\/index.php\/product\/mouse-meetion-r547-bluetooth\/","title":{"rendered":"Mouse Meetion \u00abR547\u00bb Bluetooth"},"content":{"rendered":"<h2>Caracter\u00edsticas y especificaciones:<\/h2>\n<p>Rat\u00f3n de oficina inal\u00e1mbrico R547, exquisito y compacto, f\u00e1cil de transportar, con 3 botones DPI ajustables, hasta 1600 DPI, adecuado para todas las personas. El mouse adopta una nueva generaci\u00f3n de tecnolog\u00eda de ahorro de energ\u00eda de bajo consumo, que duerme autom\u00e1ticamente cuando est\u00e1 inactivo, lo que favorece la protecci\u00f3n del medio ambiente. Dise\u00f1o liviano en general, largas horas de trabajo no se sentir\u00e1n cansados. El mouse es rico en combinaci\u00f3n de colores y hay 5 colores para elegir, a saber: negro, gris, rojo, verde y azul. C\u00f3modo al tacto, textura fina. Adecuado para la oficina, el hogar, el ocio y el entretenimiento al aire libre, etc., puede hacer frente f\u00e1cilmente a varias ocasiones, y el c\u00f3modo revestimiento suave al tacto lo har\u00e1 feliz durante mucho tiempo y crear\u00e1 un ambiente c\u00f3modo para usted. El transmisor USB es plug and play y puede servirle durante mucho tiempo.<\/p>\n<ul>\n<li>2,4G inal\u00e1mbrico: Tecnolog\u00eda de transmisi\u00f3n inal\u00e1mbrica de 2,4 GHz, distancia de trabajo efectiva de hasta 10 m.<\/li>\n<li>Excelente duraci\u00f3n de la bater\u00eda: Una nueva generaci\u00f3n de tecnolog\u00eda de ahorro de energ\u00eda de bajo consumo, m\u00e1s ahorro de energ\u00eda y beneficio para la protecci\u00f3n del medio ambiente<\/li>\n<li>Interruptor DPI ajustable: 800-1200-1600 DPI de 3 niveles puede cumplir con una variedad de escenarios.<\/li>\n<li>Enchufe &amp; Reproducci\u00f3n: El rat\u00f3n funciona de forma aut\u00f3noma y sin necesidad de instalar software adicional. Cuando se conecta a una computadora a trav\u00e9s de un puerto USB, puede estar listo y funcionando en segundos.<\/li>\n<li>Disponible en color Rosa, Gris y Celeste<\/li>\n<\/ul>\n<h5><\/h5>\n<h5><strong>*Las im\u00e1genes son a modo ilustrativo.<\/strong><\/h5>\n","protected":false},"excerpt":{"rendered":"<h3><span style=\"color: #339966;\"><strong>$ 320<\/strong><\/span><\/h3>\n","protected":false},"featured_media":43791,"comment_status":"open","ping_status":"closed","template":"","meta":[],"_links":{"self":[{"href":"https:\/\/www.appoloviracel.com.uy\/index.php\/wp-json\/wp\/v2\/product\/43790"}],"collection":[{"href":"https:\/\/www.appoloviracel.com.uy\/index.php\/wp-json\/wp\/v2\/product"}],"about":[{"href":"https:\/\/www.appoloviracel.com.uy\/index.php\/wp-json\/wp\/v2\/types\/product"}],"replies":[{"embeddable":true,"href":"https:\/\/www.appoloviracel.com.uy\/index.php\/wp-json\/wp\/v2\/comments?post=43790"}],"wp:featuredmedia":[{"embeddable":true,"href":"https:\/\/www.appoloviracel.com.uy\/index.php\/wp-json\/wp\/v2\/media\/43791"}],"wp:attachment":[{"href":"https:\/\/www.appoloviracel.com.uy\/index.php\/wp-json\/wp\/v2\/media?parent=43790"}],"curies":[{"name":"wp","href":"https:\/\/api.w.org\/{rel}","templated":true}]}}