{"id":43772,"date":"2025-05-03T14:00:43","date_gmt":"2025-05-03T17:00:43","guid":{"rendered":"https:\/\/www.appoloviracel.com.uy\/?post_type=product&#038;p=43772"},"modified":"2025-05-28T14:30:40","modified_gmt":"2025-05-28T17:30:40","slug":"celular-iphone-16-pro-max-512gb-8gb","status":"publish","type":"product","link":"https:\/\/www.appoloviracel.com.uy\/index.php\/product\/celular-iphone-16-pro-max-512gb-8gb\/","title":{"rendered":"Celular iPhone \u00ab16 Pro Max\u00bb (512Gb-8Gb)"},"content":{"rendered":"<h2>Caracter\u00edsticas y especificaciones:<\/h2>\n<h4><span style=\"color: #ff0000;\"><strong>Equipo Nuevo<\/strong><\/span><\/h4>\n<p>El <strong>Apple iPhone 16 Pro Max<\/strong> es el iPhone m\u00e1s poderoso de la serie 16 con una pantalla de 6.9 pulgadas con refresco de 120Hz y potenciado por un procesador Apple A18 Pro con hasta 1TB de almacenamiento. Su c\u00e1mara posterior cu\u00e1druple cuenta con un sensor principal de 48MP con OIS, un lente ultrawide de 48MP, un lente telefoto de 12MP con zoom 5x y un sensor ToF, m\u00e1s una c\u00e1mara selfie de 12MP. Su bater\u00eda de 4.685 mAh es de carga r\u00e1pida tanto por cable como en forma inal\u00e1mbrica, cuenta con parlantes stereo, resistencia al polvo y agua, y corre iOS 18.<\/p>\n<ul>\n<li>Pantalla: 6.9&#8243;, 1320 * 2868 pixeles<\/li>\n<li>Procesador: Apple A18 Pro<\/li>\n<li>Memoria RAM:8GB<\/li>\n<li>Almacenamiento: 512GB<\/li>\n<li>Expansi\u00f3n: sin microSD<\/li>\n<li>C\u00e1mara: Cu\u00e1druple, 48MP+48MP +12MP+ToF<\/li>\n<li>Bater\u00eda: 4685 mAh<\/li>\n<li>OS: iOS 18<\/li>\n<li>Perfil: 8.3 mm<\/li>\n<li>Peso: 227 grs.<\/li>\n<li>Se incluyen los siguientes accesorios: <strong>Cable original y Manual<\/strong><\/li>\n<li><strong>Garant\u00eda:<\/strong> 12 meses contra defecto de fabricaci\u00f3n<\/li>\n<\/ul>\n<h4><\/h4>\n<h4><span style=\"color: #ff0000;\"><strong>Contado efectivo: 10% de Descuento<\/strong><\/span><\/h4>\n<h5><strong>*Las im\u00e1genes son a modo ilustrativo.<\/strong><\/h5>\n","protected":false},"excerpt":{"rendered":"<h3><span style=\"color: #339966;\"><strong>U$S 2.145<\/strong><\/span><\/h3>\n","protected":false},"featured_media":43404,"comment_status":"open","ping_status":"closed","template":"","meta":[],"_links":{"self":[{"href":"https:\/\/www.appoloviracel.com.uy\/index.php\/wp-json\/wp\/v2\/product\/43772"}],"collection":[{"href":"https:\/\/www.appoloviracel.com.uy\/index.php\/wp-json\/wp\/v2\/product"}],"about":[{"href":"https:\/\/www.appoloviracel.com.uy\/index.php\/wp-json\/wp\/v2\/types\/product"}],"replies":[{"embeddable":true,"href":"https:\/\/www.appoloviracel.com.uy\/index.php\/wp-json\/wp\/v2\/comments?post=43772"}],"wp:featuredmedia":[{"embeddable":true,"href":"https:\/\/www.appoloviracel.com.uy\/index.php\/wp-json\/wp\/v2\/media\/43404"}],"wp:attachment":[{"href":"https:\/\/www.appoloviracel.com.uy\/index.php\/wp-json\/wp\/v2\/media?parent=43772"}],"curies":[{"name":"wp","href":"https:\/\/api.w.org\/{rel}","templated":true}]}}