{"id":43750,"date":"2025-04-24T17:13:52","date_gmt":"2025-04-24T20:13:52","guid":{"rendered":"https:\/\/www.appoloviracel.com.uy\/?post_type=product&#038;p=43750"},"modified":"2025-05-24T18:11:32","modified_gmt":"2025-05-24T21:11:32","slug":"auricular-samsung-kg-introauditivo","status":"publish","type":"product","link":"https:\/\/www.appoloviracel.com.uy\/index.php\/product\/auricular-samsung-kg-introauditivo\/","title":{"rendered":"Auricular Samsung \u00abEO-IC100\u00bb AKG (Introauditivo)"},"content":{"rendered":"<h2>Caracter\u00edsticas y especificaciones:<\/h2>\n<p>Disfrute de audio sin distorsiones con calidad de estudio. Los auriculares Samsung Type-C est\u00e1n dise\u00f1ados para separar verdaderamente las se\u00f1ales izquierda y derecha hasta 10 veces mejor que los auriculares de 3,5 mm. El DAC incorporado mejora la calidad de lo que escuchas, por lo que tu lista de reproducci\u00f3n cobra vida como la concibi\u00f3 el artista.<\/p>\n<p>Fabricados con altavoces de 2 v\u00edas, los auriculares tipo C de Samsung ofrecen un audio rico que se transmite de forma clara y equilibrada. La tecnolog\u00eda est\u00e1 ajustada por AKG, por lo que obtienes una calidad de sonido de nivel profesional.<\/p>\n<h5><strong>*Las im\u00e1genes son a modo ilustrativo.<\/strong><\/h5>\n","protected":false},"excerpt":{"rendered":"<h3><strong><span style=\"font-family: 'Cambria','serif'; color: #339966;\">$ 1.190<\/span><\/strong><\/h3>\n","protected":false},"featured_media":43764,"comment_status":"open","ping_status":"closed","template":"","meta":[],"_links":{"self":[{"href":"https:\/\/www.appoloviracel.com.uy\/index.php\/wp-json\/wp\/v2\/product\/43750"}],"collection":[{"href":"https:\/\/www.appoloviracel.com.uy\/index.php\/wp-json\/wp\/v2\/product"}],"about":[{"href":"https:\/\/www.appoloviracel.com.uy\/index.php\/wp-json\/wp\/v2\/types\/product"}],"replies":[{"embeddable":true,"href":"https:\/\/www.appoloviracel.com.uy\/index.php\/wp-json\/wp\/v2\/comments?post=43750"}],"wp:featuredmedia":[{"embeddable":true,"href":"https:\/\/www.appoloviracel.com.uy\/index.php\/wp-json\/wp\/v2\/media\/43764"}],"wp:attachment":[{"href":"https:\/\/www.appoloviracel.com.uy\/index.php\/wp-json\/wp\/v2\/media?parent=43750"}],"curies":[{"name":"wp","href":"https:\/\/api.w.org\/{rel}","templated":true}]}}