{"id":43726,"date":"2025-04-17T13:38:07","date_gmt":"2025-04-17T16:38:07","guid":{"rendered":"https:\/\/www.appoloviracel.com.uy\/?post_type=product&#038;p=43726"},"modified":"2025-05-19T17:28:03","modified_gmt":"2025-05-19T20:28:03","slug":"camara-de-fotos-digital-infantil-pantalla-2-pulgadas","status":"publish","type":"product","link":"https:\/\/www.appoloviracel.com.uy\/index.php\/product\/camara-de-fotos-digital-infantil-pantalla-2-pulgadas\/","title":{"rendered":"C\u00e1mara de fotos digital infantil \u2013 pantalla 2 pulgadas"},"content":{"rendered":"<h2>Caracter\u00edsticas y especificaciones:<\/h2>\n<p>C\u00e1mara multifuncional para ni\u00f1os: las c\u00e1maras y videoc\u00e1maras para ni\u00f1os de doble lente vienen con m\u00e1s funciones que incluyen captura de fotos, tomar selfies, grabaci\u00f3n de video, reproducci\u00f3n, captura de retardo, juego y ajuste de fecha.<\/p>\n<h6><strong><span style=\"color: #ff0000;\">No incluye tarjeta de memoria<\/span><\/strong><\/h6>\n<h5><strong>*Las im\u00e1genes son a modo ilustrativo<\/strong><\/h5>\n","protected":false},"excerpt":{"rendered":"<h3><span style=\"color: #339966;\"><strong>$ 590 \u00a0<\/strong><\/span><\/h3>\n","protected":false},"featured_media":43727,"comment_status":"open","ping_status":"closed","template":"","meta":[],"_links":{"self":[{"href":"https:\/\/www.appoloviracel.com.uy\/index.php\/wp-json\/wp\/v2\/product\/43726"}],"collection":[{"href":"https:\/\/www.appoloviracel.com.uy\/index.php\/wp-json\/wp\/v2\/product"}],"about":[{"href":"https:\/\/www.appoloviracel.com.uy\/index.php\/wp-json\/wp\/v2\/types\/product"}],"replies":[{"embeddable":true,"href":"https:\/\/www.appoloviracel.com.uy\/index.php\/wp-json\/wp\/v2\/comments?post=43726"}],"wp:featuredmedia":[{"embeddable":true,"href":"https:\/\/www.appoloviracel.com.uy\/index.php\/wp-json\/wp\/v2\/media\/43727"}],"wp:attachment":[{"href":"https:\/\/www.appoloviracel.com.uy\/index.php\/wp-json\/wp\/v2\/media?parent=43726"}],"curies":[{"name":"wp","href":"https:\/\/api.w.org\/{rel}","templated":true}]}}