{"id":43681,"date":"2025-04-03T19:51:16","date_gmt":"2025-04-03T22:51:16","guid":{"rendered":"https:\/\/www.appoloviracel.com.uy\/?post_type=product&#038;p=43681"},"modified":"2026-03-18T15:58:04","modified_gmt":"2026-03-18T18:58:04","slug":"tablet-chuwi-hi10-xpro-10-1pulgadas","status":"publish","type":"product","link":"https:\/\/www.appoloviracel.com.uy\/index.php\/product\/tablet-chuwi-hi10-xpro-10-1pulgadas\/","title":{"rendered":"Tablet Chuwi \u00abHi10 XPro\u00bb 10.1pulgadas (128Gb-4Gb)"},"content":{"rendered":"<h2>Caracter\u00edsticas y especificaciones:<\/h2>\n<ul>\n<li>Pantalla de 10,1 pulgadas: Relaci\u00f3n de aspecto 16:10, pantalla IPS, LCD incell, frecuencia de actualizaci\u00f3n de 60 Hz.<\/li>\n<li>Resoluci\u00f3n de 1280 * 800 p\u00edxeles<\/li>\n<li>El sistema operativo Android 14 m\u00e1s nuevo: Android 14.0 ayuda a mantener tus notificaciones bajo control y garantiza que solo recibas las alertas que solicites. Es hora de disfrutar de tu tranquilidad.<\/li>\n<li>Certificaci\u00f3n Widevine L1: Widevine L1 garantiza que obtenga los mejores detalles en alta resoluci\u00f3n (1080p) sin molestos buffering ni tartamudeo.<\/li>\n<li>RAM de 4GB+ Disco 128GB: La tarjeta TF puede almacenar la asombrosa cantidad de 1TB GB. Tiene una ranura para tarjeta Dual SIM y TF, y es compatible con redes celulares TD-LTE y FDD-LTE.<\/li>\n<li>CPU Unisoc T606 de 8 n\u00facleos: La GPU Mali G57 est\u00e1 delicadamente dise\u00f1ada para ofrecer im\u00e1genes impresionantes y velocidades ultrarr\u00e1pidas que te dejar\u00e1n asombrado.<\/li>\n<li>Bater\u00eda de 7.000mAh<\/li>\n<li>Garant\u00eda: 12 meses contra defecto de fabricaci\u00f3n<\/li>\n<\/ul>\n<h4><\/h4>\n<h4><span style=\"color: #ff0000;\"><strong>Contado efectivo: 10% de Descuento<\/strong><\/span><\/h4>\n<h5><strong>\u00a0*Las im\u00e1genes son a modo ilustrativo.<\/strong><\/h5>\n","protected":false},"excerpt":{"rendered":"<h3><span style=\"color: #339966;\"><strong>U$U 155<\/strong><\/span><\/h3>\n","protected":false},"featured_media":43682,"comment_status":"open","ping_status":"closed","template":"","meta":[],"_links":{"self":[{"href":"https:\/\/www.appoloviracel.com.uy\/index.php\/wp-json\/wp\/v2\/product\/43681"}],"collection":[{"href":"https:\/\/www.appoloviracel.com.uy\/index.php\/wp-json\/wp\/v2\/product"}],"about":[{"href":"https:\/\/www.appoloviracel.com.uy\/index.php\/wp-json\/wp\/v2\/types\/product"}],"replies":[{"embeddable":true,"href":"https:\/\/www.appoloviracel.com.uy\/index.php\/wp-json\/wp\/v2\/comments?post=43681"}],"wp:featuredmedia":[{"embeddable":true,"href":"https:\/\/www.appoloviracel.com.uy\/index.php\/wp-json\/wp\/v2\/media\/43682"}],"wp:attachment":[{"href":"https:\/\/www.appoloviracel.com.uy\/index.php\/wp-json\/wp\/v2\/media?parent=43681"}],"curies":[{"name":"wp","href":"https:\/\/api.w.org\/{rel}","templated":true}]}}