{"id":43672,"date":"2025-04-02T17:50:17","date_gmt":"2025-04-02T20:50:17","guid":{"rendered":"https:\/\/www.appoloviracel.com.uy\/?post_type=product&#038;p=43672"},"modified":"2025-05-03T14:05:47","modified_gmt":"2025-05-03T17:05:47","slug":"auricular-jbl-tune-buds-bluetooth","status":"publish","type":"product","link":"https:\/\/www.appoloviracel.com.uy\/index.php\/product\/auricular-jbl-tune-buds-bluetooth\/","title":{"rendered":"Auricular JBL \u00abTune Buds\u00bb (Bluetooth)"},"content":{"rendered":"<h2>Caracter\u00edsticas y especificaciones:<\/h2>\n<h4><strong>\u00a0<\/strong>Pure Bass. Cero ruidos.<\/h4>\n<p>Afronta tu d\u00eda canci\u00f3n a canci\u00f3n con los JBL Tune Buds. Estos auriculares True Wireless te ofrecen hasta 48\u00a0horas de excepcional sonido JBL Pure Bass, mientras que su dise\u00f1o ergon\u00f3mico y resistencia al agua y al polvo te proporciona comodidad durante todo el d\u00eda en cualquier clima. Un simple toque te permite gestionar y disfrutar de llamadas perfectas en cualquier lugar, sin ruidos ambientales. Y con la tecnolog\u00eda Active Noise Cancelling (ANC) y Smart Ambient, t\u00fa eliges si quieres desconectar del mundo o relacionarte con tu entorno. El dise\u00f1o de bot\u00f3n garantiza un aislamiento perfecto de los ruidos exteriores y un ajuste seguro. Y lo mejor de todo es que la aplicaci\u00f3n JBL Headphones te permite personalizar tu experiencia auditiva. Conecta con tu mundo a tu manera.<\/p>\n<ul>\n<li>Sonido JBL Pure Bass: Los controladores de 10 mm de dise\u00f1o inteligente mejorados por el factor de forma de los auriculares brindan el sonido Pure Bass de JBL para que sientas cada ritmo pulsante.<\/li>\n<li>Bluetooth 5.3 con soporte de audio LE: Gracias a la tecnolog\u00eda Bluetooth de \u00faltima generaci\u00f3n, los auriculares JBL Tune Buds transmiten audio con un bajo consumo de energ\u00eda y una alta calidad. Adem\u00e1s, BT 5.3 te permite transmitir audio sincronizado de forma independiente a cada auricular, de modo que puedas usar uno o ambos auriculares. O puedes compartir tu contenido de video o m\u00fasica con un amigo que use auriculares, ya que BT 5.3 te permite transmitir audio sin problemas a varios oyentes. (*) Disponible mediante actualizaci\u00f3n OTA en una etapa posterior<\/li>\n<li>JBL Pure Bass con sonido Spatial<\/li>\n<li>Cancelaci\u00f3n de ruido adaptativa con Smart Ambient<\/li>\n<li>Llamadas perfectas y una experiencia personalizada con 6 micr\u00f3fonos<\/li>\n<li>Personi-Fi 3.0<\/li>\n<li>Hasta 48 horas de reproducci\u00f3n<\/li>\n<li>\u00cdndice de protecci\u00f3n IP54 contra polvo y agua*<\/li>\n<li>Conexi\u00f3n multipunto + emparejamiento r\u00e1pido con Google<\/li>\n<li>Aplicaci\u00f3n JBL Headphones. Personaliza la banda sonora de tu vida.<\/li>\n<li>Controladores: 10 mm<\/li>\n<li>Respuesta de frecuencia: 20 Hz &#8211; 20 kHz<\/li>\n<li>Impedancia: 32 \u03a9<\/li>\n<li>Cancelaci\u00f3n de ruido: Activa<\/li>\n<\/ul>\n<h5><\/h5>\n<h5><strong>*Las im\u00e1genes son a modo ilustrativo.<\/strong><\/h5>\n","protected":false},"excerpt":{"rendered":"<h3><strong><span style=\"color: #339966;\">$ 4.100<\/span> <\/strong><\/h3>\n","protected":false},"featured_media":43673,"comment_status":"open","ping_status":"closed","template":"","meta":[],"_links":{"self":[{"href":"https:\/\/www.appoloviracel.com.uy\/index.php\/wp-json\/wp\/v2\/product\/43672"}],"collection":[{"href":"https:\/\/www.appoloviracel.com.uy\/index.php\/wp-json\/wp\/v2\/product"}],"about":[{"href":"https:\/\/www.appoloviracel.com.uy\/index.php\/wp-json\/wp\/v2\/types\/product"}],"replies":[{"embeddable":true,"href":"https:\/\/www.appoloviracel.com.uy\/index.php\/wp-json\/wp\/v2\/comments?post=43672"}],"wp:featuredmedia":[{"embeddable":true,"href":"https:\/\/www.appoloviracel.com.uy\/index.php\/wp-json\/wp\/v2\/media\/43673"}],"wp:attachment":[{"href":"https:\/\/www.appoloviracel.com.uy\/index.php\/wp-json\/wp\/v2\/media?parent=43672"}],"curies":[{"name":"wp","href":"https:\/\/api.w.org\/{rel}","templated":true}]}}