{"id":43656,"date":"2025-03-25T20:35:07","date_gmt":"2025-03-25T23:35:07","guid":{"rendered":"https:\/\/www.appoloviracel.com.uy\/?post_type=product&#038;p=43656"},"modified":"2025-11-14T10:14:20","modified_gmt":"2025-11-14T13:14:20","slug":"celular-samsung-galaxy-s25-ultra-512gb-12gb","status":"publish","type":"product","link":"https:\/\/www.appoloviracel.com.uy\/index.php\/product\/celular-samsung-galaxy-s25-ultra-512gb-12gb\/","title":{"rendered":"Celular Samsung \u00abGalaxy s25 Ultra\u00bb (512Gb-12Gb)"},"content":{"rendered":"<h2>Caracter\u00edsticas y especificaciones:<\/h2>\n<p>El <strong>Samsung Galaxy S25 Ultra<\/strong> llega m\u00e1s liviano y delgado, potenciado por un procesador Snapdragon 8 Elite for Galaxy con 12GB de RAM. y hasta 1TB de almacenamiento. Su c\u00e1mara es cu\u00e1druple con un sensor principal de 200MP con estabilizaci\u00f3n \u00f3ptica, un sensor telefoto de 10MP y uno de 50MP y una c\u00e1mara ultrawide de 50MP, y tiene una c\u00e1mara selfie de 12MP al frente. El Galaxy S25 Ultra se alimenta de una bater\u00eda de 5000 mAh con soporte para carga r\u00e1pida e inal\u00e1mbrica, tiene parlantes stereo, lector de huellas bajo pantalla, soporta stylus S Pen y es resistente al agua.<\/p>\n<ul>\n<li>Pantalla: 6.9&#8243;, 1440 * 3120 pixeles<\/li>\n<li>Procesador: Snapdragon 8 Elite for Galaxy 4.47GHz<\/li>\n<li>Memoria RAM: 12GB<\/li>\n<li>Almacenamiento: 512GB<\/li>\n<li>Expansi\u00f3n: sin microSD<\/li>\n<li>C\u00e1mara: Cu\u00e1druple, 50MP+50MP +50MP+50MP<\/li>\n<li>Bater\u00eda: 5.000 mAh<\/li>\n<li>OS: Android 15<\/li>\n<li>Perfil \u00a0 8.2 mm<\/li>\n<li>Peso \u00a0\u00a0 218 grs.<\/li>\n<li>Se incluyen los siguientes accesorios: <strong>Cargador y Manual<\/strong><\/li>\n<li><strong>Garant\u00eda:<\/strong> 12 meses contra defecto de fabricaci\u00f3n<\/li>\n<\/ul>\n<h4><\/h4>\n<h4><span style=\"color: #ff0000;\"><strong>Contado efectivo: 10% de Descuento<\/strong><\/span><\/h4>\n<h5><strong>*Las im\u00e1genes son a modo ilustrativo.<\/strong><\/h5>\n","protected":false},"excerpt":{"rendered":"<h3><strong><span style=\"font-family: 'Cambria','serif'; color: #339966;\">U$S 1.630<\/span><\/strong><\/h3>\n","protected":false},"featured_media":43657,"comment_status":"open","ping_status":"closed","template":"","meta":[],"_links":{"self":[{"href":"https:\/\/www.appoloviracel.com.uy\/index.php\/wp-json\/wp\/v2\/product\/43656"}],"collection":[{"href":"https:\/\/www.appoloviracel.com.uy\/index.php\/wp-json\/wp\/v2\/product"}],"about":[{"href":"https:\/\/www.appoloviracel.com.uy\/index.php\/wp-json\/wp\/v2\/types\/product"}],"replies":[{"embeddable":true,"href":"https:\/\/www.appoloviracel.com.uy\/index.php\/wp-json\/wp\/v2\/comments?post=43656"}],"wp:featuredmedia":[{"embeddable":true,"href":"https:\/\/www.appoloviracel.com.uy\/index.php\/wp-json\/wp\/v2\/media\/43657"}],"wp:attachment":[{"href":"https:\/\/www.appoloviracel.com.uy\/index.php\/wp-json\/wp\/v2\/media?parent=43656"}],"curies":[{"name":"wp","href":"https:\/\/api.w.org\/{rel}","templated":true}]}}