{"id":43618,"date":"2025-03-19T19:11:23","date_gmt":"2025-03-19T22:11:23","guid":{"rendered":"https:\/\/www.appoloviracel.com.uy\/?post_type=product&#038;p=43618"},"modified":"2025-04-17T13:46:53","modified_gmt":"2025-04-17T16:46:53","slug":"soporte-usams-zj079-magnetico-para-auto","status":"publish","type":"product","link":"https:\/\/www.appoloviracel.com.uy\/index.php\/product\/soporte-usams-zj079-magnetico-para-auto\/","title":{"rendered":"Soporte Usams \u00abZJ079\u00bb Magn\u00e9tico para auto"},"content":{"rendered":"<h2>Caracter\u00edsticas y especificaciones:<\/h2>\n<ul>\n<li>Soporte de coche magn\u00e9tico USAMS ZJ079 con rotaci\u00f3n de 180 grados<\/li>\n<li>El soporte utiliza imanes potentes para asegurar que el tel\u00e9fono permanezca firmemente en su lugar durante los trayectos, incluso en carreteras con baches<\/li>\n<li>Est\u00e1 fabricado con un aluminio suave que se puede doblar y ajustar a diferentes \u00e1ngulos, ofreciendo \u00e1ngulos de visi\u00f3n \u00f3ptimos para la navegaci\u00f3n o las llamadas manos libres<\/li>\n<li>Utiliza un adhesivo fuerte que proporciona un agarre firme en el salpicadero u otras superficies dentro del coche, asegurando que el soporte permanezca estable sin dejar residuos ni da\u00f1ar la superficie al retirarlo<\/li>\n<li>El soporte se puede girar 180 grados, lo que permite al usuario cambiar f\u00e1cilmente entre las orientaciones horizontal y vertical, mejorando la usabilidad seg\u00fan las preferencias del conductor o los requisitos de la aplicaci\u00f3n<\/li>\n<li>La instalaci\u00f3n es sencilla, basta con retirar la cubierta adhesiva y colocar el soporte en una superficie adecuada. Est\u00e1 dise\u00f1ado para funcionar con varios modelos de tel\u00e9fonos inteligentes, especialmente con los que tienen fundas o adaptadores magn\u00e9ticos<\/li>\n<\/ul>\n<p>&nbsp;<\/p>\n<ul>\n<li>Modelo: ZJ079<\/li>\n<li>Peso: Aproximadamente 113g<\/li>\n<li>Tama\u00f1o: 210 * 60 * 60mm<\/li>\n<li>Material: PC Silicona + Aluminio Suave + Im\u00e1n<\/li>\n<li>Modo de instalaci\u00f3n: Pegamento<\/li>\n<li>Compatibilidad: Para todos los tel\u00e9fonos m\u00f3viles<\/li>\n<li>Posici\u00f3n fija: Pantalla, Consola central.<\/li>\n<\/ul>\n<p><strong>\u00a0<\/strong><\/p>\n<h5><strong>*Las im\u00e1genes son a modo ilustrativo.<\/strong><\/h5>\n","protected":false},"excerpt":{"rendered":"<h3><strong><span style=\"color: #339966;\">$ 920<\/span> <\/strong><\/h3>\n","protected":false},"featured_media":43619,"comment_status":"open","ping_status":"closed","template":"","meta":[],"_links":{"self":[{"href":"https:\/\/www.appoloviracel.com.uy\/index.php\/wp-json\/wp\/v2\/product\/43618"}],"collection":[{"href":"https:\/\/www.appoloviracel.com.uy\/index.php\/wp-json\/wp\/v2\/product"}],"about":[{"href":"https:\/\/www.appoloviracel.com.uy\/index.php\/wp-json\/wp\/v2\/types\/product"}],"replies":[{"embeddable":true,"href":"https:\/\/www.appoloviracel.com.uy\/index.php\/wp-json\/wp\/v2\/comments?post=43618"}],"wp:featuredmedia":[{"embeddable":true,"href":"https:\/\/www.appoloviracel.com.uy\/index.php\/wp-json\/wp\/v2\/media\/43619"}],"wp:attachment":[{"href":"https:\/\/www.appoloviracel.com.uy\/index.php\/wp-json\/wp\/v2\/media?parent=43618"}],"curies":[{"name":"wp","href":"https:\/\/api.w.org\/{rel}","templated":true}]}}