{"id":4276,"date":"2021-03-04T00:30:34","date_gmt":"2021-03-04T03:30:34","guid":{"rendered":"https:\/\/www.appoloviracel.com.uy\/?post_type=product&#038;p=4276"},"modified":"2021-04-20T13:11:58","modified_gmt":"2021-04-20T16:11:58","slug":"xiaomi-amazfit-t-rex-47mm","status":"publish","type":"product","link":"https:\/\/www.appoloviracel.com.uy\/index.php\/product\/xiaomi-amazfit-t-rex-47mm\/","title":{"rendered":"Smartwatch Xiaomi \u00abAmazfit T REX\u00bb 47mm"},"content":{"rendered":"<h4>Caracter\u00edsticas y especificaciones:<\/h4>\n<p>12 certificaciones de categor\u00eda militar. Resistente a ambientes adversos.<br \/>\nBater\u00eda con una vida \u00fatil ultra larga de 20 d\u00edas.<br \/>\nPantalla de colores AMOLED de 1,3 pulgadas siempre activa.<br \/>\nPosicionamiento por sat\u00e9lite GPS Dual de alta precisi\u00f3n.<br \/>\nSumergible hasta 50 metros y 14 modos de deporte.<br \/>\nControl de la frecuencia card\u00edaca durante todo el d\u00eda.<br \/>\nNotificaciones del tiempo y recordatorio de llamadas.<br \/>\n<strong>Compatible con dispositivos iOS y Android.<\/strong><\/p>\n<p><strong>Especificaciones t\u00e9cnicas:<\/strong><\/p>\n<p>Color marr\u00f3n claro<br \/>\nDimensiones: 47,7 * 47,7 * 13,5 mm<br \/>\nPeso: 58 grs. (con correa)<br \/>\nSumergible 5 ATM, permite nadar<br \/>\nPantalla AMOLED de 1,3 pulgadas, resoluci\u00f3n de 360 * 360<br \/>\nPantalla t\u00e1ctil de Cristal Corning Gorilla 3 + revestimiento antihuellas<br \/>\nSensor \u00f3ptico de bioseguimiento BioTrackerTM PPG, Sensor de aceleraci\u00f3n de 3 ejes, Sensor geomagn\u00e9tico, Sensor de luz de ambient.<br \/>\nPosicionamiento GPS + GLONASS<br \/>\nConectividad Bluetooth 5.0\/BLE<br \/>\nBater\u00eda390 mAh LiPo (valor m\u00ednimo)<br \/>\nCarga magn\u00e9tica Pogo con 2 clavijas<br \/>\nTiempo de carga te\u00f3rico: 2 horas<br \/>\nVida \u00fatil de la bater\u00eda: 3 Modos, hasta 66 d\u00edas.<\/p>\n<p><strong>Garant\u00eda<\/strong>: 6 meses contra defecto de fabricaci\u00f3n<\/p>\n<h4><strong><span style=\"color: #ff0000;\">* La garant\u00eda no cubre falla que se pueda dar por un uso intensivo<\/span>.<\/strong><\/h4>\n<h5><strong>*Las im\u00e1genes son a modo ilustrativo.<\/strong><\/h5>\n","protected":false},"excerpt":{"rendered":"<h4><span style=\"color: #339966;\"><strong>U$S 205<\/strong><\/span><\/h4>\n","protected":false},"featured_media":4277,"comment_status":"open","ping_status":"closed","template":"","meta":[],"_links":{"self":[{"href":"https:\/\/www.appoloviracel.com.uy\/index.php\/wp-json\/wp\/v2\/product\/4276"}],"collection":[{"href":"https:\/\/www.appoloviracel.com.uy\/index.php\/wp-json\/wp\/v2\/product"}],"about":[{"href":"https:\/\/www.appoloviracel.com.uy\/index.php\/wp-json\/wp\/v2\/types\/product"}],"replies":[{"embeddable":true,"href":"https:\/\/www.appoloviracel.com.uy\/index.php\/wp-json\/wp\/v2\/comments?post=4276"}],"wp:featuredmedia":[{"embeddable":true,"href":"https:\/\/www.appoloviracel.com.uy\/index.php\/wp-json\/wp\/v2\/media\/4277"}],"wp:attachment":[{"href":"https:\/\/www.appoloviracel.com.uy\/index.php\/wp-json\/wp\/v2\/media?parent=4276"}],"curies":[{"name":"wp","href":"https:\/\/api.w.org\/{rel}","templated":true}]}}