{"id":4247,"date":"2021-03-03T22:10:29","date_gmt":"2021-03-04T01:10:29","guid":{"rendered":"https:\/\/www.appoloviracel.com.uy\/?post_type=product&#038;p=4247"},"modified":"2021-04-20T13:13:49","modified_gmt":"2021-04-20T16:13:49","slug":"amazfit-verge-lite","status":"publish","type":"product","link":"https:\/\/www.appoloviracel.com.uy\/index.php\/product\/amazfit-verge-lite\/","title":{"rendered":"Smartwatch Xiaomi \u00abAmazfit VERGE Lite\u00bb"},"content":{"rendered":"<h4>Caracter\u00edsticas y especificaciones:<\/h4>\n<p>Analiza 14 deportes y actividades diferentes.<br \/>\nGPS + GLONASS para seguimiento de rutas y distancias de forma precisa.<br \/>\nPantalla brillante de 1.39&#8243; AMOLED.<br \/>\nRecibe notificaciones de llamada entrante, mensajes y otras apps (Facebook, Twitter, WhatsApp, etc.).<br \/>\nSensor de ritmo card\u00edaco cont\u00ednuo.<br \/>\nBater\u00eda de gran rendimiento con hasta 20 d\u00edas de autonom\u00eda.<br \/>\n<strong>Compatible con dispositivos iOS y Android.<\/strong><\/p>\n<p><strong>Garant\u00eda<\/strong>: 6 meses contra defecto de fabricaci\u00f3n<\/p>\n<h4><span style=\"color: #ff0000;\"><strong>* La garant\u00eda no cubre falla que se pueda dar por un uso intensivo.<\/strong><\/span><\/h4>\n<h5><strong>*Las im\u00e1genes son a modo ilustrativo.<\/strong><\/h5>\n","protected":false},"excerpt":{"rendered":"<h3><span style=\"color: #339966;\"><strong>U$S 135<\/strong><\/span><\/h3>\n","protected":false},"featured_media":4248,"comment_status":"open","ping_status":"closed","template":"","meta":[],"_links":{"self":[{"href":"https:\/\/www.appoloviracel.com.uy\/index.php\/wp-json\/wp\/v2\/product\/4247"}],"collection":[{"href":"https:\/\/www.appoloviracel.com.uy\/index.php\/wp-json\/wp\/v2\/product"}],"about":[{"href":"https:\/\/www.appoloviracel.com.uy\/index.php\/wp-json\/wp\/v2\/types\/product"}],"replies":[{"embeddable":true,"href":"https:\/\/www.appoloviracel.com.uy\/index.php\/wp-json\/wp\/v2\/comments?post=4247"}],"wp:featuredmedia":[{"embeddable":true,"href":"https:\/\/www.appoloviracel.com.uy\/index.php\/wp-json\/wp\/v2\/media\/4248"}],"wp:attachment":[{"href":"https:\/\/www.appoloviracel.com.uy\/index.php\/wp-json\/wp\/v2\/media?parent=4247"}],"curies":[{"name":"wp","href":"https:\/\/api.w.org\/{rel}","templated":true}]}}