{"id":42301,"date":"2024-12-14T21:03:45","date_gmt":"2024-12-15T00:03:45","guid":{"rendered":"https:\/\/www.appoloviracel.com.uy\/?post_type=product&#038;p=42301"},"modified":"2025-02-05T17:08:14","modified_gmt":"2025-02-05T20:08:14","slug":"auricular-qcy-melobuds-neo-bluetooth","status":"publish","type":"product","link":"https:\/\/www.appoloviracel.com.uy\/index.php\/product\/auricular-qcy-melobuds-neo-bluetooth\/","title":{"rendered":"Auricular QCY \u00abMeloBuds Neo\u00bb (Bluetooth)"},"content":{"rendered":"<h2>Caracter\u00edsticas y especificaciones:<\/h2>\n<ul>\n<li>Dise\u00f1o transparente y pantalla de alimentaci\u00f3n LED: Con un estuche de carga transl\u00facido estilo cyberpunk y textura futurista, QCY MeloBuds Neo gan\u00f3 el premio MUSE Design Gold Award 2024. La pantalla LED precisa muestra tanto la energ\u00eda del estuche de carga como de los auriculares, lo que le permite conocer el estado de energ\u00eda en cualquier momento.<\/li>\n<li>Bluetooth 5.3 y llamadas claras: Los verdaderos auriculares inal\u00e1mbricos MeloBuds Neo adoptan tecnolog\u00eda avanzada Bluetooth 5.3 para garantizar que obtengas una conexi\u00f3n estable y r\u00e1pida. 4 micr\u00f3fonos con un algoritmo de IA que capta tu voz con precisi\u00f3n y bloquea el ruido de fondo.<\/li>\n<li>Sonido envolvente y 9 modos de ecualizaci\u00f3n preestablecidos: El controlador din\u00e1mico de biodiafragma integrado de 10 mm le proporciona el sonido m\u00e1s natural y los graves profundos. Elija entre 9 modos de ecualizaci\u00f3n preestablecidos ajustados con precisi\u00f3n por los expertos en audio de QCY para disfrutar de una experiencia musical \u00f3ptima.<\/li>\n<li>Duraci\u00f3n de bater\u00eda ultra larga de hasta 24 horas: Escuche hasta 7 horas de m\u00fasica con una sola carga, o hasta 24 horas cuando se usa con el estuche de carga. Es suficiente tiempo de reproducci\u00f3n para disfrutar de hasta 360 canciones o 12 pel\u00edculas.<\/li>\n<li>Conexi\u00f3n multipunto y baja latencia: MeloBuds Neo se puede conectar a 2 dispositivos simult\u00e1neamente, lo que le permite ver pel\u00edculas en la televisi\u00f3n mientras responde llamadas sin cambiar. Tambi\u00e9n puedes disfrutar de una latencia baja de 68 ms que mantiene sincronizadas las pel\u00edculas y los juegos.<\/li>\n<li>Color: Blanco y Negro<\/li>\n<\/ul>\n<h5><strong>\u00a0<\/strong><\/h5>\n<h5><strong>*Las im\u00e1genes son a modo ilustrativo.<\/strong><\/h5>\n","protected":false},"excerpt":{"rendered":"<h3><span style=\"color: #339966;\"><strong>$ 1.490<\/strong><\/span><\/h3>\n","protected":false},"featured_media":42302,"comment_status":"open","ping_status":"closed","template":"","meta":[],"_links":{"self":[{"href":"https:\/\/www.appoloviracel.com.uy\/index.php\/wp-json\/wp\/v2\/product\/42301"}],"collection":[{"href":"https:\/\/www.appoloviracel.com.uy\/index.php\/wp-json\/wp\/v2\/product"}],"about":[{"href":"https:\/\/www.appoloviracel.com.uy\/index.php\/wp-json\/wp\/v2\/types\/product"}],"replies":[{"embeddable":true,"href":"https:\/\/www.appoloviracel.com.uy\/index.php\/wp-json\/wp\/v2\/comments?post=42301"}],"wp:featuredmedia":[{"embeddable":true,"href":"https:\/\/www.appoloviracel.com.uy\/index.php\/wp-json\/wp\/v2\/media\/42302"}],"wp:attachment":[{"href":"https:\/\/www.appoloviracel.com.uy\/index.php\/wp-json\/wp\/v2\/media?parent=42301"}],"curies":[{"name":"wp","href":"https:\/\/api.w.org\/{rel}","templated":true}]}}