{"id":42242,"date":"2024-11-29T20:29:01","date_gmt":"2024-11-29T23:29:01","guid":{"rendered":"https:\/\/www.appoloviracel.com.uy\/?post_type=product&#038;p=42242"},"modified":"2024-12-31T17:40:53","modified_gmt":"2024-12-31T20:40:53","slug":"smartwatch-xiaomi-smart-band-9","status":"publish","type":"product","link":"https:\/\/www.appoloviracel.com.uy\/index.php\/product\/smartwatch-xiaomi-smart-band-9\/","title":{"rendered":"Smartwatch Xiaomi \u00abSmart Band 9\u00bb"},"content":{"rendered":"<h2>Caracter\u00edsticas y especificaciones:<\/h2>\n<ul>\n<li>Brillo de pantalla mejorado: con un brillo m\u00e1ximo AMOLED de 1200 nits, vea los datos con facilidad incluso bajo la luz solar directa. Equipado con un m\u00f3dulo de sensor de luz, detecta con precisi\u00f3n la luz ambiental para ajustar autom\u00e1ticamente el brillo de la pantalla para una visualizaci\u00f3n m\u00e1s c\u00f3moda<\/li>\n<li>Dise\u00f1o elegante: por primera vez, la Xiaomi Smart Band utiliza marcos de aleaci\u00f3n de aluminio en diferentes colores como Midnight Black, Glacier Silver, Mystic Rose y Arctic Blue. Comb\u00ednalo con una gama de correas elegantes, lo que te permite mostrar tu individualidad con cada movimiento de tu mu\u00f1eca<\/li>\n<li>SENSORES DE ALTA PRECISI\u00d3N: El m\u00f3dulo de monitoreo se ha mejorado significativamente para un monitoreo m\u00e1s preciso de los entrenamientos y la salud general. Espec\u00edficamente, sensores de \u00faltima generaci\u00f3n para: monitorizaci\u00f3n de la frecuencia card\u00edaca, Monitorizaci\u00f3n continua de la saturaci\u00f3n de ox\u00edgeno en sangre, Monitoreo continuo del estr\u00e9s, Entrenamiento respiratorio, Gesti\u00f3n de la salud femenina<\/li>\n<li>M\u00c1S DE 150 MODOS DEPORTIVOS: Mant\u00e9ngase motivado con algoritmos avanzados que cubren m\u00e9tricas como consumo m\u00e1ximo de ox\u00edgeno, tiempo de recuperaci\u00f3n, resultados de entrenamiento, carga y m\u00e1s. Seguimiento preciso, no importa si est\u00e1s en bicicleta al aire libre o sudando en interiores<\/li>\n<li>Bater\u00eda de larga duraci\u00f3n y resistencia al agua: gracias a los sensores profesionales de bajo consumo de energ\u00eda y algoritmos inteligentes de consumo de energ\u00eda, Xiaomi Smart Band 9 tiene una extraordinaria duraci\u00f3n de bater\u00eda de 21 d\u00edas con uso regular. Adem\u00e1s, es resistente al agua y se puede llevar mientras nadas: soporta presi\u00f3n igual a una profundidad de 164.0 ft<\/li>\n<li>Colores disponibles: Gris y Negro<\/li>\n<li><strong>Garant\u00eda<\/strong>: 6 meses contra defecto de fabricaci\u00f3n<\/li>\n<\/ul>\n<h4><\/h4>\n<h4><span style=\"color: #ff0000;\"><strong>* La garant\u00eda no cubre falla que se pueda dar por un uso intensivo.<\/strong><\/span><\/h4>\n<h5><strong>\u00a0*Las im\u00e1genes son a modo ilustrativo.<\/strong><\/h5>\n","protected":false},"excerpt":{"rendered":"<h3><strong><span style=\"color: #339966;\">$ 2.590\u00a0\u00a0\u00a0<\/span>\u00a0\u00a0\u00a0\u00a0\u00a0\u00a0\u00a0\u00a0\u00a0\u00a0\u00a0\u00a0\u00a0\u00a0\u00a0\u00a0\u00a0\u00a0\u00a0\u00a0\u00a0\u00a0\u00a0\u00a0\u00a0\u00a0\u00a0\u00a0\u00a0\u00a0\u00a0\u00a0\u00a0\u00a0\u00a0\u00a0\u00a0\u00a0 <\/strong><\/h3>\n","protected":false},"featured_media":42243,"comment_status":"open","ping_status":"closed","template":"","meta":[],"_links":{"self":[{"href":"https:\/\/www.appoloviracel.com.uy\/index.php\/wp-json\/wp\/v2\/product\/42242"}],"collection":[{"href":"https:\/\/www.appoloviracel.com.uy\/index.php\/wp-json\/wp\/v2\/product"}],"about":[{"href":"https:\/\/www.appoloviracel.com.uy\/index.php\/wp-json\/wp\/v2\/types\/product"}],"replies":[{"embeddable":true,"href":"https:\/\/www.appoloviracel.com.uy\/index.php\/wp-json\/wp\/v2\/comments?post=42242"}],"wp:featuredmedia":[{"embeddable":true,"href":"https:\/\/www.appoloviracel.com.uy\/index.php\/wp-json\/wp\/v2\/media\/42243"}],"wp:attachment":[{"href":"https:\/\/www.appoloviracel.com.uy\/index.php\/wp-json\/wp\/v2\/media?parent=42242"}],"curies":[{"name":"wp","href":"https:\/\/api.w.org\/{rel}","templated":true}]}}