{"id":42226,"date":"2024-11-27T19:54:04","date_gmt":"2024-11-27T22:54:04","guid":{"rendered":"https:\/\/www.appoloviracel.com.uy\/?post_type=product&#038;p=42226"},"modified":"2024-12-23T16:55:43","modified_gmt":"2024-12-23T19:55:43","slug":"auricular-mibro-earbuds-3-bluetooth","status":"publish","type":"product","link":"https:\/\/www.appoloviracel.com.uy\/index.php\/product\/auricular-mibro-earbuds-3-bluetooth\/","title":{"rendered":"Auricular Mibro \u00abEarbuds 3\u00bb (Bluetooth)"},"content":{"rendered":"<h2><strong>Caracter\u00edsticas y especificaciones<\/strong><strong>:<\/strong><\/h2>\n<h6>Mibro Earbuds 3, auriculares inal\u00e1mbricos Bluetooth con cancelaci\u00f3n de ruido ENC y protecci\u00f3n IPX4 en colores blanco y rosa<\/h6>\n<p><strong>Auriculares inal\u00e1mbricos &#8211; Sonido est\u00e9reo &#8211; Cancelaci\u00f3n de ruido ENC &#8211; Controles t\u00e1ctiles &#8211; Hasta 25 horas de bater\u00eda &#8211; Carga r\u00e1pida &#8211; Certificaci\u00f3n IPX4 &#8211; Bluetooth 5.3 &#8211; Compatibles con Android e iOS &#8211; Estuche de carga<br \/>\n<\/strong><\/p>\n<p>Los\u00a0<strong>Mibro Earbuds 3<\/strong>\u00a0son la elecci\u00f3n perfecta para todos aquellos que buscan unos\u00a0<strong>auriculares inal\u00e1mbricos con una excelente calidad de sonido y una bater\u00eda de larga duraci\u00f3n<\/strong>. Destacan sin duda por su\u00a0<strong>cuidado y elegante dise\u00f1o<\/strong>\u00a0disponible en tres diferentes colores (<strong>negro obsidiana<\/strong>, rosa y blanco perla), pero tambi\u00e9n por su conexi\u00f3n estable y r\u00e1pida gracias a la tecnolog\u00eda <strong>Bluetooth 5.3<\/strong> que te\u00a0permitir\u00e1 disfrutar de tu m\u00fasica favorita y tus llamadas con total comodidad y sin cables.<\/p>\n<h6>Precioso y ergon\u00f3mico dise\u00f1o<\/h6>\n<p>Los <strong>Mibro Earbuds 3<\/strong> tienen un dise\u00f1o \u00fanico y original que hace que destaquen entre el resto de auriculares inal\u00e1mbricos que existen en el mercado. Y es que la carcasa de su estuche de carga simula un efecto de cristal transparente, lo que les confiere un <strong>aspecto realmente sofisticado y futurista<\/strong>. Adem\u00e1s, los auriculares tienen una forma geom\u00e9trica que se adapta a la perfecci\u00f3n a la oreja, lo que adem\u00e1s de hacerlos c\u00f3modos, los hace tambi\u00e9n seguros, ya que no se caen f\u00e1cilmente.<\/p>\n<h6>Estuche con pantalla LED con indicador de bater\u00eda<\/h6>\n<p>Otro de los aspectos destacados de los <strong>Mibro Earbuds 3<\/strong> es su estuche de carga con una pantalla LED integrada donde se muestra el nivel de bater\u00eda de cada auricular y del estuche. De esta forma es muy sencillo saber cuando es necesario recargarlos. El estuche tiene una <strong>capacidad de 380 mAh<\/strong> que permite cargar los auriculares hasta cinco veces. Cada carga ofrece una <strong>autonom\u00eda de hasta 5 horas de reproducci\u00f3n<\/strong>, lo que significan 25 horas de reproducci\u00f3n con una sola carga del estuche.<\/p>\n<h6>Conexi\u00f3n Bluetooth 5.3, cancelaci\u00f3n de ruido ENC y control t\u00e1ctil<\/h6>\n<p>Los <strong>Mibro Earbuds 3<\/strong> equipan la \u00faltima versi\u00f3n de <strong>Bluetooth, la 5.3<\/strong>, lo que garantiza una <strong>conexi\u00f3n r\u00e1pida, estable y sin ning\u00fan tipo de interferencias<\/strong>. Usarlos es tan f\u00e1cil como sacarlos del estuche y autom\u00e1ticamente se conectar\u00e1n al dispositivo. Por otra parte, la <strong>tecnolog\u00eda de cancelaci\u00f3n de ruido ENC de los Earbuds 3<\/strong> filtrar\u00e1 el ruido ambiental y aislar\u00e1 el ruido del exterior lo que permite <strong>escuchar la m\u00fasica o las llamadas con total claridad<\/strong>. Adem\u00e1s, su <strong>control t\u00e1ctil inteligente<\/strong> es muy intuitivo y permite pausar o reproducir la m\u00fasica, cambiar de canci\u00f3n, ajustar el volumen, responder o rechazar llamadas o activar el asistente de voz con solo un dedo de forma asombrosamente sencilla.<\/p>\n<h6>Resistencia al agua IPX4 y compatibilidad con Android e iOS<\/h6>\n<p>Uno de los puntos fuertes de los <strong>auriculares Mibro Earbuds 3<\/strong> es que tienen el grado de <strong>protecci\u00f3n contra el agua IPX4<\/strong> por lo que son resistentes a salpicaduras y al sudor. Esto los convierte en perfectos para hacer deporte o usarlos en una gran variedad de situaciones sin miedo a estropearlos<\/p>\n<ul>\n<li>Marca: Mibro<\/li>\n<li>Color: Blanco y Rosa<\/li>\n<li>Tipo de conector: Bluetooth<\/li>\n<li>Nombre del modelo: Earbuds 3<\/li>\n<li>Colocaci\u00f3n en las orejas: In-Ear<\/li>\n<li>Factor de forma de los auriculares: Intraurales<\/li>\n<li>Conector para auriculares: No necesita es inal\u00e1mbrico<\/li>\n<li>Funci\u00f3n de cable: Sin enredos, no tiene cable<\/li>\n<li>Tecnolog\u00eda de comunicaci\u00f3n inal\u00e1mbrica: Bluetooth 5.1<\/li>\n<li>Peso del producto: 3.5 grs. cada auricular y 28grs. el estuche de carga<\/li>\n<li>Funci\u00f3n especial: Cancelaci\u00f3n de ruido ENC, TWS, Pantalla LED<\/li>\n<li>Tipo de control: Control t\u00e1ctil<\/li>\n<\/ul>\n<p><strong>\u00a0<\/strong><\/p>\n<h5><strong>*Las im\u00e1genes son a modo ilustrativo.<\/strong><\/h5>\n","protected":false},"excerpt":{"rendered":"<h3><span style=\"color: #339966;\"><strong>$ 1.590<\/strong><\/span><\/h3>\n","protected":false},"featured_media":42227,"comment_status":"open","ping_status":"closed","template":"","meta":[],"_links":{"self":[{"href":"https:\/\/www.appoloviracel.com.uy\/index.php\/wp-json\/wp\/v2\/product\/42226"}],"collection":[{"href":"https:\/\/www.appoloviracel.com.uy\/index.php\/wp-json\/wp\/v2\/product"}],"about":[{"href":"https:\/\/www.appoloviracel.com.uy\/index.php\/wp-json\/wp\/v2\/types\/product"}],"replies":[{"embeddable":true,"href":"https:\/\/www.appoloviracel.com.uy\/index.php\/wp-json\/wp\/v2\/comments?post=42226"}],"wp:featuredmedia":[{"embeddable":true,"href":"https:\/\/www.appoloviracel.com.uy\/index.php\/wp-json\/wp\/v2\/media\/42227"}],"wp:attachment":[{"href":"https:\/\/www.appoloviracel.com.uy\/index.php\/wp-json\/wp\/v2\/media?parent=42226"}],"curies":[{"name":"wp","href":"https:\/\/api.w.org\/{rel}","templated":true}]}}