{"id":42208,"date":"2024-11-24T20:26:58","date_gmt":"2024-11-24T23:26:58","guid":{"rendered":"https:\/\/www.appoloviracel.com.uy\/?post_type=product&#038;p=42208"},"modified":"2025-06-16T18:40:51","modified_gmt":"2025-06-16T21:40:51","slug":"auricular-xiaomi-redmi-buds-6-active-bluetooth","status":"publish","type":"product","link":"https:\/\/www.appoloviracel.com.uy\/index.php\/product\/auricular-xiaomi-redmi-buds-6-active-bluetooth\/","title":{"rendered":"Auricular Xiaomi \u00abRedmi Buds 6 Active\u00bb (Bluetooth)"},"content":{"rendered":"<h2>Caracter\u00edsticas y especificaciones:<\/h2>\n<ul>\n<li>Los auriculares Bluetooth Xiaomi Redmi Buds 6 Active TWS ofrecen un dise\u00f1o ligero y c\u00f3modo, perfecto para el uso diario. Con conectividad Bluetooth, permiten un emparejamiento r\u00e1pido y estable. Su calidad de sonido es clara y equilibrada, ideal para m\u00fasica y llamadas. Compactos y port\u00e1tiles, son perfectos para llevar a cualquier lugar.<\/li>\n<li>Al ser in-ear, mejoran la calidad del audio y son de tama\u00f1o peque\u00f1o para poder insertarse en tu oreja. Son ideales para acompa\u00f1arte a la hora de hacer ejercicio mientras te sumerges en el mejor sonido envolvente.<\/li>\n<\/ul>\n<ul>\n<li>Conectividad: Bluetooth 5.4.<\/li>\n<li>Alcance Bluetooth: 10 m aprox.<\/li>\n<li>Cancelaci\u00f3n de ruido para llamadas.<\/li>\n<li>Micr\u00f3fono resistente al ruido generado por un viento de 4 m\/s.<\/li>\n<li>Controlador Din\u00e1mico: 14,2 mm.<\/li>\n<li>Puerto de Carga: USB C.<\/li>\n<li>Peso Total: 42 g APROX.<\/li>\n<li>Tiempo de Uso: 30 h APROX (con estuche de carga).<\/li>\n<li>Tiempo de Carga: 2,5 h APROX (auriculares + estuche).<\/li>\n<li>Tiempo de Carga R\u00e1pido: 10 min de carga para 1 hora de uso.<\/li>\n<\/ul>\n<p>&nbsp;<\/p>\n<h5><strong>*Las im\u00e1genes son a modo ilustrativo.<\/strong><\/h5>\n","protected":false},"excerpt":{"rendered":"<h3><span style=\"color: #339966;\"><strong>$ 1.190<\/strong><\/span><\/h3>\n","protected":false},"featured_media":42209,"comment_status":"open","ping_status":"closed","template":"","meta":[],"_links":{"self":[{"href":"https:\/\/www.appoloviracel.com.uy\/index.php\/wp-json\/wp\/v2\/product\/42208"}],"collection":[{"href":"https:\/\/www.appoloviracel.com.uy\/index.php\/wp-json\/wp\/v2\/product"}],"about":[{"href":"https:\/\/www.appoloviracel.com.uy\/index.php\/wp-json\/wp\/v2\/types\/product"}],"replies":[{"embeddable":true,"href":"https:\/\/www.appoloviracel.com.uy\/index.php\/wp-json\/wp\/v2\/comments?post=42208"}],"wp:featuredmedia":[{"embeddable":true,"href":"https:\/\/www.appoloviracel.com.uy\/index.php\/wp-json\/wp\/v2\/media\/42209"}],"wp:attachment":[{"href":"https:\/\/www.appoloviracel.com.uy\/index.php\/wp-json\/wp\/v2\/media?parent=42208"}],"curies":[{"name":"wp","href":"https:\/\/api.w.org\/{rel}","templated":true}]}}