{"id":42073,"date":"2024-10-15T19:16:52","date_gmt":"2024-10-15T22:16:52","guid":{"rendered":"https:\/\/www.appoloviracel.com.uy\/?post_type=product&#038;p=42073"},"modified":"2024-11-23T18:54:51","modified_gmt":"2024-11-23T21:54:51","slug":"power-bank-usams-us-cd220-ultra-thin-aluminum-magnetic-wireless-5-000mah","status":"publish","type":"product","link":"https:\/\/www.appoloviracel.com.uy\/index.php\/product\/power-bank-usams-us-cd220-ultra-thin-aluminum-magnetic-wireless-5-000mah\/","title":{"rendered":"Power Bank USAMS \u00abUS-CD220\u00bb Ultra-thin Aluminum Magnetic Wireless 5.000mAh"},"content":{"rendered":"<h2>Caracter\u00edsticas y especificaciones:<\/h2>\n<ul>\n<li>Cargador de tel\u00e9fono inal\u00e1mbrico magn\u00e9tico USAMS US-CD220 PB73 de 5000 mAh PD de 20 W con carga r\u00e1pida.<\/li>\n<li>Ultrafino de 9,4 mm: sensaci\u00f3n m\u00e1s fina y c\u00f3moda.<\/li>\n<li>Carga r\u00e1pida inal\u00e1mbrica de 15 W: carga inal\u00e1mbrica magn\u00e9tica, carga una vez conectada, conveniente para cargar<\/li>\n<li>Carga r\u00e1pida PD 20W: admite PD 20W (m\u00e1x.) de alta potencia, adecuado para iPhone 8-15, carga completa m\u00e1s r\u00e1pida<\/li>\n<li>Carga inal\u00e1mbrica magn\u00e9tica por cable: carga r\u00e1pida por cable PD de 20 W, carga r\u00e1pida inal\u00e1mbrica de 15 W<\/li>\n<li>Agarre c\u00f3modo y ligero.<\/li>\n<li>Carcasa de aleaci\u00f3n de aluminio Carga r\u00e1pida y segura: hecha de aleaci\u00f3n de aluminio con alta conductividad t\u00e9rmica, r\u00e1pida disipaci\u00f3n del calor.<\/li>\n<\/ul>\n<p>&nbsp;<\/p>\n<ul>\n<li>Tipo: \u00a0powerbank inductivo<\/li>\n<li>Material: Aluminio\/ABS<\/li>\n<li>Capacidad: \u00a05.000 mAh<\/li>\n<li>Capacidad: nominal 2.800 mAh<\/li>\n<li>Dimensiones: \u00a0102,5 * 66 * 9 mm<\/li>\n<li>Peso: aproximadamente 120 grs.<\/li>\n<li>Potencia de carga inal\u00e1mbrica: 15W (m\u00e1x.)<\/li>\n<li>Entrada: USB-C 5V-3A, 9V-2A, 12V-1.5A<\/li>\n<li>Salida: USB-C 5V-3A, 9V-2.22A, 12V-1.67A<\/li>\n<li>Potencia de salida: \u00a05V-2A m\u00e1ximo<\/li>\n<li>Tiempo de carga del powerbank: \u00a0aproximadamente 2 horas<\/li>\n<li>Fuente de alimentaci\u00f3n: \u00a0USB-C<\/li>\n<li>Compatibilidad: \u00a0Celulares \/ Tablets \/ Laptops<\/li>\n<\/ul>\n<p><strong>\u00a0<\/strong><\/p>\n<h5><strong>*Las im\u00e1genes son a modo ilustrativo.<\/strong><\/h5>\n","protected":false},"excerpt":{"rendered":"<h3><span style=\"color: #339966;\"><strong>$ 1.590<\/strong><\/span><\/h3>\n","protected":false},"featured_media":42074,"comment_status":"open","ping_status":"closed","template":"","meta":[],"_links":{"self":[{"href":"https:\/\/www.appoloviracel.com.uy\/index.php\/wp-json\/wp\/v2\/product\/42073"}],"collection":[{"href":"https:\/\/www.appoloviracel.com.uy\/index.php\/wp-json\/wp\/v2\/product"}],"about":[{"href":"https:\/\/www.appoloviracel.com.uy\/index.php\/wp-json\/wp\/v2\/types\/product"}],"replies":[{"embeddable":true,"href":"https:\/\/www.appoloviracel.com.uy\/index.php\/wp-json\/wp\/v2\/comments?post=42073"}],"wp:featuredmedia":[{"embeddable":true,"href":"https:\/\/www.appoloviracel.com.uy\/index.php\/wp-json\/wp\/v2\/media\/42074"}],"wp:attachment":[{"href":"https:\/\/www.appoloviracel.com.uy\/index.php\/wp-json\/wp\/v2\/media?parent=42073"}],"curies":[{"name":"wp","href":"https:\/\/api.w.org\/{rel}","templated":true}]}}