{"id":42029,"date":"2024-10-09T16:31:03","date_gmt":"2024-10-09T19:31:03","guid":{"rendered":"https:\/\/www.appoloviracel.com.uy\/?post_type=product&#038;p=42029"},"modified":"2025-07-03T11:19:29","modified_gmt":"2025-07-03T14:19:29","slug":"celular-iphone-16-pro-256gb-8gb","status":"publish","type":"product","link":"https:\/\/www.appoloviracel.com.uy\/index.php\/product\/celular-iphone-16-pro-256gb-8gb\/","title":{"rendered":"Celular iPhone \u00ab16Pro\u00bb (256Gb-8Gb)"},"content":{"rendered":"<h2>Caracter\u00edsticas y especificaciones:<\/h2>\n<h4><span style=\"color: #ff0000;\"><strong>Equipo Nuevo<\/strong><\/span><\/h4>\n<p>El <strong>Apple iPhone 16 Pro<\/strong> tiene una pantalla OLED LTPO de 6.3 pulgadas con tasa de refresco de 120Hz y est\u00e1 potenciado por el procesador Apple A18 Pro con hasta 1TB de almacenamiento interno no expandible. Su c\u00e1mara trasera es cu\u00e1druple, con un sensor principal de 48MP con OIS, un lente ultrawide de 48MP, un lente telefoto perisc\u00f3pico de 12MP con zoom 5x y un sensor ToF. El iPhone 16 Pro tiene una bater\u00eda de 3582 mAh que soporta carga r\u00e1pida por cable e inal\u00e1mbrica, parlantes stereo, resistencia al polvo y agua y corre iOS 18.<\/p>\n<ul>\n<li>Pantalla: 6.3&#8243;, 1206 * 2622 pixeles<\/li>\n<li>Procesador: Apple A18 Pro<\/li>\n<li>Memoria RAM: 8GB<\/li>\n<li>Almacenamiento: 256GB<\/li>\n<li>Expansi\u00f3n: sin microSD<\/li>\n<li>C\u00e1mara: Cu\u00e1druple, 48MP+48MP +12MP+ToF<\/li>\n<li>Bater\u00eda: 3582 mAh<\/li>\n<li>OS: iOS 18<\/li>\n<li>Perfil: 8.3 mm<\/li>\n<li>Peso: 199 grs.<\/li>\n<li>Se incluyen los siguientes accesorios: <strong>Cable original y Manual<\/strong><\/li>\n<li><strong>Garant\u00eda:<\/strong> 12 meses contra defecto de fabricaci\u00f3n<\/li>\n<\/ul>\n<h4><\/h4>\n<h4><span style=\"color: #ff0000;\"><strong>Contado efectivo: 10% de Descuento<\/strong><\/span><\/h4>\n<h5><strong>*Las im\u00e1genes son a modo ilustrativo.<\/strong><\/h5>\n","protected":false},"excerpt":{"rendered":"<h3><span style=\"color: #339966;\"><strong>U$S 1.690<\/strong><\/span><\/h3>\n","protected":false},"featured_media":42030,"comment_status":"open","ping_status":"closed","template":"","meta":[],"_links":{"self":[{"href":"https:\/\/www.appoloviracel.com.uy\/index.php\/wp-json\/wp\/v2\/product\/42029"}],"collection":[{"href":"https:\/\/www.appoloviracel.com.uy\/index.php\/wp-json\/wp\/v2\/product"}],"about":[{"href":"https:\/\/www.appoloviracel.com.uy\/index.php\/wp-json\/wp\/v2\/types\/product"}],"replies":[{"embeddable":true,"href":"https:\/\/www.appoloviracel.com.uy\/index.php\/wp-json\/wp\/v2\/comments?post=42029"}],"wp:featuredmedia":[{"embeddable":true,"href":"https:\/\/www.appoloviracel.com.uy\/index.php\/wp-json\/wp\/v2\/media\/42030"}],"wp:attachment":[{"href":"https:\/\/www.appoloviracel.com.uy\/index.php\/wp-json\/wp\/v2\/media?parent=42029"}],"curies":[{"name":"wp","href":"https:\/\/api.w.org\/{rel}","templated":true}]}}