{"id":41954,"date":"2024-09-29T20:52:23","date_gmt":"2024-09-29T23:52:23","guid":{"rendered":"https:\/\/www.appoloviracel.com.uy\/?post_type=product&#038;p=41954"},"modified":"2025-08-06T11:35:41","modified_gmt":"2025-08-06T14:35:41","slug":"auricular-jbl-endurance-run2-bluetooth","status":"publish","type":"product","link":"https:\/\/www.appoloviracel.com.uy\/index.php\/product\/auricular-jbl-endurance-run2-bluetooth\/","title":{"rendered":"Auricular JBL \u00abEndurance Run2\u00bb (Bluetooth)"},"content":{"rendered":"<h2>Caracter\u00edsticas y especificaciones:<\/h2>\n<ul>\n<li>C\u00f3modo y ligero: el dise\u00f1o FlipHook se ajusta tanto dentro como detr\u00e1s de la oreja y las tecnolog\u00edas FlexSoft y TwistLock ofrecen un ajuste ergon\u00f3mico para que los auriculares nunca se caigan<\/li>\n<li>Resistente al sudor: estos auriculares pueden soportar actividad f\u00edsica m\u00e1s intensa y condiciones clim\u00e1ticas extremas, mientras que los botones magn\u00e9ticos te ayudan a evitar cables enredados<\/li>\n<li>Manos libres: con el Endurance RUN tendr\u00e1s acceso a Google Now y Siri con una sola pulsaci\u00f3n prolongada de un bot\u00f3n, as\u00ed disfrutar\u00e1s de las llamadas en manos libres mientras est\u00e1s entrenando<\/li>\n<li>Contenido: 1 JBL Endurance Run 2 Auriculares deportivos inal\u00e1mbricos in-ear, 3 almohadillas para los o\u00eddos, 1 cable de carga USB-C, gu\u00eda de inicio r\u00e1pido.<\/li>\n<\/ul>\n<ul>\n<li>Driver (mm): 8<\/li>\n<li>Number of Microphones: 1<\/li>\n<li>Versi\u00f3n Bluetooth: 5.0<\/li>\n<li>Perfiles Bluetooth: A2DP V1.2, AVRCP V1.5, HFP V1.5<\/li>\n<li>Rango de frecuencia de transmisi\u00f3n Bluetooth: 2.402GHz-2.48GHz<\/li>\n<li>Transmisi\u00f3n de modulaci\u00f3n GFSK v\u00eda Bluetooth: GFSK, &amp;#960;\/4DQPSK, 8DPSK<\/li>\n<li>Bater\u00eda: Tiempo de carga (horas): 2; Tiempo de juego m\u00e1ximo (horas): 10<\/li>\n<li>Remote control in cable: S\u00ed<\/li>\n<li>Llamadas con manos libres: S\u00ed<\/li>\n<li>Twistlock: S\u00ed<\/li>\n<li>A prueba de agua: S\u00ed<\/li>\n<li>Certificaci\u00f3n IPX: IPX5<\/li>\n<li>Charging cable: S\u00ed<\/li>\n<li>Integraci\u00f3n con asistente de voz: S\u00ed<\/li>\n<li>Micr\u00f3fono integrado: S\u00ed<\/li>\n<li>Sonido JBL Pure Bass: S\u00ed<\/li>\n<li>Inal\u00e1mbrico: S\u00ed<\/li>\n<li>Bater\u00eda recargable: S\u00ed<\/li>\n<li>Bluetooth: S\u00ed<\/li>\n<li>Disponible en color negro y blanco<\/li>\n<\/ul>\n<h5><\/h5>\n<h5><strong>*Las im\u00e1genes son a modo ilustrativo.<\/strong><\/h5>\n","protected":false},"excerpt":{"rendered":"<h3><span style=\"color: #339966;\"><strong>$ 2.190<\/strong><\/span><\/h3>\n","protected":false},"featured_media":41955,"comment_status":"open","ping_status":"closed","template":"","meta":[],"_links":{"self":[{"href":"https:\/\/www.appoloviracel.com.uy\/index.php\/wp-json\/wp\/v2\/product\/41954"}],"collection":[{"href":"https:\/\/www.appoloviracel.com.uy\/index.php\/wp-json\/wp\/v2\/product"}],"about":[{"href":"https:\/\/www.appoloviracel.com.uy\/index.php\/wp-json\/wp\/v2\/types\/product"}],"replies":[{"embeddable":true,"href":"https:\/\/www.appoloviracel.com.uy\/index.php\/wp-json\/wp\/v2\/comments?post=41954"}],"wp:featuredmedia":[{"embeddable":true,"href":"https:\/\/www.appoloviracel.com.uy\/index.php\/wp-json\/wp\/v2\/media\/41955"}],"wp:attachment":[{"href":"https:\/\/www.appoloviracel.com.uy\/index.php\/wp-json\/wp\/v2\/media?parent=41954"}],"curies":[{"name":"wp","href":"https:\/\/api.w.org\/{rel}","templated":true}]}}