{"id":41900,"date":"2024-09-22T20:45:07","date_gmt":"2024-09-22T23:45:07","guid":{"rendered":"https:\/\/www.appoloviracel.com.uy\/?post_type=product&#038;p=41900"},"modified":"2024-10-07T16:42:22","modified_gmt":"2024-10-07T19:42:22","slug":"power-bank-usams-us-cd194-dual-port-digital-display","status":"publish","type":"product","link":"https:\/\/www.appoloviracel.com.uy\/index.php\/product\/power-bank-usams-us-cd194-dual-port-digital-display\/","title":{"rendered":"Power Bank USAMS \u00abUS-CD194\u00bb Dual Port, Digital Display"},"content":{"rendered":"<h2>Caracter\u00edsticas y especificaciones:<\/h2>\n<ul>\n<li>Material: ABS<\/li>\n<li>Capacidad: 10.000 mAh<\/li>\n<li>Capacidad nominal: 6.000 mAh<\/li>\n<li>Entrada tipo C: 5V\/2A<\/li>\n<li>Salida tipo C: 5V\/2A<\/li>\n<li>Salida USB: 5V\/2A<\/li>\n<li>Salida de l\u00ednea tipo C: 5V\/2A<\/li>\n<li>Salida de l\u00ednea de 8 pines: 5V\/2.4A<\/li>\n<li>Salida de l\u00ednea Micro USB: 5V\/2A<\/li>\n<li>Salida multipuerto: 5V\/2A<\/li>\n<li>Tiempo de almacenamiento de la bater\u00eda: aproximadamente 6 h<\/li>\n<li>Puerto dual + l\u00ednea aut\u00f3noma, se pueden cargar cinco m\u00e1quinas al mismo tiempo<\/li>\n<li>La energ\u00eda restante se muestra en la pantalla, delgada y f\u00e1cil de transportar.<\/li>\n<\/ul>\n<h5><strong>\u00a0<\/strong><\/h5>\n<h5><strong>*Las im\u00e1genes son a modo ilustrativo.<\/strong><\/h5>\n","protected":false},"excerpt":{"rendered":"<h3><span style=\"color: #339966;\"><strong>$ 1.190<\/strong><\/span><\/h3>\n","protected":false},"featured_media":41901,"comment_status":"open","ping_status":"closed","template":"","meta":[],"_links":{"self":[{"href":"https:\/\/www.appoloviracel.com.uy\/index.php\/wp-json\/wp\/v2\/product\/41900"}],"collection":[{"href":"https:\/\/www.appoloviracel.com.uy\/index.php\/wp-json\/wp\/v2\/product"}],"about":[{"href":"https:\/\/www.appoloviracel.com.uy\/index.php\/wp-json\/wp\/v2\/types\/product"}],"replies":[{"embeddable":true,"href":"https:\/\/www.appoloviracel.com.uy\/index.php\/wp-json\/wp\/v2\/comments?post=41900"}],"wp:featuredmedia":[{"embeddable":true,"href":"https:\/\/www.appoloviracel.com.uy\/index.php\/wp-json\/wp\/v2\/media\/41901"}],"wp:attachment":[{"href":"https:\/\/www.appoloviracel.com.uy\/index.php\/wp-json\/wp\/v2\/media?parent=41900"}],"curies":[{"name":"wp","href":"https:\/\/api.w.org\/{rel}","templated":true}]}}