{"id":41834,"date":"2024-09-12T21:17:39","date_gmt":"2024-09-13T00:17:39","guid":{"rendered":"https:\/\/www.appoloviracel.com.uy\/?post_type=product&#038;p=41834"},"modified":"2024-09-27T19:44:15","modified_gmt":"2024-09-27T22:44:15","slug":"power-bank-roca-pb10-m2-tipo-c-con-soporte","status":"publish","type":"product","link":"https:\/\/www.appoloviracel.com.uy\/index.php\/product\/power-bank-roca-pb10-m2-tipo-c-con-soporte\/","title":{"rendered":"Power Bank ROCA \u00abPB10\/M2\u00bb Tipo C, con soporte"},"content":{"rendered":"<h2>Caracter\u00edsticas y especificaciones:<\/h2>\n<ul>\n<li>Carga Magn\u00e9tica de 15W: El dise\u00f1o magn\u00e9tico permite cargar dispositivos magn\u00e9ticos compatibles con una potencia de hasta 15W, brindando una soluci\u00f3n de carga conveniente y sin la necesidad de cables.<\/li>\n<li>Capacidad de 10.000mAh: Una capacidad ideal para recargas r\u00e1pidas y emergencias, estos power banks compactos proporcionan la energ\u00eda necesaria en cualquier momento.<\/li>\n<li>Entrada\/Salida Tipo C: Equipado con un puerto Tipo C, ofrecen una carga r\u00e1pida y eficiente para dispositivos compatibles con USB-C. Adem\u00e1s, la entrada Tipo C facilita la recarga del propio power bank.<\/li>\n<li>Dise\u00f1o Negro Elegante: Su dise\u00f1o negro elegante y compacto lo hace f\u00e1cil de llevar a todas partes, proporcionando una soluci\u00f3n de carga confiable con un toque de innovaci\u00f3n. Ademas viene con un soporte incluido.<\/li>\n<\/ul>\n<p>&nbsp;<\/p>\n<ul>\n<li>Carga hasta dos dispositivos a la vez<\/li>\n<li>Capacidad: 10000mAh<\/li>\n<li>Hasta cuatro cargas completas<\/li>\n<li>Entrada: tipo c<\/li>\n<\/ul>\n<p><strong>\u00a0<\/strong><\/p>\n<h5><strong>*Las im\u00e1genes son a modo ilustrativo.<\/strong><\/h5>\n","protected":false},"excerpt":{"rendered":"<h3><span style=\"color: #339966;\"><strong>$ 1.390<\/strong><\/span><\/h3>\n","protected":false},"featured_media":41835,"comment_status":"open","ping_status":"closed","template":"","meta":[],"_links":{"self":[{"href":"https:\/\/www.appoloviracel.com.uy\/index.php\/wp-json\/wp\/v2\/product\/41834"}],"collection":[{"href":"https:\/\/www.appoloviracel.com.uy\/index.php\/wp-json\/wp\/v2\/product"}],"about":[{"href":"https:\/\/www.appoloviracel.com.uy\/index.php\/wp-json\/wp\/v2\/types\/product"}],"replies":[{"embeddable":true,"href":"https:\/\/www.appoloviracel.com.uy\/index.php\/wp-json\/wp\/v2\/comments?post=41834"}],"wp:featuredmedia":[{"embeddable":true,"href":"https:\/\/www.appoloviracel.com.uy\/index.php\/wp-json\/wp\/v2\/media\/41835"}],"wp:attachment":[{"href":"https:\/\/www.appoloviracel.com.uy\/index.php\/wp-json\/wp\/v2\/media?parent=41834"}],"curies":[{"name":"wp","href":"https:\/\/api.w.org\/{rel}","templated":true}]}}