{"id":41681,"date":"2024-08-12T18:48:37","date_gmt":"2024-08-12T21:48:37","guid":{"rendered":"https:\/\/www.appoloviracel.com.uy\/?post_type=product&#038;p=41681"},"modified":"2024-09-11T18:56:13","modified_gmt":"2024-09-11T21:56:13","slug":"teclado-fantech-k515-shikari-gaming","status":"publish","type":"product","link":"https:\/\/www.appoloviracel.com.uy\/index.php\/product\/teclado-fantech-k515-shikari-gaming\/","title":{"rendered":"Teclado Fantech \u00abK515\u00bb Shikari Gaming"},"content":{"rendered":"<h2>Caracter\u00edsticas y especificaciones:<strong>\u00a0<\/strong><\/h2>\n<ul>\n<li>Anti-Ghosting avanzado con Shikari K515, los jugadores pueden usar f\u00e1cilmente todos sus dedos sin conflictos de teclas, para acceder f\u00e1cilmente a todos sus comandos favoritos del juego y enfrentarse f\u00e1cilmente a la competencia.<\/li>\n<li>Cubierta transparente y teclas para un mejor efecto de iluminaci\u00f3n<\/li>\n<li>Nombre del producto: SHIKARI K515<\/li>\n<li>N\u00famero de llaves: 104 llaves<\/li>\n<li>Tipo de interruptor: Membrana<\/li>\n<li>Anti-Ghosting: 6 teclas<\/li>\n<li>Conexi\u00f3n: cableada<\/li>\n<li>Tama\u00f1o: 440 * 130 * 30 mm<\/li>\n<li>Peso: 429,3 grs.<\/li>\n<li>Iluminaci\u00f3n: Led a RGB<\/li>\n<li>Teclas Transparentes<\/li>\n<li>Total de teclas: 104 teclas<\/li>\n<li>Longitud del cable: 1,8 m<\/li>\n<\/ul>\n<p>&nbsp;<\/p>\n<h5><strong>*Las im\u00e1genes son a modo ilustrativo.<\/strong><\/h5>\n","protected":false},"excerpt":{"rendered":"<h3><span style=\"color: #339966;\"><strong>$ 650<\/strong><\/span><\/h3>\n","protected":false},"featured_media":41682,"comment_status":"open","ping_status":"closed","template":"","meta":[],"_links":{"self":[{"href":"https:\/\/www.appoloviracel.com.uy\/index.php\/wp-json\/wp\/v2\/product\/41681"}],"collection":[{"href":"https:\/\/www.appoloviracel.com.uy\/index.php\/wp-json\/wp\/v2\/product"}],"about":[{"href":"https:\/\/www.appoloviracel.com.uy\/index.php\/wp-json\/wp\/v2\/types\/product"}],"replies":[{"embeddable":true,"href":"https:\/\/www.appoloviracel.com.uy\/index.php\/wp-json\/wp\/v2\/comments?post=41681"}],"wp:featuredmedia":[{"embeddable":true,"href":"https:\/\/www.appoloviracel.com.uy\/index.php\/wp-json\/wp\/v2\/media\/41682"}],"wp:attachment":[{"href":"https:\/\/www.appoloviracel.com.uy\/index.php\/wp-json\/wp\/v2\/media?parent=41681"}],"curies":[{"name":"wp","href":"https:\/\/api.w.org\/{rel}","templated":true}]}}