{"id":41611,"date":"2024-08-06T18:57:26","date_gmt":"2024-08-06T21:57:26","guid":{"rendered":"https:\/\/www.appoloviracel.com.uy\/?post_type=product&#038;p=41611"},"modified":"2024-08-18T18:16:17","modified_gmt":"2024-08-18T21:16:17","slug":"smartwatch-vidvie-sw1609","status":"publish","type":"product","link":"https:\/\/www.appoloviracel.com.uy\/index.php\/product\/smartwatch-vidvie-sw1609\/","title":{"rendered":"Smartwatch Vidvie \u00abSW1609\u00bb"},"content":{"rendered":"<h2>Caracter\u00edsticas y especificaciones:<\/h2>\n<ul>\n<li>Nombre de emparejamiento de Bluetooth : VIDVIE-SW1609<\/li>\n<li>Llamar Bluetooth: Llamar SW1609<\/li>\n<li>Llamadas inal\u00e1mbricas<\/li>\n<li>APLICACI\u00d3N: RDFit<\/li>\n<li>CPU de chip de control principal : RTL8762DT<\/li>\n<li>Sistema compatible: Android 5.0\/IOS9.0+<\/li>\n<li>Peso del producto: aprox. 44,55 grs.<\/li>\n<li>Material de la carcasa: aleaci\u00f3n de zinc<\/li>\n<li>Material de la pulsera: correa de silicona\/banda de acero\/cintur\u00f3n<\/li>\n<li>Memoria : RAM: 192 KB; ROM : 128 M (flash externo)<\/li>\n<li>Tama\u00f1o de pantalla: 1,39 pulgadas<\/li>\n<li>Resoluci\u00f3n: IPS 360*360<\/li>\n<li>Tipo t\u00e1ctil (Tipo ): pantalla completamente t\u00e1ctil<\/li>\n<li>Versi\u00f3n inal\u00e1mbrica: 5.1<\/li>\n<li>Tipo de bater\u00eda: bater\u00eda de pol\u00edmero de litio<\/li>\n<li>Capacidad: 3,7 V\/270 mAh<\/li>\n<li>Grado impermeable: IP67 \u00a0a prueba de agua<\/li>\n<li>Tiempo de carga : 160 min.<\/li>\n<li>Duraci\u00f3n de la bater\u00eda: 5-7 d\u00edas<\/li>\n<li>Soporte multi-idioma<\/li>\n<li>Garant\u00eda: 12 meses contra defecto de fabricaci\u00f3n<\/li>\n<\/ul>\n<h4><\/h4>\n<h4><span style=\"color: #ff0000;\"><strong>* La garant\u00eda no cubre falla que se pueda dar por un uso intensivo.<\/strong><\/span><\/h4>\n<h5><strong>*Las im\u00e1genes son a modo ilustrativo.<\/strong><\/h5>\n","protected":false},"excerpt":{"rendered":"<h3><strong><span style=\"font-family: 'Cambria','serif'; color: #339966;\">$ 2.850<\/span><\/strong><\/h3>\n","protected":false},"featured_media":41612,"comment_status":"open","ping_status":"closed","template":"","meta":[],"_links":{"self":[{"href":"https:\/\/www.appoloviracel.com.uy\/index.php\/wp-json\/wp\/v2\/product\/41611"}],"collection":[{"href":"https:\/\/www.appoloviracel.com.uy\/index.php\/wp-json\/wp\/v2\/product"}],"about":[{"href":"https:\/\/www.appoloviracel.com.uy\/index.php\/wp-json\/wp\/v2\/types\/product"}],"replies":[{"embeddable":true,"href":"https:\/\/www.appoloviracel.com.uy\/index.php\/wp-json\/wp\/v2\/comments?post=41611"}],"wp:featuredmedia":[{"embeddable":true,"href":"https:\/\/www.appoloviracel.com.uy\/index.php\/wp-json\/wp\/v2\/media\/41612"}],"wp:attachment":[{"href":"https:\/\/www.appoloviracel.com.uy\/index.php\/wp-json\/wp\/v2\/media?parent=41611"}],"curies":[{"name":"wp","href":"https:\/\/api.w.org\/{rel}","templated":true}]}}