{"id":41599,"date":"2024-08-05T19:18:58","date_gmt":"2024-08-05T22:18:58","guid":{"rendered":"https:\/\/www.appoloviracel.com.uy\/?post_type=product&#038;p=41599"},"modified":"2024-08-16T19:46:47","modified_gmt":"2024-08-16T22:46:47","slug":"smartwatch-vidvie-sw1610","status":"publish","type":"product","link":"https:\/\/www.appoloviracel.com.uy\/index.php\/product\/smartwatch-vidvie-sw1610\/","title":{"rendered":"Smartwatch Vidvie \u00abSW1610\u00bb"},"content":{"rendered":"<h2>Caracter\u00edsticas y especificaciones:<\/h2>\n<p>Estilo personalizado y conectividad avanzada. Con el VIDVIE SW1610, la personalizaci\u00f3n es la clave. Equipado con dos correas intercambiables para adaptarse a cualquier ocasi\u00f3n, ya sea formal o deportiva, y dos carcasas de dial para crear diferentes estilos seg\u00fan tu estado de \u00e1nimo. Adem\u00e1s, su capacidad para contestar y realizar llamadas directamente desde el reloj, junto con su funci\u00f3n NFC multifunci\u00f3n y sistema IP67, te mantienen conectado y en control en todo momento. Adem\u00e1s, con notificaciones inteligentes y un avanzado monitoreo de salud y deportes, este smartwatch te ayuda a llevar tu rendimiento al siguiente nivel, ya sea en el gimnasio o en la oficina.<\/p>\n<ul>\n<li>Incluye 2 correas intercambiables: formal y deportiva.<\/li>\n<li>Con 2 carcasas para el dial, creando diferentes estilos<\/li>\n<li>Contesta y realiza llamadas desde el reloj<\/li>\n<li>NFC multifunci\u00f3n<\/li>\n<li>Notificaciones inteligentes y monitoreo de salud\/deportes.<\/li>\n<li>Tiempo de trabajo: 3 a 5 d\u00edas<\/li>\n<li>Bater\u00eda 250 mAh<\/li>\n<li>Tiempo de carga: 180 minutos<\/li>\n<li>Grado de impermeabilidad: IP67<\/li>\n<li>Tama\u00f1o del producto: 1.39 pulgadas<\/li>\n<li>Resoluci\u00f3n de pantalla: ips 240*240<\/li>\n<li>M\u00e9todo de carga: inal\u00e1mbrica<\/li>\n<li>Versi\u00f3n Bluetooth 5.1<\/li>\n<li><strong>Garant\u00eda: 12 meses contra defecto de fabricaci\u00f3n<\/strong><\/li>\n<\/ul>\n<h4><strong>\u00a0<\/strong><\/h4>\n<h4><span style=\"color: #ff0000;\"><strong>* La garant\u00eda no cubre falla que se pueda dar por un uso intensivo.<\/strong><\/span><\/h4>\n<h5><strong>*Las im\u00e1genes son a modo ilustrativo.<\/strong><\/h5>\n","protected":false},"excerpt":{"rendered":"<h3><span style=\"color: #339966;\"><strong>$ 2.850<\/strong><\/span><\/h3>\n","protected":false},"featured_media":41600,"comment_status":"open","ping_status":"closed","template":"","meta":[],"_links":{"self":[{"href":"https:\/\/www.appoloviracel.com.uy\/index.php\/wp-json\/wp\/v2\/product\/41599"}],"collection":[{"href":"https:\/\/www.appoloviracel.com.uy\/index.php\/wp-json\/wp\/v2\/product"}],"about":[{"href":"https:\/\/www.appoloviracel.com.uy\/index.php\/wp-json\/wp\/v2\/types\/product"}],"replies":[{"embeddable":true,"href":"https:\/\/www.appoloviracel.com.uy\/index.php\/wp-json\/wp\/v2\/comments?post=41599"}],"wp:featuredmedia":[{"embeddable":true,"href":"https:\/\/www.appoloviracel.com.uy\/index.php\/wp-json\/wp\/v2\/media\/41600"}],"wp:attachment":[{"href":"https:\/\/www.appoloviracel.com.uy\/index.php\/wp-json\/wp\/v2\/media?parent=41599"}],"curies":[{"name":"wp","href":"https:\/\/api.w.org\/{rel}","templated":true}]}}