{"id":41594,"date":"2024-08-05T18:56:12","date_gmt":"2024-08-05T21:56:12","guid":{"rendered":"https:\/\/www.appoloviracel.com.uy\/?post_type=product&#038;p=41594"},"modified":"2024-08-15T19:48:53","modified_gmt":"2024-08-15T22:48:53","slug":"smartwatch-vidvie-sw1606-ultra","status":"publish","type":"product","link":"https:\/\/www.appoloviracel.com.uy\/index.php\/product\/smartwatch-vidvie-sw1606-ultra\/","title":{"rendered":"Smartwatch Vidvie \u00abSW1606\u00bb Ultra"},"content":{"rendered":"<h2>Caracter\u00edsticas y especificaciones:<\/h2>\n<ul>\n<li><strong>Modelo: SW1606<\/strong><\/li>\n<li><strong>Color: Negro<\/strong><\/li>\n<li><strong>Dimensiones del producto: 49 * 44 * 12 mm<\/strong><\/li>\n<li><strong>Dimensi\u00f3n de la pulsera:<\/strong><\/li>\n<li><strong>Longitud total: 226.6 mm.<\/strong><\/li>\n<li><strong>Ancho: 21 mm<\/strong><\/li>\n<li><strong>Tama\u00f1o de pantalla: 1.96&#8243;<\/strong><\/li>\n<li><strong>Resoluci\u00f3n: IPS 320*390<\/strong><\/li>\n<li><strong>Tipo t\u00e1ctil (Tipo): pantalla t\u00e1ctil completa<\/strong><\/li>\n<li><strong>Versi\u00f3n inal\u00e1mbrica: 5.0 Frecuencia card\u00edaca: HX3605<\/strong><\/li>\n<li><strong>Tipo de bater\u00eda: Bater\u00eda de pol\u00edmero de litio<\/strong><\/li>\n<li><strong>Temperatura de trabajo: 0-50 C<\/strong><\/li>\n<li><strong>Chip de llamada inal\u00e1mbrica: Android 5.0 y superior, iOS 90 y superior<\/strong><\/li>\n<li><strong>Material de la carcasa: Aleaci\u00f3n de zinc<\/strong><\/li>\n<li><strong>Material de la pulsera: Correa de silicona<\/strong><\/li>\n<li><strong>Memoria flash: 128 MB<\/strong><\/li>\n<li><strong>Grado impermeable: IP68<\/strong><\/li>\n<li><strong>Capacidad: 3.7 V\/320 mAh.<\/strong><\/li>\n<li><strong>Tiempo de carga: Aproximadamente 3.5 H<\/strong><\/li>\n<li><strong>M\u00e9todo de carga: Carga inal\u00e1mbrica<\/strong><\/li>\n<li><strong>Peso del producto: 72g<\/strong><\/li>\n<li><strong>Garant\u00eda: 12 meses contra defecto de fabricaci\u00f3n<\/strong><\/li>\n<\/ul>\n<h4><\/h4>\n<h4><span style=\"color: #ff0000;\"><strong>* La garant\u00eda no cubre falla que se pueda dar por un uso intensivo.<\/strong><\/span><\/h4>\n<h5><strong>*Las im\u00e1genes son a modo ilustrativo.<\/strong><\/h5>\n","protected":false},"excerpt":{"rendered":"<h3><strong><span style=\"font-family: 'Cambria','serif'; color: #339966;\">$ 2.890<\/span><\/strong><\/h3>\n","protected":false},"featured_media":41595,"comment_status":"open","ping_status":"closed","template":"","meta":[],"_links":{"self":[{"href":"https:\/\/www.appoloviracel.com.uy\/index.php\/wp-json\/wp\/v2\/product\/41594"}],"collection":[{"href":"https:\/\/www.appoloviracel.com.uy\/index.php\/wp-json\/wp\/v2\/product"}],"about":[{"href":"https:\/\/www.appoloviracel.com.uy\/index.php\/wp-json\/wp\/v2\/types\/product"}],"replies":[{"embeddable":true,"href":"https:\/\/www.appoloviracel.com.uy\/index.php\/wp-json\/wp\/v2\/comments?post=41594"}],"wp:featuredmedia":[{"embeddable":true,"href":"https:\/\/www.appoloviracel.com.uy\/index.php\/wp-json\/wp\/v2\/media\/41595"}],"wp:attachment":[{"href":"https:\/\/www.appoloviracel.com.uy\/index.php\/wp-json\/wp\/v2\/media?parent=41594"}],"curies":[{"name":"wp","href":"https:\/\/api.w.org\/{rel}","templated":true}]}}