{"id":41543,"date":"2024-07-28T19:46:02","date_gmt":"2024-07-28T22:46:02","guid":{"rendered":"https:\/\/www.appoloviracel.com.uy\/?post_type=product&#038;p=41543"},"modified":"2024-09-25T16:49:35","modified_gmt":"2024-09-25T19:49:35","slug":"radio-panasonic-rf-p50d-silver-am-fm","status":"publish","type":"product","link":"https:\/\/www.appoloviracel.com.uy\/index.php\/product\/radio-panasonic-rf-p50d-silver-am-fm\/","title":{"rendered":"Radio Panasonic \u00abRF-P50D\u00bb Silver (AM-FM)"},"content":{"rendered":"<h2>Caracter\u00edsticas y especificaciones:<\/h2>\n<p>La incuestionable calidad de Panasonic respalda al radio port\u00e1til RF-P50D Silver (Plata). Cl\u00e1sico pero moderno, incluye correa de mano para f\u00e1cil transporte e indicador fluorescente para disfrutarlo en la oscuridad.<\/p>\n<ul>\n<li>Radio AM\/FM de bolsillo con acabado plateado para eventos deportivos, viajes, de pesca y otros usos.<\/li>\n<li>Conveniente rueda en el lateral permite la acci\u00f3n para una r\u00e1pida sintonizaci\u00f3n.<\/li>\n<li>Correa de mano para f\u00e1cil transporte.<\/li>\n<li>Indicador LED de sintonizador ilumina cuando la recepci\u00f3n es fuerte.<\/li>\n<li>Segundo indicador LED muestra el nivel de bater\u00eda.<\/li>\n<li>Altavoz de 7,5 cm, proporciona sonido claro y din\u00e1mico.<\/li>\n<li>Entrada jack de auriculares para escuchar en privado.<\/li>\n<li>Funciona con 2 pilas AA (no incluidas).<\/li>\n<li><strong>Garant\u00eda:<\/strong> 6 meses contra defecto de fabricaci\u00f3n<\/li>\n<\/ul>\n<p>&nbsp;<\/p>\n<h5><strong>*Las im\u00e1genes son a modo ilustrativo.<\/strong><\/h5>\n","protected":false},"excerpt":{"rendered":"<h3><span style=\"color: #339966;\"><strong>$ 1.690<\/strong><\/span><\/h3>\n","protected":false},"featured_media":41544,"comment_status":"open","ping_status":"closed","template":"","meta":[],"_links":{"self":[{"href":"https:\/\/www.appoloviracel.com.uy\/index.php\/wp-json\/wp\/v2\/product\/41543"}],"collection":[{"href":"https:\/\/www.appoloviracel.com.uy\/index.php\/wp-json\/wp\/v2\/product"}],"about":[{"href":"https:\/\/www.appoloviracel.com.uy\/index.php\/wp-json\/wp\/v2\/types\/product"}],"replies":[{"embeddable":true,"href":"https:\/\/www.appoloviracel.com.uy\/index.php\/wp-json\/wp\/v2\/comments?post=41543"}],"wp:featuredmedia":[{"embeddable":true,"href":"https:\/\/www.appoloviracel.com.uy\/index.php\/wp-json\/wp\/v2\/media\/41544"}],"wp:attachment":[{"href":"https:\/\/www.appoloviracel.com.uy\/index.php\/wp-json\/wp\/v2\/media?parent=41543"}],"curies":[{"name":"wp","href":"https:\/\/api.w.org\/{rel}","templated":true}]}}