{"id":41337,"date":"2024-06-01T16:06:06","date_gmt":"2024-06-01T19:06:06","guid":{"rendered":"https:\/\/www.appoloviracel.com.uy\/?post_type=product&#038;p=41337"},"modified":"2025-02-07T15:38:39","modified_gmt":"2025-02-07T18:38:39","slug":"celular-xiaomi-redmi-note13-5g-256gb-8gb","status":"publish","type":"product","link":"https:\/\/www.appoloviracel.com.uy\/index.php\/product\/celular-xiaomi-redmi-note13-5g-256gb-8gb\/","title":{"rendered":"Celular Xiaomi \u00abRedmi Note13\u00bb 5G (256Gb-8Gb)"},"content":{"rendered":"<h2>Caracter\u00edsticas y especificaciones:<strong>\u00a0<\/strong><\/h2>\n<h4><span style=\"color: #ff0000;\"><strong>Apto para LTE de todas las compa\u00f1\u00edas.<\/strong><\/span><\/h4>\n<p>El <strong>Xiaomi Redmi Note 13 5G<\/strong> inaugura la nueva serie hom\u00f3nima con una pantalla AMOLED de 6.67 pulgadas a resoluci\u00f3n FHD+ y tasa de refresco de 120Hz. Por dentro encontramos un procesador MediaTek Dimensity 6080 acompa\u00f1ado de hasta 12GB de RAM y 256GB de almacenamiento interno y una bater\u00eda de 5000 mAh con soporte para carga r\u00e1pida de 33W. La c\u00e1mara trasera del Redmi Note 13 5G es triple con sensor principal de 108 MP y su c\u00e1mara selfie es de 16 MP, completando sus caracter\u00edsticas con un lector de huellas lateral y resistencia a salpicaduras.<\/p>\n<ul>\n<li>Pantalla: 6.67&#8243;, 1080 * 2400 pixeles<\/li>\n<li>Procesador: Mediatek Dimensity 6080 2.4GHz<\/li>\n<li>RAM: 8GB<\/li>\n<li>Almacenamiento: 256GB<\/li>\n<li>Expansi\u00f3n: microSD<\/li>\n<li>C\u00e1mara: Triple, 108MP+8MP+2MP<\/li>\n<li>Bater\u00eda: 5000 mAh<\/li>\n<li>OS: Android 13<\/li>\n<li>Perfil: 7.6 mm<\/li>\n<li>Peso: 174 grs<\/li>\n<li>Se incluyen los siguientes accesorios: <strong>Cargador y Manual <\/strong><\/li>\n<li><strong>Garant\u00eda:<\/strong> 12 meses contra defecto de fabricaci\u00f3n<\/li>\n<\/ul>\n<h4><strong>\u00a0<\/strong><\/h4>\n<h4><span style=\"color: #ff0000;\"><strong>Contado efectivo: 10% de Descuento<\/strong><\/span><\/h4>\n<h5><strong>*Las im\u00e1genes son a modo ilustrativo.<\/strong><\/h5>\n","protected":false},"excerpt":{"rendered":"<h3><strong><span style=\"font-family: 'Cambria','serif'; color: #339966;\">U$S 320<\/span><\/strong><\/h3>\n","protected":false},"featured_media":41338,"comment_status":"open","ping_status":"closed","template":"","meta":[],"_links":{"self":[{"href":"https:\/\/www.appoloviracel.com.uy\/index.php\/wp-json\/wp\/v2\/product\/41337"}],"collection":[{"href":"https:\/\/www.appoloviracel.com.uy\/index.php\/wp-json\/wp\/v2\/product"}],"about":[{"href":"https:\/\/www.appoloviracel.com.uy\/index.php\/wp-json\/wp\/v2\/types\/product"}],"replies":[{"embeddable":true,"href":"https:\/\/www.appoloviracel.com.uy\/index.php\/wp-json\/wp\/v2\/comments?post=41337"}],"wp:featuredmedia":[{"embeddable":true,"href":"https:\/\/www.appoloviracel.com.uy\/index.php\/wp-json\/wp\/v2\/media\/41338"}],"wp:attachment":[{"href":"https:\/\/www.appoloviracel.com.uy\/index.php\/wp-json\/wp\/v2\/media?parent=41337"}],"curies":[{"name":"wp","href":"https:\/\/api.w.org\/{rel}","templated":true}]}}