{"id":40268,"date":"2024-03-11T17:45:13","date_gmt":"2024-03-11T20:45:13","guid":{"rendered":"https:\/\/www.appoloviracel.com.uy\/?post_type=product&#038;p=40268"},"modified":"2024-05-11T17:59:05","modified_gmt":"2024-05-11T20:59:05","slug":"adaptador-tenda-ac-1300-t4u-usb-alta-velocidad","status":"publish","type":"product","link":"https:\/\/www.appoloviracel.com.uy\/index.php\/product\/adaptador-tenda-ac-1300-t4u-usb-alta-velocidad\/","title":{"rendered":"Adaptador Tenda \u00abAC 1300 \u2013 T4U\u00bb USB \u2013 (Alta velocidad)"},"content":{"rendered":"<h2>Caracter\u00edsticas y especificaciones:<\/h2>\n<ul>\n<li><strong>AC1300 Velocidad Ultrar\u00e1pida<\/strong>\u00a0\u2014 AC1300 (867 Mbps en la banda de\u00a05 GHz o\u00a0400 Mbps en la banda de\u00a02.4 GHz) Wi-Fi\u00a0 banda dual asegura que todos tus equipos funcionen su velocidad m\u00e1xima<\/li>\n<li><strong>Tecnolog\u00eda MU-MIMO Technology<\/strong> \u2014 Mejora el rendimiento y la eficiencia de toda la red con la tecnolog\u00eda MU-MIMO<\/li>\n<li><strong>Wi-Fi Banda Dual<\/strong>\u00a0\u2014 Las bandas de 2.4 GHz y 5 GHz proporcionan conectividad flexible, dando a los\u00a0dispositivos acceso a los routers de Wi-Fi AC para velocidads m\u00e1s r\u00e1pidas y una cobertura extendida<\/li>\n<li><strong>Antenas de Alta Ganancia<\/strong>\u00a0\u2014 Las antenas externas de alta ganancia avanzadas mejoran en gran medida la potencia de la se\u00f1al de recepci\u00f3n y transmisi\u00f3n del adaptador USB<\/li>\n<li><strong>Soporta los Sistemas Operativos m\u00e1s Recientes<\/strong>\u00a0\u2014 Completamente compatible con Windows 11\/10\/8.1\/8\/7\/XP,\u00a0Mac OS 10.15 y anteriores<\/li>\n<\/ul>\n<h5><\/h5>\n<h5><strong>*Las im\u00e1genes son a modo ilustrativo.<\/strong><\/h5>\n","protected":false},"excerpt":{"rendered":"<h3><span style=\"color: #339966;\"><strong>$ 1.390<\/strong><\/span><\/h3>\n","protected":false},"featured_media":40269,"comment_status":"open","ping_status":"closed","template":"","meta":[],"_links":{"self":[{"href":"https:\/\/www.appoloviracel.com.uy\/index.php\/wp-json\/wp\/v2\/product\/40268"}],"collection":[{"href":"https:\/\/www.appoloviracel.com.uy\/index.php\/wp-json\/wp\/v2\/product"}],"about":[{"href":"https:\/\/www.appoloviracel.com.uy\/index.php\/wp-json\/wp\/v2\/types\/product"}],"replies":[{"embeddable":true,"href":"https:\/\/www.appoloviracel.com.uy\/index.php\/wp-json\/wp\/v2\/comments?post=40268"}],"wp:featuredmedia":[{"embeddable":true,"href":"https:\/\/www.appoloviracel.com.uy\/index.php\/wp-json\/wp\/v2\/media\/40269"}],"wp:attachment":[{"href":"https:\/\/www.appoloviracel.com.uy\/index.php\/wp-json\/wp\/v2\/media?parent=40268"}],"curies":[{"name":"wp","href":"https:\/\/api.w.org\/{rel}","templated":true}]}}