{"id":40093,"date":"2023-12-17T20:07:02","date_gmt":"2023-12-17T23:07:02","guid":{"rendered":"https:\/\/www.appoloviracel.com.uy\/?post_type=product&#038;p=40093"},"modified":"2025-07-17T15:49:41","modified_gmt":"2025-07-17T18:49:41","slug":"celular-samsung-galaxy-a05-128gb-4gb","status":"publish","type":"product","link":"https:\/\/www.appoloviracel.com.uy\/index.php\/product\/celular-samsung-galaxy-a05-128gb-4gb\/","title":{"rendered":"Celular Samsung \u00abGalaxy A05\u00bb (128Gb-4Gb)"},"content":{"rendered":"<h2><strong>Caracter\u00edsticas y especificaciones<\/strong><\/h2>\n<p>El <strong>Samsung Galaxy A05<\/strong> es un smartphone Android con una pantalla HD+ de 6.7 pulgadas. Potenciado por un procesador MediaTek Helio G85 con 4GB de RAM y 64GB de almacenamiento interno, el Galaxy A05 cuenta con una c\u00e1mara dual de 50MP, y una c\u00e1mara selfie de 8MP, completando sus caracter\u00edsticas con una bater\u00eda de 5000 mAh de carga r\u00e1pida, y Android 13.<\/p>\n<ul>\n<li><strong>Pantalla: 6.7&#8243;, 720 * 1600 pixeles<\/strong><\/li>\n<li><strong>Procesador: Mediatek Helio G85 2GHz<\/strong><\/li>\n<li><strong>RAM: 4GB<\/strong><\/li>\n<li><strong>Almacenamiento: 128GB<\/strong><\/li>\n<li><strong>Expansi\u00f3n: microSD<\/strong><\/li>\n<li><strong>C\u00e1mara: Dual, 50MP+2MP<\/strong><\/li>\n<li><strong>Bater\u00eda: 5000 mAh<\/strong><\/li>\n<li><strong>OS: Android 13<\/strong><\/li>\n<li><strong>Perfil: 8.8 mm<\/strong><\/li>\n<li><strong>Peso: 195 grs.<\/strong><\/li>\n<li><strong>S<\/strong>e incluyen los siguientes accesorios: <strong>Cargador y Manual<\/strong><\/li>\n<li><strong>Garant\u00eda:<\/strong> 12 meses contra defecto de fabricaci\u00f3n<\/li>\n<\/ul>\n<h4><\/h4>\n<h4><span style=\"color: #ff0000;\"><strong>Contado efectivo: 10% de Descuento<\/strong><\/span><\/h4>\n<h5><strong>*Las im\u00e1genes son a modo ilustrativo.<\/strong><\/h5>\n","protected":false},"excerpt":{"rendered":"<p><span style=\"color: #ff0000;\">AGOTADO<\/span><\/p>\n","protected":false},"featured_media":40087,"comment_status":"open","ping_status":"closed","template":"","meta":[],"_links":{"self":[{"href":"https:\/\/www.appoloviracel.com.uy\/index.php\/wp-json\/wp\/v2\/product\/40093"}],"collection":[{"href":"https:\/\/www.appoloviracel.com.uy\/index.php\/wp-json\/wp\/v2\/product"}],"about":[{"href":"https:\/\/www.appoloviracel.com.uy\/index.php\/wp-json\/wp\/v2\/types\/product"}],"replies":[{"embeddable":true,"href":"https:\/\/www.appoloviracel.com.uy\/index.php\/wp-json\/wp\/v2\/comments?post=40093"}],"wp:featuredmedia":[{"embeddable":true,"href":"https:\/\/www.appoloviracel.com.uy\/index.php\/wp-json\/wp\/v2\/media\/40087"}],"wp:attachment":[{"href":"https:\/\/www.appoloviracel.com.uy\/index.php\/wp-json\/wp\/v2\/media?parent=40093"}],"curies":[{"name":"wp","href":"https:\/\/api.w.org\/{rel}","templated":true}]}}