{"id":40049,"date":"2023-12-06T14:54:38","date_gmt":"2023-12-06T17:54:38","guid":{"rendered":"https:\/\/www.appoloviracel.com.uy\/?post_type=product&#038;p=40049"},"modified":"2024-01-24T13:24:08","modified_gmt":"2024-01-24T16:24:08","slug":"auricular-usams-em20-c-enganche-para-oreja-bluetooth-bt-5-3","status":"publish","type":"product","link":"https:\/\/www.appoloviracel.com.uy\/index.php\/product\/auricular-usams-em20-c-enganche-para-oreja-bluetooth-bt-5-3\/","title":{"rendered":"Auricular USAMS \u00abEM20\u00bb Con Enganche para Oreja (Bluetooth &#8211; BT 5.3)"},"content":{"rendered":"<h2>Caracter\u00edsticas y especificaciones:<\/h2>\n<h5>Caracter\u00edsticas:<\/h5>\n<ul>\n<li>Conexi\u00f3n inal\u00e1mbrica bluetooth 5.3, conexi\u00f3n r\u00e1pida y estable<\/li>\n<li>Compartimento de carga de gran capacidad de 600 mah, con tiempo de uso largo<\/li>\n<li>Algoritmo de altavoz de pel\u00edcula compuesto + algoritmo incorporado para mejorar la calidad del sonido<\/li>\n<li>Dise\u00f1o de gancho para el o\u00eddo, el material del anillo de acero de la memoria no es f\u00e1cil de deformar<\/li>\n<\/ul>\n<h5><\/h5>\n<h5>Especificaci\u00f3nes:<\/h5>\n<ul>\n<li>Material: ABS+PC<\/li>\n<li>Versi\u00f3n BT: 5.3<\/li>\n<li>Rango de Conexi\u00f3n: \u226410m<\/li>\n<li>Di\u00e1metro Del Altavoz: 16 mm<\/li>\n<li>SNR: 58dba<\/li>\n<li>Peso de Los Auriculares: Alrededor de 9.5g*2<\/li>\n<li>Auriculares Capacidad de la Bater\u00eda: 50 MAh<\/li>\n<li>Hora de Carga de Los Auriculares: Aproximadamente 1h<\/li>\n<li>Peso de la Caja de Carga: Alrededor de 52 g (excluyendo Auriculares)<\/li>\n<li>Capacidad de la Bater\u00eda Del Estuche de Carga: 600 MAh<\/li>\n<li>Tiempo de Carga Por Caso de Carga: Aproximadamente 2h<\/li>\n<li>Potencia Del Caso de Carga: 5V\/1A<\/li>\n<li>Tama\u00f1o Del Caso de Carga: 83*59*32 mm<\/li>\n<li>Compatibilidad: para dispositivos digitales con funci\u00f3n BT<\/li>\n<\/ul>\n<p>&nbsp;<\/p>\n<h5><strong>*Las im\u00e1genes son a modo ilustrativo.<\/strong><\/h5>\n","protected":false},"excerpt":{"rendered":"<h3><strong><span style=\"color: #339966;\">$ 1.890<\/span> <\/strong><\/h3>\n","protected":false},"featured_media":40050,"comment_status":"open","ping_status":"closed","template":"","meta":[],"_links":{"self":[{"href":"https:\/\/www.appoloviracel.com.uy\/index.php\/wp-json\/wp\/v2\/product\/40049"}],"collection":[{"href":"https:\/\/www.appoloviracel.com.uy\/index.php\/wp-json\/wp\/v2\/product"}],"about":[{"href":"https:\/\/www.appoloviracel.com.uy\/index.php\/wp-json\/wp\/v2\/types\/product"}],"replies":[{"embeddable":true,"href":"https:\/\/www.appoloviracel.com.uy\/index.php\/wp-json\/wp\/v2\/comments?post=40049"}],"wp:featuredmedia":[{"embeddable":true,"href":"https:\/\/www.appoloviracel.com.uy\/index.php\/wp-json\/wp\/v2\/media\/40050"}],"wp:attachment":[{"href":"https:\/\/www.appoloviracel.com.uy\/index.php\/wp-json\/wp\/v2\/media?parent=40049"}],"curies":[{"name":"wp","href":"https:\/\/api.w.org\/{rel}","templated":true}]}}