{"id":40017,"date":"2024-03-09T13:21:12","date_gmt":"2024-03-09T16:21:12","guid":{"rendered":"https:\/\/www.appoloviracel.com.uy\/?post_type=product&#038;p=40017"},"modified":"2025-02-10T18:07:36","modified_gmt":"2025-02-10T21:07:36","slug":"smartwatch-xiaomi-smart-band-8","status":"publish","type":"product","link":"https:\/\/www.appoloviracel.com.uy\/index.php\/product\/smartwatch-xiaomi-smart-band-8\/","title":{"rendered":"Smartwatch Xiaomi \u00abSmart Band 8\u00bb"},"content":{"rendered":"<h2>Caracter\u00edsticas y especificaciones:<\/h2>\n<ul>\n<li>Xiaomi Smart Band 8 de color negro presenta una pantalla de 1,62 pulgadas con una tasa de refresco de 60 Hz, proporcionando movimientos m\u00e1s fluidos al utilizarla.<\/li>\n<li>Esta pulsera inteligente es compatible con la carga r\u00e1pida, pudiendo recargarse por completo en 1 hora.<\/li>\n<li>Con una carga completa, proporciona una autonom\u00eda de hasta 16 d\u00edas con un uso normal y de 6 d\u00edas con Always on Display activado.<\/li>\n<li>La Smart Band 8 es compatible con m\u00e1s de 150 modos de deporte distintos.<\/li>\n<li>Presenta una estructura de liberaci\u00f3n r\u00e1pida que permite acoplar m\u00faltiples accesorios, entre los que se incluyen uno para llevarla al cuello y otro para colocarla en la zapatilla, adem\u00e1s de brazaletes, correas de piel y correas de silicona<\/li>\n<li>Pantalla: 1,62&#8243; AMOLED<\/li>\n<\/ul>\n<p>&nbsp;<\/p>\n<ul>\n<li>Resoluci\u00f3n: 490 x 192 px<\/li>\n<li>Resistencia: 5 ATM<\/li>\n<li>Conectividad: Bluetooth 5.1<\/li>\n<li>Bater\u00eda: 400 mAh<\/li>\n<li>Duraci\u00f3n de la Bater\u00eda: Hasta 16 d\u00edas (6 d\u00edas con AoD)<\/li>\n<li>Compatibilidad: iOS 12 o Superior , Android 6 o Superior<\/li>\n<li>Sensores: Sensor \u00f3ptico de frecuencia card\u00edaca, Sensor VO2 (nivel de ox\u00edgeno en la sangre), Sensor de movimiento de seis ejes.<\/li>\n<li>Garant\u00eda: 3 meses contra defecto de fabricaci\u00f3n<\/li>\n<\/ul>\n<h4><\/h4>\n<h4><span style=\"color: #ff0000;\"><strong>* La garant\u00eda no cubre falla que se pueda dar por un uso intensivo.<\/strong><\/span><\/h4>\n<h5><strong>*Las im\u00e1genes son a modo ilustrativo.<\/strong><\/h5>\n","protected":false},"excerpt":{"rendered":"<h3><span style=\"color: #339966;\"><strong>U$S 55<\/strong><\/span><\/h3>\n","protected":false},"featured_media":40018,"comment_status":"open","ping_status":"closed","template":"","meta":[],"_links":{"self":[{"href":"https:\/\/www.appoloviracel.com.uy\/index.php\/wp-json\/wp\/v2\/product\/40017"}],"collection":[{"href":"https:\/\/www.appoloviracel.com.uy\/index.php\/wp-json\/wp\/v2\/product"}],"about":[{"href":"https:\/\/www.appoloviracel.com.uy\/index.php\/wp-json\/wp\/v2\/types\/product"}],"replies":[{"embeddable":true,"href":"https:\/\/www.appoloviracel.com.uy\/index.php\/wp-json\/wp\/v2\/comments?post=40017"}],"wp:featuredmedia":[{"embeddable":true,"href":"https:\/\/www.appoloviracel.com.uy\/index.php\/wp-json\/wp\/v2\/media\/40018"}],"wp:attachment":[{"href":"https:\/\/www.appoloviracel.com.uy\/index.php\/wp-json\/wp\/v2\/media?parent=40017"}],"curies":[{"name":"wp","href":"https:\/\/api.w.org\/{rel}","templated":true}]}}