{"id":39987,"date":"2023-10-27T14:53:53","date_gmt":"2023-10-27T17:53:53","guid":{"rendered":"https:\/\/www.appoloviracel.com.uy\/?post_type=product&#038;p=39987"},"modified":"2024-05-02T12:58:22","modified_gmt":"2024-05-02T15:58:22","slug":"celular-xiaomi-redmi-10-5g-128gb-6gb","status":"publish","type":"product","link":"https:\/\/www.appoloviracel.com.uy\/index.php\/product\/celular-xiaomi-redmi-10-5g-128gb-6gb\/","title":{"rendered":"Celular Xiaomi \u00abRedmi 10\u00bb 5G (128Gb-6Gb)"},"content":{"rendered":"<h2>Caracter\u00edsticas y especificaciones:<strong>\u00a0<\/strong><\/h2>\n<h4><span style=\"color: #ff0000;\"><strong>Apto para LTE de todas las compa\u00f1\u00edas.<\/strong><\/span><\/h4>\n<p>El <strong>Xiaomi Redmi 10 5G<\/strong> llega con una pantalla de de 6.58 pulgadas a resoluci\u00f3n 1080p y tasa de refresco de 90Hz y potenciado por un procesador MediaTek Dimensity 700 con 6GB de RAM y 128GB de almacenamiento interno. El Redmi 10 5G tiene una c\u00e1mara dual en su posterior, con lente principal de 50MP, y una c\u00e1mara de 5MP al frente. Alimentado por una bater\u00eda de 5000 mAh de carga r\u00e1pida, el Redmi 10 5G completa sus caracter\u00edsticas con un lector de huellas lateral y Android 11 con MIUI 13.<\/p>\n<ul>\n<li>Pantalla: 6.58&#8243;, 1080 * 2408 pixels<\/li>\n<li>Procesador: Mediatek Dimensity 700 2.2GHz<\/li>\n<li>RAM: 6GB<\/li>\n<li>Almacenamiento: 128GB<\/li>\n<li>Expansi\u00f3n: microSD<\/li>\n<li>C\u00e1mara: Dual, 50MP+2MP<\/li>\n<li>Bater\u00eda: 5000 mAh<\/li>\n<li>OS: Android 11<\/li>\n<li>Perfil: 8.9 mm<\/li>\n<li>Peso: 200 grs.<\/li>\n<li>Se incluyen los siguientes accesorios: <strong>Cargador y Manual<\/strong><\/li>\n<li><strong>Garant\u00eda:<\/strong> 12 meses contra defecto de fabricaci\u00f3n<\/li>\n<\/ul>\n<h4><\/h4>\n<h4><span style=\"color: #ff0000;\"><strong>Contado efectivo: 10% de Descuento<\/strong><\/span><\/h4>\n<h5><strong>*Las im\u00e1genes son a modo ilustrativo.<\/strong><\/h5>\n","protected":false},"excerpt":{"rendered":"<h3><span style=\"color: #008000;\"><strong>U$S 175<\/strong><\/span><\/h3>\n","protected":false},"featured_media":39988,"comment_status":"open","ping_status":"closed","template":"","meta":[],"_links":{"self":[{"href":"https:\/\/www.appoloviracel.com.uy\/index.php\/wp-json\/wp\/v2\/product\/39987"}],"collection":[{"href":"https:\/\/www.appoloviracel.com.uy\/index.php\/wp-json\/wp\/v2\/product"}],"about":[{"href":"https:\/\/www.appoloviracel.com.uy\/index.php\/wp-json\/wp\/v2\/types\/product"}],"replies":[{"embeddable":true,"href":"https:\/\/www.appoloviracel.com.uy\/index.php\/wp-json\/wp\/v2\/comments?post=39987"}],"wp:featuredmedia":[{"embeddable":true,"href":"https:\/\/www.appoloviracel.com.uy\/index.php\/wp-json\/wp\/v2\/media\/39988"}],"wp:attachment":[{"href":"https:\/\/www.appoloviracel.com.uy\/index.php\/wp-json\/wp\/v2\/media?parent=39987"}],"curies":[{"name":"wp","href":"https:\/\/api.w.org\/{rel}","templated":true}]}}