{"id":39886,"date":"2023-10-09T21:16:09","date_gmt":"2023-10-10T00:16:09","guid":{"rendered":"https:\/\/www.appoloviracel.com.uy\/?post_type=product&#038;p=39886"},"modified":"2024-07-06T14:56:14","modified_gmt":"2024-07-06T17:56:14","slug":"celular-samsung-galaxy-s23-ultra-256-gb","status":"publish","type":"product","link":"https:\/\/www.appoloviracel.com.uy\/index.php\/product\/celular-samsung-galaxy-s23-ultra-256-gb\/","title":{"rendered":"Celular Samsung \u00abGalaxy s23 Ultra\u00bb (256 GB)"},"content":{"rendered":"<h4>Caracter\u00edsticas y especificaciones:<\/h4>\n<p>El <strong>Samsung Galaxy S23 Ultra<\/strong> es el m\u00e1s poderoso de la serie Galaxy S23. Con una pantalla Dynamic AMOLED 2X de 6.8 pulgadas a 1440 x 3088 pixels de resoluci\u00f3n y tasa de refresco de 120Hz, el Galaxy S23 Ultra est\u00e1 potenciado por una versi\u00f3n especial del chip Snapdragon 8 Gen 2 junto con hasta 12GB de RAM y hasta 1TB de almacenamiento interno. Su c\u00e1mara posterior es cu\u00e1druple, con un sensor principal de 200MP con OIS, una c\u00e1mara telefoto perisc\u00f3pica de 10MP con zoom \u00f3ptico 10x, una c\u00e1mara telefoto de 10MP con zoom \u00f3ptico 3x, y un lente ultrawide de 12MP, mientras que la c\u00e1mara frontal es de 12MP con autofoco. El Galaxy S23 Ultra se alimenta de una bater\u00eda de 5000 mAh con soporte para carga r\u00e1pida de 45W y soporta carga inal\u00e1mbrica, completando sus caracter\u00edsticas con un stylus S Pen, parlantes stereo, lector de huellas bajo pantalla, resistencia al polvo y agua, y Android 13.<\/p>\n<ul>\n<li>Pantalla: AMOLED de 6,8 pulgadas; Resoluci\u00f3n QHD+ a 3.080 * 1.440; Refresco adaptativo de 1 a 120Hz; 100% DCI-P3: Panel perforado; Gorilla Glass Victus 2<\/li>\n<li>Procesador: Qualcomm Snapdragon 8 Gen 2; Adreno 740<\/li>\n<li>Almacenamiento: 256 Gb<\/li>\n<li>C\u00e1maras traseras: Principal: 200 megap\u00edxeles f\/1.7 OIS; Angular: 12 megap\u00edxeles f2.2 120\u00ba 13mm; Zoom: 10 megap\u00edxeles f\/2.4 OIS 3* 69mm; Zoom: 10 megap\u00edxeles f\/4.9 OIS 10* 230mm<\/li>\n<li>C\u00e1mara frontal: 12 megap\u00edxeles f\/2.2 25mm<\/li>\n<li>Bater\u00eda: 5.000 mAh; Carga r\u00e1pida de 45W; Carga inal\u00e1mbrica de 15W<\/li>\n<li>Sistema: Android 13; One UI 5.1<\/li>\n<li>Conectividad: 5G (2xNano + eSIM); WiFi 6E; Bluetooth 5.3; GPS; NFC; UWB; USB tipo C<\/li>\n<li>Dimensiones: 163.4 * 78.1 * 8.9 mm mil\u00edmetros<\/li>\n<li>Peso: 234 gramos<\/li>\n<li>Otros: IP68; Compatible con Samsung DeX; S-Pen con 2,8ms de latencia<\/li>\n<li>Se incluyen los siguientes accesorios: <strong>Cargador y Manual<\/strong><\/li>\n<li><strong>Garant\u00eda:<\/strong> 12 meses contra defecto de fabricaci\u00f3n<\/li>\n<\/ul>\n<h4><\/h4>\n<h4><span style=\"color: #ff0000;\"><strong>Contado efectivo: 10% de Descuento<\/strong><\/span><\/h4>\n<h5><strong>*Las im\u00e1genes son a modo ilustrativo.<\/strong><\/h5>\n","protected":false},"excerpt":{"rendered":"<h3><span style=\"color: #339966;\"><strong>U$S 1.490<\/strong><\/span><\/h3>\n","protected":false},"featured_media":39887,"comment_status":"open","ping_status":"closed","template":"","meta":[],"_links":{"self":[{"href":"https:\/\/www.appoloviracel.com.uy\/index.php\/wp-json\/wp\/v2\/product\/39886"}],"collection":[{"href":"https:\/\/www.appoloviracel.com.uy\/index.php\/wp-json\/wp\/v2\/product"}],"about":[{"href":"https:\/\/www.appoloviracel.com.uy\/index.php\/wp-json\/wp\/v2\/types\/product"}],"replies":[{"embeddable":true,"href":"https:\/\/www.appoloviracel.com.uy\/index.php\/wp-json\/wp\/v2\/comments?post=39886"}],"wp:featuredmedia":[{"embeddable":true,"href":"https:\/\/www.appoloviracel.com.uy\/index.php\/wp-json\/wp\/v2\/media\/39887"}],"wp:attachment":[{"href":"https:\/\/www.appoloviracel.com.uy\/index.php\/wp-json\/wp\/v2\/media?parent=39886"}],"curies":[{"name":"wp","href":"https:\/\/api.w.org\/{rel}","templated":true}]}}