{"id":39742,"date":"2023-07-12T19:41:23","date_gmt":"2023-07-12T22:41:23","guid":{"rendered":"https:\/\/www.appoloviracel.com.uy\/?post_type=product&#038;p=39742"},"modified":"2023-10-21T20:18:15","modified_gmt":"2023-10-21T23:18:15","slug":"smartwatch-xiaomi-mibro-whatch-x1-amoled","status":"publish","type":"product","link":"https:\/\/www.appoloviracel.com.uy\/index.php\/product\/smartwatch-xiaomi-mibro-whatch-x1-amoled\/","title":{"rendered":"Smartwatch Xiaomi \u00abMibro Whatch X1-Amoled\u00bb"},"content":{"rendered":"<h2>Caracter\u00edsticas y especificaciones:<\/h2>\n<ul>\n<li>Pantalla Amoled. Con un panel Amoled de 1.3 pulgadas, la sensaci\u00f3n de calidad que nos ofrece est\u00e1 por encima de lo que cuesta este smartwatch<\/li>\n<li>Dise\u00f1o. Sin ser una revoluci\u00f3n ni brillar por sus materiales, tiene ese tipo de dise\u00f1o sport que tanto gusta en un determinado tipo de usuario.<\/li>\n<li>Bater\u00eda. Los 14 d\u00edas sin tener que cargar la bater\u00eda son muchos d\u00edas, y aunque tampoco sea una novedad, sigue siendo un aspecto muy a tener en cuenta.<\/li>\n<li>38 modos deportivos. Entre los que encontramos los m\u00e1s habituales, y alguno m\u00e1s extra\u00f1o como el skate o el parkour.<\/li>\n<\/ul>\n<ul>\n<li>El MiBro X1 no tiene GPS, lo cual es normal porque es un reloj bastante barato, pero no lo tiene.<\/li>\n<li>La <strong>Aplicaci\u00f3n Mibro Fit<\/strong> a\u00fan est\u00e1 lejos de la Huawei Salud o la Xiaomi Wear.<\/li>\n<li>Algunas mediciones de frecuencia card\u00edaca no son tan precisas como deber\u00edan, sobre todo cuando estamos ante una variaci\u00f3n dr\u00e1stica de los mismo.<\/li>\n<li>El <strong>bisel con acabado met\u00e1lico<\/strong> es decorativo. No esperes que gire o que nos ofrezca cualquier otra funci\u00f3n aparte de quedar bonito.<\/li>\n<li>Aunque desde la APP tenemos numerosas watch faces, lo cierto es que carece de la comunidad y de los desarrolladores que modelos como el <a href=\"https:\/\/www.laguiadelchollo.com\/redmi-watch-2-lite-comprar\/\">Redmi Watch 2 Lite<\/a> tiene para ampliar el cat\u00e1logo de skins.<\/li>\n<\/ul>\n<ul>\n<li>Tama\u00f1o: 47 * 47 * 11,4 mm<\/li>\n<li>Peso con correa: 52 gramos<\/li>\n<li>Correa Intercambiable: 22 mm<\/li>\n<li>Materiales: Metal y Policarbonato<\/li>\n<li>Resistencia: 5 ATM (50 metros)<\/li>\n<li>Pantalla: Amoled HD; Tama\u00f1o: 1.30 pulgadas; Conectividad: Bluetooth 5.0<\/li>\n<li>Bater\u00eda y Autonom\u00eda: Bater\u00eda: 350 mAh; Autonom\u00eda: 14 d\u00edas uso normal, 60 d\u00edas ahorro bater\u00eda; Sistema de Carga: Cargador Magn\u00e9tico: Tiempo de Carga: 4.5 Horas<\/li>\n<\/ul>\n<ul>\n<li>Funciones y Sensores: Medici\u00f3n de Ox\u00edgeno en Sangre; Frecuencia Card\u00edaca 24\/7, aceler\u00f3metro, control del Estr\u00e9s, Medici\u00f3n Sue\u00f1o; Funciones de Entrenamiento: 38 modos deportivos; Funciones de Asistencia: Buscador del m\u00f3vil, Despertador, Notificaciones, El Tiempo, Control de la Musca, Disparador de c\u00e1mara; Aplicaci\u00f3n: Mibro Fit<\/li>\n<\/ul>\n<ul>\n<li><strong>Garant\u00eda<\/strong>: 6 meses contra defecto de fabricaci\u00f3n<\/li>\n<\/ul>\n<h4><\/h4>\n<h4><span style=\"color: #ff0000;\"><strong>* La garant\u00eda no cubre falla que se pueda dar por un uso intensivo.<\/strong><\/span><\/h4>\n<h5><strong>\u00a0*Las im\u00e1genes son a modo ilustrativo.<\/strong><\/h5>\n","protected":false},"excerpt":{"rendered":"<h3><span style=\"color: #339966;\"><strong>$ 3.650<\/strong><\/span><\/h3>\n","protected":false},"featured_media":39743,"comment_status":"open","ping_status":"closed","template":"","meta":[],"_links":{"self":[{"href":"https:\/\/www.appoloviracel.com.uy\/index.php\/wp-json\/wp\/v2\/product\/39742"}],"collection":[{"href":"https:\/\/www.appoloviracel.com.uy\/index.php\/wp-json\/wp\/v2\/product"}],"about":[{"href":"https:\/\/www.appoloviracel.com.uy\/index.php\/wp-json\/wp\/v2\/types\/product"}],"replies":[{"embeddable":true,"href":"https:\/\/www.appoloviracel.com.uy\/index.php\/wp-json\/wp\/v2\/comments?post=39742"}],"wp:featuredmedia":[{"embeddable":true,"href":"https:\/\/www.appoloviracel.com.uy\/index.php\/wp-json\/wp\/v2\/media\/39743"}],"wp:attachment":[{"href":"https:\/\/www.appoloviracel.com.uy\/index.php\/wp-json\/wp\/v2\/media?parent=39742"}],"curies":[{"name":"wp","href":"https:\/\/api.w.org\/{rel}","templated":true}]}}