{"id":39381,"date":"2023-05-22T09:50:22","date_gmt":"2023-05-22T12:50:22","guid":{"rendered":"https:\/\/www.appoloviracel.com.uy\/?post_type=product&#038;p=39381"},"modified":"2023-08-21T22:50:42","modified_gmt":"2023-08-22T01:50:42","slug":"celular-xiaomi-10-2022-128gb-4gb","status":"publish","type":"product","link":"https:\/\/www.appoloviracel.com.uy\/index.php\/product\/celular-xiaomi-10-2022-128gb-4gb\/","title":{"rendered":"Celular Xiaomi \u00ab10\u00bb 2022 (128Gb-4Gb)"},"content":{"rendered":"<h4>Caracter\u00edsticas y especificaciones:<strong>\u00a0<\/strong><\/h4>\n<h4><span style=\"color: #ff0000;\"><strong>Apto para LTE de todas las compa\u00f1\u00edas.<\/strong><\/span><\/h4>\n<p>Este Xiaomi Redmi 10 2022 es la edici\u00f3n del Redmi 10 para el 2022 con las mismas caracter\u00edsticas del original, incluyendo la pantalla IPS de 6.5 pulgadas a resoluci\u00f3n FHD+ y tasa de refresco variable de 90Hz, procesador MediaTek Helio G88, con 6GB de memoria RAM y\u00a0 128GB de almacenamiento interno no expandible, c\u00e1mara cu\u00e1druple con sensor principal de 50MP, lente ultrawide de 8MP, macro de 2MP y sensor de profundidad de 2MP, c\u00e1mara selfie de 8MP, bater\u00eda de 5000 mAh de carga r\u00e1pida, lector de huellas lateral, radio FM, parlantes duales,y MIUI 12.5 basado en Android 11.<\/p>\n<ul>\n<li>Dimensiones: 16,19 * 7,55 * 0,89 cm.<\/li>\n<li>Pantalla 6.5\u2019\u2019, FHD+, resoluci\u00f3n 2400&#215;1080.<\/li>\n<li>Sistema Operativo: \u200e MIUI 12.5 basado en Android 11.<\/li>\n<li>Procesador: MediaTek Helio G88.<\/li>\n<li>RAM: 4GB.<\/li>\n<li>Almacenamiento:\u00a0 128GB.<\/li>\n<li>C\u00e1mara trasera: 50 MP, f\/1.8 + 8 MP, f\/2.2 + 2 MP, f\/2.4 + 2 MP, f\/2.4.<\/li>\n<li>C\u00e1mara frontal: 8 MP, f\/2.0.<\/li>\n<li>Bater\u00eda 5000 mAh, no extra\u00edble.<\/li>\n<li>Conectividad: 4G; Wi-Fi; Bluetooth 5.1; GPS, Galileo, Glonass, Beidou, A-GPS; NFC.<\/li>\n<li>Sensores: lector de huellas, desbloqueo facial, proximidad, luz ambiental, aceler\u00f3metro, vibraci\u00f3n y brujula digital.<\/li>\n<li>Se incluyen los siguientes accesorios: <strong>Cargador y Manual<\/strong><\/li>\n<li><strong>Garant\u00eda:<\/strong> 12 meses contra defecto de fabricaci\u00f3n<\/li>\n<\/ul>\n<h4><\/h4>\n<h4><span style=\"color: #ff0000;\"><strong>Contado efectivo: 10% de Descuento<\/strong><\/span><\/h4>\n<h5><strong>*Las im\u00e1genes son a modo ilustrativo.<\/strong><\/h5>\n","protected":false},"excerpt":{"rendered":"<h3><span style=\"color: #339966;\"><strong>U$S 189<\/strong><\/span><\/h3>\n","protected":false},"featured_media":39382,"comment_status":"open","ping_status":"closed","template":"","meta":[],"_links":{"self":[{"href":"https:\/\/www.appoloviracel.com.uy\/index.php\/wp-json\/wp\/v2\/product\/39381"}],"collection":[{"href":"https:\/\/www.appoloviracel.com.uy\/index.php\/wp-json\/wp\/v2\/product"}],"about":[{"href":"https:\/\/www.appoloviracel.com.uy\/index.php\/wp-json\/wp\/v2\/types\/product"}],"replies":[{"embeddable":true,"href":"https:\/\/www.appoloviracel.com.uy\/index.php\/wp-json\/wp\/v2\/comments?post=39381"}],"wp:featuredmedia":[{"embeddable":true,"href":"https:\/\/www.appoloviracel.com.uy\/index.php\/wp-json\/wp\/v2\/media\/39382"}],"wp:attachment":[{"href":"https:\/\/www.appoloviracel.com.uy\/index.php\/wp-json\/wp\/v2\/media?parent=39381"}],"curies":[{"name":"wp","href":"https:\/\/api.w.org\/{rel}","templated":true}]}}