{"id":389,"date":"2020-10-13T23:15:28","date_gmt":"2020-10-14T02:15:28","guid":{"rendered":"https:\/\/www.appoloviracel.com.uy\/?post_type=product&#038;p=389"},"modified":"2025-08-26T11:38:14","modified_gmt":"2025-08-26T14:38:14","slug":"cat-b26","status":"publish","type":"product","link":"https:\/\/www.appoloviracel.com.uy\/index.php\/product\/cat-b26\/","title":{"rendered":"Celular CAT \u00abB26\u00bb"},"content":{"rendered":"<h4>Caracter\u00edsticas y especificaciones:<strong>\u00a0<\/strong><\/h4>\n<ul>\n<li>El tel\u00e9fono robusto Cat B26 es resistente a las ca\u00eddas, el polvo y el agua, y se ha fabricado para resistir entornos exigentes.<\/li>\n<li>Como todos los tel\u00e9fonos Cat, el Cat B26 es robusto y resistente, y se ha probado en condiciones extremas- resistente a las ca\u00eddas, el polvo y el agua.<\/li>\n<li>Certificado MIL-STD-810G, conforme a IP68, el dispositivo es completamente resistente al polvo y al agua hasta una profundidad de 2 metros, y puede soportar ca\u00eddas desde una altura de hasta 1.8 metros sobre concreto. El gabinete tambi\u00e9n cumple con el est\u00e1ndar MIL SPEC 810G para diferencias extremas de temperatura de -25- + 55 grados, resistente a los golpes y resistente a la humedad y la niebla salina<\/li>\n<li>El teclado f\u00edsico es una parte importante del conocimiento, al igual que la linterna y el dise\u00f1o montado en el cintur\u00f3n.<\/li>\n<\/ul>\n<ul>\n<li><strong>Memoria: 8 MB de almacenamiento, 8 MB de RAM<\/strong><\/li>\n<li><strong>Memoria externa<\/strong>: Micro SD de hasta 32 GB<\/li>\n<li><strong>Procesador<\/strong>: Spreadtrum SC6531F<\/li>\n<li><strong>Tama\u00f1o de la pantalla<\/strong> 2.4 pulgadas<\/li>\n<li><strong>Resoluci\u00f3n de la pantalla<\/strong> 240 px * 320 px<\/li>\n<li><strong>Resoluci\u00f3n de la c\u00e1mara trasera principal<\/strong> 2 Mpx<\/li>\n<li><strong>Resoluci\u00f3n de video de la c\u00e1mara trasera<\/strong> 320 px * 240 px<\/li>\n<li><strong>Bluetooth <\/strong>2.1<\/li>\n<li><strong>Conectores<\/strong>: Jack 3.5 mm para auriculares, Micro USB 2.0<\/li>\n<li><strong>Radio FM<\/strong>: si<\/li>\n<li><strong>Dimensiones<\/strong>: 139 * 60 * 16 mm<\/li>\n<li><strong>Peso<\/strong>: 150 g<\/li>\n<li><strong>Color<\/strong>: Negro<\/li>\n<li><strong>Bater\u00eda<\/strong>: Ion Litio 1500 mAh<\/li>\n<li>Se incluyen los siguientes accesorios: <strong>Cargador y Manual<\/strong><\/li>\n<li><strong>Garant\u00eda:<\/strong> 12 meses contra defecto de fabricaci\u00f3n<\/li>\n<\/ul>\n<p>&nbsp;<\/p>\n<h4><span style=\"color: #ff0000;\"><strong>Contado efectivo: 10% de Descuento<\/strong><\/span><\/h4>\n<h5><strong>*Las im\u00e1genes son a modo ilustrativo.<\/strong><\/h5>\n","protected":false},"excerpt":{"rendered":"<h3><span style=\"color: #ff0000;\"><strong>\u00abArt\u00edculo Agotado\u00bb<\/strong><\/span><\/h3>\n","protected":false},"featured_media":390,"comment_status":"open","ping_status":"closed","template":"","meta":[],"_links":{"self":[{"href":"https:\/\/www.appoloviracel.com.uy\/index.php\/wp-json\/wp\/v2\/product\/389"}],"collection":[{"href":"https:\/\/www.appoloviracel.com.uy\/index.php\/wp-json\/wp\/v2\/product"}],"about":[{"href":"https:\/\/www.appoloviracel.com.uy\/index.php\/wp-json\/wp\/v2\/types\/product"}],"replies":[{"embeddable":true,"href":"https:\/\/www.appoloviracel.com.uy\/index.php\/wp-json\/wp\/v2\/comments?post=389"}],"wp:featuredmedia":[{"embeddable":true,"href":"https:\/\/www.appoloviracel.com.uy\/index.php\/wp-json\/wp\/v2\/media\/390"}],"wp:attachment":[{"href":"https:\/\/www.appoloviracel.com.uy\/index.php\/wp-json\/wp\/v2\/media?parent=389"}],"curies":[{"name":"wp","href":"https:\/\/api.w.org\/{rel}","templated":true}]}}