{"id":3748,"date":"2021-01-12T23:09:05","date_gmt":"2021-01-13T02:09:05","guid":{"rendered":"https:\/\/www.appoloviracel.com.uy\/?post_type=product&#038;p=3748"},"modified":"2021-06-06T00:22:06","modified_gmt":"2021-06-06T03:22:06","slug":"iphone-8-silver-64g-2gb","status":"publish","type":"product","link":"https:\/\/www.appoloviracel.com.uy\/index.php\/product\/iphone-8-silver-64g-2gb\/","title":{"rendered":"Celular iPhone \u00ab8Silver\u00bb (64Gb-2Gb)"},"content":{"rendered":"<h4>Caracter\u00edsticas y especificaciones:<\/h4>\n<h4><span style=\"color: #ff0000;\"><strong>Equipo Nuevo<br \/>\n<\/strong><\/span><\/h4>\n<ul>\n<li>Marca: Apple<\/li>\n<li>Modelo: 8, Silver, 64Gb<\/li>\n<li>SIM: single sim<\/li>\n<li>Pulgadas: 4.7<\/li>\n<li>Resoluci\u00f3n: 750 * 1334<\/li>\n<li>Capacidad: 64Gb<\/li>\n<li>Memoria RAM: 2Gb<\/li>\n<li>Sistema operativo: iOS 11, actualizable a nuevas versiones<\/li>\n<li>Procesador: Hexa-core (2 * Monsoon + 4 * Mistral)<\/li>\n<li>N\u00facleos del procesador: 6<\/li>\n<li>Lector de tarjeta de memoria: No<\/li>\n<li>Libre para cualquier compa\u00f1\u00eda: S\u00ed<\/li>\n<li>Bater\u00eda: Li-Ion 1850 mAh<\/li>\n<li>Conectividad: Wifi, Bluetooth, NFC<\/li>\n<li>Tecnolog\u00eda de navegaci\u00f3n: GSM \/ HHSDPA \/ LTE<\/li>\n<li>C\u00e1mara frontal: 7 MP, f\/2.2, 1080p@30fps<\/li>\n<li>C\u00e1mara trasera: 12 MP, f\/1.8, 28mm, autofocus<\/li>\n<li>Flash: Quad LED flash<\/li>\n<li>Largo: 13.9cm<\/li>\n<li>Ancho: 6.8cm<\/li>\n<li>Espesor: 0.7cm<\/li>\n<li>Se incluyen los siguientes accesorios: <strong>Cargador, Auriculares y Manual<\/strong><\/li>\n<li><strong>Garant\u00eda:<\/strong> 12 meses contra defecto de fabricaci\u00f3n<\/li>\n<\/ul>\n<h4><\/h4>\n<h4><span style=\"color: #ff0000;\"><strong>Contado efectivo: 10% de Descuento<\/strong><\/span><\/h4>\n<h5><strong>*Las im\u00e1genes son a modo ilustrativo.<\/strong><\/h5>\n","protected":false},"excerpt":{"rendered":"<h3><span style=\"color: #ff0000;\"><strong>\u00abArt\u00edculo Agotado\u00bb<\/strong><\/span><\/h3>\n","protected":false},"featured_media":3749,"comment_status":"open","ping_status":"closed","template":"","meta":[],"_links":{"self":[{"href":"https:\/\/www.appoloviracel.com.uy\/index.php\/wp-json\/wp\/v2\/product\/3748"}],"collection":[{"href":"https:\/\/www.appoloviracel.com.uy\/index.php\/wp-json\/wp\/v2\/product"}],"about":[{"href":"https:\/\/www.appoloviracel.com.uy\/index.php\/wp-json\/wp\/v2\/types\/product"}],"replies":[{"embeddable":true,"href":"https:\/\/www.appoloviracel.com.uy\/index.php\/wp-json\/wp\/v2\/comments?post=3748"}],"wp:featuredmedia":[{"embeddable":true,"href":"https:\/\/www.appoloviracel.com.uy\/index.php\/wp-json\/wp\/v2\/media\/3749"}],"wp:attachment":[{"href":"https:\/\/www.appoloviracel.com.uy\/index.php\/wp-json\/wp\/v2\/media?parent=3748"}],"curies":[{"name":"wp","href":"https:\/\/api.w.org\/{rel}","templated":true}]}}