{"id":36953,"date":"2023-04-22T11:00:53","date_gmt":"2023-04-22T14:00:53","guid":{"rendered":"https:\/\/www.appoloviracel.com.uy\/?post_type=product&#038;p=36953"},"modified":"2023-07-29T16:23:15","modified_gmt":"2023-07-29T19:23:15","slug":"celular-xiaomi-redmi-note12pro-128gb-6gb","status":"publish","type":"product","link":"https:\/\/www.appoloviracel.com.uy\/index.php\/product\/celular-xiaomi-redmi-note12pro-128gb-6gb\/","title":{"rendered":"Celular Xiaomi \u00abRedmi Note12Pro\u00bb 4G (128Gb-6Gb)"},"content":{"rendered":"<h2>Caracter\u00edsticas y especificaciones:<strong>\u00a0<\/strong><\/h2>\n<h4><strong>Apto para LTE de todas las compa\u00f1\u00edas.<\/strong><\/h4>\n<p>El <strong>Xiaomi Redmi Note 12 Pro<\/strong> es un smartphone Android con una pantalla OLED de 6.67 pulgadas con resoluci\u00f3n FHD+ y tasa de refresco de 120Hz. Potenciado por un procesador Dimensity 1080 de MediaTek, el Redmi Note 12 Pro cuenta con hasta 12GB de RAM y hasta 256GB de almacenamiento sin posibilidad de expansi\u00f3n. El Redmi Note 12 Pro cuenta con una c\u00e1mara triple dorsal, con un sensor principal de 50MP y una c\u00e1mara selfie de 16MP. La bater\u00eda del Redmi Note 12 Pro es de 5000 mAh y soporta carga r\u00e1pida de 67W, y el smartphone completa sus caracter\u00edsticas con parlantes stereo, lector de huellas bajo la pantalla, y Android 12<\/p>\n<ul>\n<li><strong>Pantalla: 6.67&#8243;, 1080 * 2400 pixels<\/strong><\/li>\n<li><strong>Procesador: Mediatek Dimensity 1080 2.6GHz<\/strong><\/li>\n<li><strong>RAM: 6GB<\/strong><\/li>\n<li><strong>Almacenamiento: 128GB<\/strong><\/li>\n<li><strong>Expansi\u00f3n: sin microSD<\/strong><\/li>\n<li><strong>C\u00e1mara: Triple, 108MP+8MP+2MP<\/strong><\/li>\n<li><strong>Bater\u00eda: 5000 mAh<\/strong><\/li>\n<li><strong>OS: Android 12<\/strong><\/li>\n<li><strong>Perfil: 7.9 mm<\/strong><\/li>\n<li><strong>Peso: 187 grs<\/strong><\/li>\n<li>Se incluyen los siguientes accesorios: <strong>Cargador y Manual <\/strong><\/li>\n<li><strong>Garant\u00eda:<\/strong> 12 meses contra defecto de fabricaci\u00f3n<\/li>\n<\/ul>\n<h4><\/h4>\n<h4><span style=\"color: #ff0000;\"><strong>Contado efectivo: 10% de Descuento<\/strong><\/span><\/h4>\n<h5><strong>*Las im\u00e1genes son a modo ilustrativo.<\/strong><\/h5>\n","protected":false},"excerpt":{"rendered":"<h3><span style=\"color: #339966;\"><strong>U$S 395<\/strong><\/span><\/h3>\n","protected":false},"featured_media":36960,"comment_status":"open","ping_status":"closed","template":"","meta":[],"_links":{"self":[{"href":"https:\/\/www.appoloviracel.com.uy\/index.php\/wp-json\/wp\/v2\/product\/36953"}],"collection":[{"href":"https:\/\/www.appoloviracel.com.uy\/index.php\/wp-json\/wp\/v2\/product"}],"about":[{"href":"https:\/\/www.appoloviracel.com.uy\/index.php\/wp-json\/wp\/v2\/types\/product"}],"replies":[{"embeddable":true,"href":"https:\/\/www.appoloviracel.com.uy\/index.php\/wp-json\/wp\/v2\/comments?post=36953"}],"wp:featuredmedia":[{"embeddable":true,"href":"https:\/\/www.appoloviracel.com.uy\/index.php\/wp-json\/wp\/v2\/media\/36960"}],"wp:attachment":[{"href":"https:\/\/www.appoloviracel.com.uy\/index.php\/wp-json\/wp\/v2\/media?parent=36953"}],"curies":[{"name":"wp","href":"https:\/\/api.w.org\/{rel}","templated":true}]}}