{"id":3676,"date":"2021-01-08T21:53:19","date_gmt":"2021-01-09T00:53:19","guid":{"rendered":"https:\/\/www.appoloviracel.com.uy\/?post_type=product&#038;p=3676"},"modified":"2021-03-29T21:22:12","modified_gmt":"2021-03-30T00:22:12","slug":"tg-906-comfy-fit-inalambrico","status":"publish","type":"product","link":"https:\/\/www.appoloviracel.com.uy\/index.php\/product\/tg-906-comfy-fit-inalambrico\/","title":{"rendered":"Auricular T&#038;G \u00ab906\u00bb (Bluetooth)"},"content":{"rendered":"<h4>Caracter\u00edsticas y especificaciones:<\/h4>\n<p><strong>Este producto es adecuado para usar como auriculares inal\u00e1mbricos diarios.<\/strong><\/p>\n<ul>\n<li>Aud\u00edfonos inal\u00e1mbricos inteligentes TG906<\/li>\n<li>Auriculares inal\u00e1mbricos est\u00e9reo 5,0 deportivos, resistentes al agua,<\/li>\n<li>Emparejamiento autom\u00e1tico, auriculares inal\u00e1mbricos<\/li>\n<li>Peso ultraligero: su peso es muy ligero y lo suficientemente peque\u00f1o, apenas se nota mientras est\u00e1 dentro de la oreja<\/li>\n<\/ul>\n<ul>\n<li>Velocidad de conexi\u00f3n m\u00e1s r\u00e1pida: La tecnolog\u00eda Bluetooth 5,0 puede mejorar la velocidad y el rango de conexi\u00f3n Bluetooth.<\/li>\n<li>F\u00e1cil de llevar: Este producto tiene un tama\u00f1o port\u00e1til<\/li>\n<li>Color: Negro + rojo<\/li>\n<li>Rango de transmisi\u00f3n: 10 metros<\/li>\n<li>Caracter\u00edsticas de los productos: control de voz, funci\u00f3n de llamada, compatible con m\u00fasica<\/li>\n<li>Canal: Est\u00e9reo<\/li>\n<li>Protocolo Bluetooth: 5,0<\/li>\n<li>C\u00f3mo usar: auriculares<\/li>\n<li>Bater\u00eda: 450mah<\/li>\n<li>Crisol de grafito mini horno de oro de la antorcha de fusi\u00f3n del metal:<\/li>\n<li>1 par de auriculares inal\u00e1mbricos EST\u00c9REO<\/li>\n<li>1 estuche de carga<\/li>\n<li>1 cable usb<\/li>\n<li>1 manual de usuario<\/li>\n<\/ul>\n<p><strong>Notas:<\/strong><\/p>\n<ul>\n<li>Debido a la diferencia entre diversos monitores, la imagen puede no reflejar el color real del art\u00edculo. Garantizamos que el estilo es el mismo que se muestra en las im\u00e1genes.<\/li>\n<li>Permite una peque\u00f1a diferencia de dimensi\u00f3n debido a las diferentes medidas manuales.<\/li>\n<\/ul>\n<p>&nbsp;<\/p>\n<h5><strong>*Las im\u00e1genes son a modo ilustrativo.<\/strong><\/h5>\n","protected":false},"excerpt":{"rendered":"<h3><span style=\"color: #339966;\">$ 1.090<\/span><\/h3>\n","protected":false},"featured_media":3677,"comment_status":"open","ping_status":"closed","template":"","meta":[],"_links":{"self":[{"href":"https:\/\/www.appoloviracel.com.uy\/index.php\/wp-json\/wp\/v2\/product\/3676"}],"collection":[{"href":"https:\/\/www.appoloviracel.com.uy\/index.php\/wp-json\/wp\/v2\/product"}],"about":[{"href":"https:\/\/www.appoloviracel.com.uy\/index.php\/wp-json\/wp\/v2\/types\/product"}],"replies":[{"embeddable":true,"href":"https:\/\/www.appoloviracel.com.uy\/index.php\/wp-json\/wp\/v2\/comments?post=3676"}],"wp:featuredmedia":[{"embeddable":true,"href":"https:\/\/www.appoloviracel.com.uy\/index.php\/wp-json\/wp\/v2\/media\/3677"}],"wp:attachment":[{"href":"https:\/\/www.appoloviracel.com.uy\/index.php\/wp-json\/wp\/v2\/media?parent=3676"}],"curies":[{"name":"wp","href":"https:\/\/api.w.org\/{rel}","templated":true}]}}