{"id":34809,"date":"2023-03-27T21:22:51","date_gmt":"2023-03-28T00:22:51","guid":{"rendered":"https:\/\/www.appoloviracel.com.uy\/?post_type=product&#038;p=34809"},"modified":"2026-04-30T00:04:52","modified_gmt":"2026-04-30T03:04:52","slug":"auricular-jbl-wave-300-tws-bluetooth","status":"publish","type":"product","link":"https:\/\/www.appoloviracel.com.uy\/index.php\/product\/auricular-jbl-wave-300-tws-bluetooth\/","title":{"rendered":"Auricular JBL \u00abWave 300\u00bb TWS (Bluetooth)"},"content":{"rendered":"<h4>Caracter\u00edsticas y especificaciones:<\/h4>\n<h5>Auriculares de bot\u00f3n True Wireless<\/h5>\n<p>No pierdas el contacto con tu mundo. Los auriculares de bot\u00f3n JBL Wave 300TWS te ofrecen tu m\u00fasica sin cables y sin perder el contacto con lo que te rodea. Disfruta de 26 horas de sonido potente con JBL Deep Bass. Mant\u00e9n el contacto vayas donde vayas con llamadas est\u00e9reo y sin molesto ruido de fondo. Gestiona el audio y las llamadas con la funci\u00f3n manos libres desde cualquiera de los auriculares o ambos, gracias a los c\u00f3modos controles t\u00e1ctiles. Con un dise\u00f1o ergon\u00f3mico, su \u00abdise\u00f1o de palo\u00bb se ajusta c\u00f3moda y discretamente a los o\u00eddos para estar c\u00f3modo y conectado durante todo el d\u00eda y no perderse ninguna canci\u00f3n ni conversaci\u00f3n.<\/p>\n<h5>Caracter\u00edsticas Audio<\/h5>\n<ul>\n<li>Sensibilidad del driver a 1kHz1mW (dB): \u00a0105<\/li>\n<li>Respuesta de frecuencia din\u00e1mica: 20 Hz \u2013 20 kHz<\/li>\n<li>Impedancia de entrada (ohms): 32<\/li>\n<\/ul>\n<h5><\/h5>\n<h5>Medidas<\/h5>\n<ul>\n<li>Peso (g): 7.7<\/li>\n<li>Peso (oz): .27<\/li>\n<\/ul>\n<h5><\/h5>\n<h5>Caracter\u00edsticas de control y conexi\u00f3n<\/h5>\n<ul>\n<li>Perfiles Bluetooth: \u00a0A2DP V1.3 AVRCP V1.6 HFP V1.7<\/li>\n<li>Rango de frecuencia de transmisi\u00f3n Bluetooth: 2.4 GHz &#8211; 2.4835 GHz<\/li>\n<li>Transmisi\u00f3n de modulaci\u00f3n GFSK v\u00eda Bluetooth: GFSK, \u03c0\/4\u2013DQPSK, 8\u2013DPSK<\/li>\n<li>Potencia de transmisi\u00f3n Bluetooth: \u00a0&lt;12 dBm<\/li>\n<li>Versi\u00f3n Bluetooth: \u00a05.2<\/li>\n<\/ul>\n<h5><\/h5>\n<h5>Bater\u00eda<\/h5>\n<ul>\n<li>Tiempo de carga (horas): \u00a02<\/li>\n<li>Tiempo de juego m\u00e1ximo (horas): \u00a06<\/li>\n<\/ul>\n<h5><\/h5>\n<h5>Caracter\u00edsticas<\/h5>\n<ul>\n<li>Carga por cable: S\u00ed<\/li>\n<li>Integraci\u00f3n con asistente de voz: S\u00ed<\/li>\n<li>Micr\u00f3fono integrado: S\u00ed<\/li>\n<li>Llamadas con manos libres: S\u00ed<\/li>\n<li>Control t\u00e1ctil: S\u00ed<\/li>\n<li>True Wireless: S\u00ed<\/li>\n<li>Inal\u00e1mbrico: S\u00ed<\/li>\n<li>Estuche de carga: S\u00ed<\/li>\n<li>Bater\u00eda recargable: S\u00ed<\/li>\n<li>Bluetooth: S\u00ed<\/li>\n<\/ul>\n<h5><\/h5>\n<h5>*<strong>Las im\u00e1genes son a modo ilustrativo.<\/strong><\/h5>\n","protected":false},"excerpt":{"rendered":"<h3><span style=\"color: #339966;\"><strong>$ 3.890\u00a0<\/strong><\/span><\/h3>\n","protected":false},"featured_media":34810,"comment_status":"open","ping_status":"closed","template":"","meta":[],"_links":{"self":[{"href":"https:\/\/www.appoloviracel.com.uy\/index.php\/wp-json\/wp\/v2\/product\/34809"}],"collection":[{"href":"https:\/\/www.appoloviracel.com.uy\/index.php\/wp-json\/wp\/v2\/product"}],"about":[{"href":"https:\/\/www.appoloviracel.com.uy\/index.php\/wp-json\/wp\/v2\/types\/product"}],"replies":[{"embeddable":true,"href":"https:\/\/www.appoloviracel.com.uy\/index.php\/wp-json\/wp\/v2\/comments?post=34809"}],"wp:featuredmedia":[{"embeddable":true,"href":"https:\/\/www.appoloviracel.com.uy\/index.php\/wp-json\/wp\/v2\/media\/34810"}],"wp:attachment":[{"href":"https:\/\/www.appoloviracel.com.uy\/index.php\/wp-json\/wp\/v2\/media?parent=34809"}],"curies":[{"name":"wp","href":"https:\/\/api.w.org\/{rel}","templated":true}]}}