{"id":3422,"date":"2020-12-24T16:22:23","date_gmt":"2020-12-24T19:22:23","guid":{"rendered":"https:\/\/www.appoloviracel.com.uy\/?post_type=product&#038;p=3422"},"modified":"2021-04-30T19:30:38","modified_gmt":"2021-04-30T22:30:38","slug":"cargador-xiaomi-inalambrico-mi-wireless-charging-pad-10w-max","status":"publish","type":"product","link":"https:\/\/www.appoloviracel.com.uy\/index.php\/product\/cargador-xiaomi-inalambrico-mi-wireless-charging-pad-10w-max\/","title":{"rendered":"Cargador XIAOMI \u00abWPC01M\u00bb Inal\u00e1mbrico, Mi Wireless Charging Pad (10w Max)"},"content":{"rendered":"<h4>Caracter\u00edsticas y especificaciones:<\/h4>\n<p>El Xiaomi Wireless Charger (Universal Fast Charge Edition) cuenta con una superficie de metal y silicona adherente para que no se resbale, y cuenta con un sistema de protecci\u00f3n frente a cortocircuitos, altas temperaturas y objetos de metal, como monedas o llaves que puedan quedar entre el cargador y el m\u00f3vil. As\u00ed, si detecta algo raro, se apagar\u00e9 o regular\u00e1 la potencia de carga para no aumentar la temperatura. El cargador puede usarse tambi\u00e9n con m\u00f3viles con funda, ya que los puede cargar a una distancia de hasta 4 mm.<\/p>\n<p>A nivel de iluminaci\u00f3n, cuenta con un a luz que nos indica su estado. Si parpadea tres veces, estar\u00e1 encendido. Si est\u00e1 en espera, la luz no se enciende. Si est\u00e1 en modo de protecci\u00f3n o hay alg\u00fan error, la luz est\u00e1 intermitente. Si est\u00e1 cargando el m\u00f3vil, la luz estar\u00e1 siempre encendida.<\/p>\n<ul>\n<li>Modelo: WPC01M<\/li>\n<li>Marca Xiaomi<\/li>\n<li>El cargador conector USB Tipo C<\/li>\n<li>Compatible con una variedad de dispositivos de carga r\u00e1pida de 10 W<\/li>\n<li>Compatible con Apple y Android<\/li>\n<li>Input: 5V 2.0 A \/9V 1.6 A<\/li>\n<li>Output: 56V 5W Max 9V 10W Max<\/li>\n<\/ul>\n<p>&nbsp;<\/p>\n<h5><strong>*Las im\u00e1genes son a modo ilustrativo.<\/strong><\/h5>\n","protected":false},"excerpt":{"rendered":"<h3><span style=\"color: #339966;\">$ 1250<\/span><\/h3>\n","protected":false},"featured_media":3423,"comment_status":"open","ping_status":"closed","template":"","meta":[],"_links":{"self":[{"href":"https:\/\/www.appoloviracel.com.uy\/index.php\/wp-json\/wp\/v2\/product\/3422"}],"collection":[{"href":"https:\/\/www.appoloviracel.com.uy\/index.php\/wp-json\/wp\/v2\/product"}],"about":[{"href":"https:\/\/www.appoloviracel.com.uy\/index.php\/wp-json\/wp\/v2\/types\/product"}],"replies":[{"embeddable":true,"href":"https:\/\/www.appoloviracel.com.uy\/index.php\/wp-json\/wp\/v2\/comments?post=3422"}],"wp:featuredmedia":[{"embeddable":true,"href":"https:\/\/www.appoloviracel.com.uy\/index.php\/wp-json\/wp\/v2\/media\/3423"}],"wp:attachment":[{"href":"https:\/\/www.appoloviracel.com.uy\/index.php\/wp-json\/wp\/v2\/media?parent=3422"}],"curies":[{"name":"wp","href":"https:\/\/api.w.org\/{rel}","templated":true}]}}