{"id":32133,"date":"2023-02-17T19:32:50","date_gmt":"2023-02-17T22:32:50","guid":{"rendered":"https:\/\/www.appoloviracel.com.uy\/?post_type=product&#038;p=32133"},"modified":"2023-10-13T16:33:58","modified_gmt":"2023-10-13T19:33:58","slug":"celular-samsung-galaxy-a04-64gb-4gb","status":"publish","type":"product","link":"https:\/\/www.appoloviracel.com.uy\/index.php\/product\/celular-samsung-galaxy-a04-64gb-4gb\/","title":{"rendered":"Celular Samsung \u00abGalaxy A04\u00bb (64Gb-4Gb)"},"content":{"rendered":"<h4><strong>Caracter\u00edsticas y especificaciones<\/strong><\/h4>\n<p>Entrando de lleno en la gama m\u00e1s econ\u00f3mica de m\u00f3viles Samsung, nos encontramos con el que el Samsung Galaxy A04. Un nuevo terminal que llega como sustituto del Galaxy A03 lanzado el pasado a\u00f1o. Pese a su precio, este dispositivo incorpora interesantes caracter\u00edsticas. Una pantalla de un tama\u00f1o considerable para ser un buen acompa\u00f1ante en el terreno multimedia o una bater\u00eda que promete dar muy buena autonom\u00eda.<\/p>\n<ul>\n<li><strong>Pantalla: LCD 6,5&#8243;; HD+<\/strong><\/li>\n<li><strong>Dimensiones: 164,4 * 76,3 * 9,1 mm<\/strong><\/li>\n<li><strong>Peso: 192 grs<\/strong><\/li>\n<li><strong>Procesador: Ocho n\u00facleos<\/strong><\/li>\n<li><strong>RAM: 6 GB<\/strong><\/li>\n<li><strong>Almacenamiento: 64 GB<\/strong><\/li>\n<li><strong>MicroSD hasta 1 TB<\/strong><\/li>\n<li><strong>C\u00e1mara frontal: 5 MP<\/strong><\/li>\n<li><strong>C\u00e1mara trasera: 50 MP f\/1.8; 2 MP bokeh<\/strong><\/li>\n<li><strong>Bater\u00eda: 5.000 mAh<\/strong><\/li>\n<li><strong>Sistema operativo: Android 12; One UI Core 4.1<\/strong><\/li>\n<li><strong>Conectividad: LTE; Wi-Fi ac; Bluetooth 5.0<\/strong><\/li>\n<li><strong>S<\/strong>e incluyen los siguientes accesorios: <strong>Cargador y Manual<\/strong><\/li>\n<li><strong>Garant\u00eda:<\/strong> 12 meses contra defecto de fabricaci\u00f3n<\/li>\n<\/ul>\n<h4><\/h4>\n<h4><span style=\"color: #ff0000;\"><strong>Contado efectivo: 10% de Descuento<\/strong><\/span><\/h4>\n<h5><strong>*Las im\u00e1genes son a modo ilustrativo.<\/strong><\/h5>\n","protected":false},"excerpt":{"rendered":"<h3><span style=\"color: #339966;\"><strong>U$S 165<\/strong><\/span><\/h3>\n","protected":false},"featured_media":32135,"comment_status":"open","ping_status":"closed","template":"","meta":[],"_links":{"self":[{"href":"https:\/\/www.appoloviracel.com.uy\/index.php\/wp-json\/wp\/v2\/product\/32133"}],"collection":[{"href":"https:\/\/www.appoloviracel.com.uy\/index.php\/wp-json\/wp\/v2\/product"}],"about":[{"href":"https:\/\/www.appoloviracel.com.uy\/index.php\/wp-json\/wp\/v2\/types\/product"}],"replies":[{"embeddable":true,"href":"https:\/\/www.appoloviracel.com.uy\/index.php\/wp-json\/wp\/v2\/comments?post=32133"}],"wp:featuredmedia":[{"embeddable":true,"href":"https:\/\/www.appoloviracel.com.uy\/index.php\/wp-json\/wp\/v2\/media\/32135"}],"wp:attachment":[{"href":"https:\/\/www.appoloviracel.com.uy\/index.php\/wp-json\/wp\/v2\/media?parent=32133"}],"curies":[{"name":"wp","href":"https:\/\/api.w.org\/{rel}","templated":true}]}}