{"id":31691,"date":"2023-02-12T16:07:54","date_gmt":"2023-02-12T19:07:54","guid":{"rendered":"https:\/\/www.appoloviracel.com.uy\/?post_type=product&#038;p=31691"},"modified":"2023-04-02T21:37:36","modified_gmt":"2023-04-03T00:37:36","slug":"auricular-usams-us-yn001-bluetooth","status":"publish","type":"product","link":"https:\/\/www.appoloviracel.com.uy\/index.php\/product\/auricular-usams-us-yn001-bluetooth\/","title":{"rendered":"Auricular USAMS \u00abUS-YN001\u00bb (Bluetooth)"},"content":{"rendered":"<h4>Caracter\u00edsticas y especificaciones:<\/h4>\n<ul>\n<li>BT Versi\u00f3n: 4.2.<\/li>\n<li>Distancia de conexi\u00f3n: \u226410 m.<\/li>\n<li>Impedancia: 32\u03a9<\/li>\n<li>Orador: 40mm de di\u00e1metro<\/li>\n<li>La sensibilidad del altavoz: 121dB\u00b13<\/li>\n<li>El rango de frecuencia: 50Hz~50KHz.<\/li>\n<li>capacidad de la bater\u00eda: 250mAh<\/li>\n<li>El tiempo de juego: Acerca de las 10h<\/li>\n<li>Tiempo de carga: Aproximadamente 2h<\/li>\n<li>Stand-by: Alrededor de 3 meses<\/li>\n<li>Peso: aprox. 200 gramos<\/li>\n<li>Compatibilidad: Para Android\/ dispositivos de Apple con la funci\u00f3n de BT<\/li>\n<li>1,40 mm altavoz potente sonido 3D Surround.<\/li>\n<li>Totalmente cerrado cancelaci\u00f3n de ruido, realizar llamadas de claro.<\/li>\n<li>Control de bot\u00f3n independiente, f\u00e1cil funci\u00f3n de encendido.<\/li>\n<li>Suave y c\u00f3modo, ligero y tapas de brazo ajustable.<\/li>\n<\/ul>\n<p>&nbsp;<\/p>\n<h5><strong>*Las im\u00e1genes son a modo ilustrativo.<\/strong><\/h5>\n","protected":false},"excerpt":{"rendered":"<h3><span style=\"color: #339966;\"><strong>$ 1.490 <\/strong><\/span><\/h3>\n","protected":false},"featured_media":31692,"comment_status":"open","ping_status":"closed","template":"","meta":[],"_links":{"self":[{"href":"https:\/\/www.appoloviracel.com.uy\/index.php\/wp-json\/wp\/v2\/product\/31691"}],"collection":[{"href":"https:\/\/www.appoloviracel.com.uy\/index.php\/wp-json\/wp\/v2\/product"}],"about":[{"href":"https:\/\/www.appoloviracel.com.uy\/index.php\/wp-json\/wp\/v2\/types\/product"}],"replies":[{"embeddable":true,"href":"https:\/\/www.appoloviracel.com.uy\/index.php\/wp-json\/wp\/v2\/comments?post=31691"}],"wp:featuredmedia":[{"embeddable":true,"href":"https:\/\/www.appoloviracel.com.uy\/index.php\/wp-json\/wp\/v2\/media\/31692"}],"wp:attachment":[{"href":"https:\/\/www.appoloviracel.com.uy\/index.php\/wp-json\/wp\/v2\/media?parent=31691"}],"curies":[{"name":"wp","href":"https:\/\/api.w.org\/{rel}","templated":true}]}}