{"id":3031,"date":"2020-12-10T01:12:35","date_gmt":"2020-12-10T04:12:35","guid":{"rendered":"https:\/\/www.appoloviracel.com.uy\/?post_type=product&#038;p=3031"},"modified":"2021-03-29T23:01:16","modified_gmt":"2021-03-30T02:01:16","slug":"auriculares-estereo-manos-libres-con-microfono-c5851","status":"publish","type":"product","link":"https:\/\/www.appoloviracel.com.uy\/index.php\/product\/auriculares-estereo-manos-libres-con-microfono-c5851\/","title":{"rendered":"Auricular One Plus \u00abc5851\u00bb (St\u00e9reo, Manos Libres con Micr\u00f3fono-Intrauditivo)"},"content":{"rendered":"<h4>Caracter\u00edsticas y especificaciones:<\/h4>\n<ul>\n<li>Auriculares manos libres est\u00e9reo con micr\u00f3fono<\/li>\n<li>Reducci\u00f3n de ruido de aud\u00edfonos y dise\u00f1o ligero<\/li>\n<li>Respuesta de graves s\u00faper y claridad excepcional<\/li>\n<li>Se ajusta f\u00e1cilmente<\/li>\n<li>Micr\u00f3fono de alta calidad<\/li>\n<li>Longitud del cable: 1,2m<\/li>\n<li>Colores: Blanco, Negro<\/li>\n<\/ul>\n<p>&nbsp;<\/p>\n<h5><strong>*Las im\u00e1genes son a modo ilustrativo.<\/strong><\/h5>\n","protected":false},"excerpt":{"rendered":"<h3><span style=\"color: #339966;\">$ 200<\/span><\/h3>\n","protected":false},"featured_media":3032,"comment_status":"open","ping_status":"closed","template":"","meta":[],"_links":{"self":[{"href":"https:\/\/www.appoloviracel.com.uy\/index.php\/wp-json\/wp\/v2\/product\/3031"}],"collection":[{"href":"https:\/\/www.appoloviracel.com.uy\/index.php\/wp-json\/wp\/v2\/product"}],"about":[{"href":"https:\/\/www.appoloviracel.com.uy\/index.php\/wp-json\/wp\/v2\/types\/product"}],"replies":[{"embeddable":true,"href":"https:\/\/www.appoloviracel.com.uy\/index.php\/wp-json\/wp\/v2\/comments?post=3031"}],"wp:featuredmedia":[{"embeddable":true,"href":"https:\/\/www.appoloviracel.com.uy\/index.php\/wp-json\/wp\/v2\/media\/3032"}],"wp:attachment":[{"href":"https:\/\/www.appoloviracel.com.uy\/index.php\/wp-json\/wp\/v2\/media?parent=3031"}],"curies":[{"name":"wp","href":"https:\/\/api.w.org\/{rel}","templated":true}]}}