{"id":28251,"date":"2022-12-22T11:24:10","date_gmt":"2022-12-22T14:24:10","guid":{"rendered":"https:\/\/www.appoloviracel.com.uy\/?post_type=product&#038;p=28251"},"modified":"2023-10-26T10:23:48","modified_gmt":"2023-10-26T13:23:48","slug":"celular-samsung-galaxy-a04e-128gb-4gb","status":"publish","type":"product","link":"https:\/\/www.appoloviracel.com.uy\/index.php\/product\/celular-samsung-galaxy-a04e-128gb-4gb\/","title":{"rendered":"Celular Samsung \u00abGalaxy A04e\u00bb (128Gb-4Gb)"},"content":{"rendered":"<h4><strong>Caracter\u00edsticas y especificaciones<\/strong><\/h4>\n<p>Samsung acaba de anunciar el que seguramente sea uno de sus m\u00f3viles m\u00e1s baratos para este 2022: el <strong>Samsung Galaxy A04e<\/strong>. El m\u00f3vil llega unos dos meses despu\u00e9s del Samsung Galaxy A04 y el Samsung Galaxy A04s, con los que comparte l\u00ednea de dise\u00f1o.<\/p>\n<p>Del tr\u00edo de Samsung Galaxy A04, <strong>el nuevo Samsung Galaxy A04e es el m\u00e1s b\u00e1sico<\/strong>. La hoja de especificaciones es pr\u00e1cticamente id\u00e9ntica a la del Galaxy A04, pero en este caso con una c\u00e1mara dual de 13 megap\u00edxeles, en lugar de ser de 50 megap\u00edxeles.<\/p>\n<ul>\n<li>Pantalla: LCD 6,5&#8243;; HD+<\/li>\n<li>Dimensiones: 164,2 * 75,9 * 9,1 mm<\/li>\n<li>Peso: 188 gramos<\/li>\n<li>Procesador: Ocho n\u00facleos<\/li>\n<li>RAM: 4 GB<\/li>\n<li>Almacenamiento: 128 GB<\/li>\n<li>MicroSD: hasta 1 TB<\/li>\n<li>C\u00e1mara frontal: 5 MP f\/2.2<\/li>\n<li>C\u00e1mara trasera: 13 MP f\/2.2; 2 MP f\/2.4 bokeh<\/li>\n<li>Bater\u00eda: 5.000 mAh<\/li>\n<li>Sistema operativo: Android 12; One UI Core 4.1<\/li>\n<li>Conectividad: LTE; Wi-Fi b\/g\/n; Bluetooth 5.0<\/li>\n<li><strong>S<\/strong>e incluyen los siguientes accesorios: <strong>Cargador y Manual<\/strong><\/li>\n<li><strong>Garant\u00eda:<\/strong> 12 meses contra defecto de fabricaci\u00f3n<\/li>\n<\/ul>\n<h4><\/h4>\n<h4><span style=\"color: #ff0000;\"><strong>Contado efectivo: 10% de Descuento<\/strong><\/span><\/h4>\n<h5><strong>*Las im\u00e1genes son a modo ilustrativo.<\/strong><\/h5>\n","protected":false},"excerpt":{"rendered":"<h3><span style=\"color: #339966;\"><strong>U$S 209<\/strong><\/span><\/h3>\n","protected":false},"featured_media":28252,"comment_status":"open","ping_status":"closed","template":"","meta":[],"_links":{"self":[{"href":"https:\/\/www.appoloviracel.com.uy\/index.php\/wp-json\/wp\/v2\/product\/28251"}],"collection":[{"href":"https:\/\/www.appoloviracel.com.uy\/index.php\/wp-json\/wp\/v2\/product"}],"about":[{"href":"https:\/\/www.appoloviracel.com.uy\/index.php\/wp-json\/wp\/v2\/types\/product"}],"replies":[{"embeddable":true,"href":"https:\/\/www.appoloviracel.com.uy\/index.php\/wp-json\/wp\/v2\/comments?post=28251"}],"wp:featuredmedia":[{"embeddable":true,"href":"https:\/\/www.appoloviracel.com.uy\/index.php\/wp-json\/wp\/v2\/media\/28252"}],"wp:attachment":[{"href":"https:\/\/www.appoloviracel.com.uy\/index.php\/wp-json\/wp\/v2\/media?parent=28251"}],"curies":[{"name":"wp","href":"https:\/\/api.w.org\/{rel}","templated":true}]}}