{"id":27666,"date":"2022-12-17T11:42:53","date_gmt":"2022-12-17T14:42:53","guid":{"rendered":"https:\/\/www.appoloviracel.com.uy\/?post_type=product&#038;p=27666"},"modified":"2023-03-29T11:37:17","modified_gmt":"2023-03-29T14:37:17","slug":"celular-iphone-13mini-256gb-4gb","status":"publish","type":"product","link":"https:\/\/www.appoloviracel.com.uy\/index.php\/product\/celular-iphone-13mini-256gb-4gb\/","title":{"rendered":"Celular iPhone \u00ab13Mini\u00bb A+ (256Gb-4Gb)"},"content":{"rendered":"<h4>Caracter\u00edsticas y especificaciones:<\/h4>\n<h4><span style=\"color: #ff0000;\"><strong>Equipo A+<\/strong><\/span><\/h4>\n<ul>\n<li>DIMENSIONES: 131,5 * 64,2 * 7,6 mm<\/li>\n<li>PESO: 140 gramos<\/li>\n<li>PANTALLA: Super Retina XDR OLED de 5,4 pulgadas; Resoluci\u00f3n FullHD+ (2.340 * 1.080 p\u00edxeles); 476 ppp; True-Tone; HDR; 800 nits<\/li>\n<li>PROCESADOR: Apple A15 Bionic; GPU cuatro n\u00facleos; Neural Engine<\/li>\n<li>MEMORIA RAM: 4GB<\/li>\n<li>ALMACENAMIENTO INTERNO: 256GB<\/li>\n<li>C\u00c1MARA TRASERA: 12 MP f\/1.6, OIS; Gran angular: 12 MP f\/2.4, 120\u00ba FOV; V\u00eddeo: 4K Dolby Vision<\/li>\n<li>C\u00c1MARA DELANTERA: 12 MP f\/2.2<\/li>\n<li>BATER\u00cdA: 2.406 mAh; Carga r\u00e1pida: 20W; Carga inal\u00e1mbrica: 7,5W; Carga MagSafe: 15W<\/li>\n<li>SISTEMA OPERATIVO: iOS 15<\/li>\n<li>CONECTIVIDAD: 5G (sub-6 GHz); LTE Gigabit MIMO 4&#215;4; WiFi 6 MIMO 2&#215;2; Bluetooth 5.0; Chip UWB; NFC; GPS, GLONASS, Galileo, QZSS, BeiDou; NanoSIM y eSIM<\/li>\n<li>OTROS: Resistencia IP68; FaceID; Altavoces est\u00e9reo; Dolby Atmos<\/li>\n<li>Se incluyen los siguientes accesorios: <strong>Cable original y Manual<\/strong><\/li>\n<li><strong>Garant\u00eda: <\/strong><strong>12<\/strong> meses contra defecto de fabricaci\u00f3n<\/li>\n<\/ul>\n<h4><\/h4>\n<h4><span style=\"color: #ff0000;\"><strong>Contado efectivo: 10% de Descuento<\/strong><\/span><\/h4>\n<h5><strong>*Las im\u00e1genes son a modo ilustrativo.<\/strong><\/h5>\n","protected":false},"excerpt":{"rendered":"<h3><span style=\"color: #339966;\"><strong>U$S 980<\/strong><\/span><\/h3>\n","protected":false},"featured_media":27679,"comment_status":"open","ping_status":"closed","template":"","meta":[],"_links":{"self":[{"href":"https:\/\/www.appoloviracel.com.uy\/index.php\/wp-json\/wp\/v2\/product\/27666"}],"collection":[{"href":"https:\/\/www.appoloviracel.com.uy\/index.php\/wp-json\/wp\/v2\/product"}],"about":[{"href":"https:\/\/www.appoloviracel.com.uy\/index.php\/wp-json\/wp\/v2\/types\/product"}],"replies":[{"embeddable":true,"href":"https:\/\/www.appoloviracel.com.uy\/index.php\/wp-json\/wp\/v2\/comments?post=27666"}],"wp:featuredmedia":[{"embeddable":true,"href":"https:\/\/www.appoloviracel.com.uy\/index.php\/wp-json\/wp\/v2\/media\/27679"}],"wp:attachment":[{"href":"https:\/\/www.appoloviracel.com.uy\/index.php\/wp-json\/wp\/v2\/media?parent=27666"}],"curies":[{"name":"wp","href":"https:\/\/api.w.org\/{rel}","templated":true}]}}