{"id":27115,"date":"2022-12-06T15:52:11","date_gmt":"2022-12-06T18:52:11","guid":{"rendered":"https:\/\/www.appoloviracel.com.uy\/?post_type=product&#038;p=27115"},"modified":"2023-03-16T00:46:27","modified_gmt":"2023-03-16T03:46:27","slug":"parlante-kolke-kpb527-doble-8-pulgadas","status":"publish","type":"product","link":"https:\/\/www.appoloviracel.com.uy\/index.php\/product\/parlante-kolke-kpb527-doble-8-pulgadas\/","title":{"rendered":"Parlante Kolke \u00abKPB527\u00bb doble 8 pulgadas"},"content":{"rendered":"<h4>Caracter\u00edsticas y especificaciones:<\/h4>\n<ul>\n<li><strong>Parlante Activo.<\/strong><\/li>\n<li><strong>Woofer: 8\u201d x 2 | Tweeter 1\u201d.<\/strong><\/li>\n<li><strong>Potencia: 550 watts | 14.000 watts PMPO.<\/strong><\/li>\n<li><strong>Bater\u00eda de litio recargable: 3.600mAh (1.800mAh x 2) \/ 7.4V.<\/strong><\/li>\n<li><strong>Indicaci\u00f3n de bater\u00eda baja: Bater\u00eda baja &#8211; Parpadea \/ Cargando &#8211; Led idicadora encendida \/ Cargado &#8211; Led indicadora apagada.<\/strong><\/li>\n<li><strong>Conexi\u00f3n inal\u00e1mbrica V5.0.<\/strong><\/li>\n<li><strong>Conexi\u00f3n USB (hasta 32Gb), Micro SD, Audio 3.5mm, Mic 6.35mm.<\/strong><\/li>\n<li><strong>Display Led.<\/strong><\/li>\n<li><strong>Luces Led Fire audior\u00edtmicas en todo el panel frontal (se pueden apagar).<\/strong><\/li>\n<li><strong>Funci\u00f3n TWS (True Wireless Stereo): Permite conectar de manera inal\u00e1mbrica 2 parlantes para duplicar la potencia y realizar un sistema est\u00e9reo separando los canales izquierdo y derecho (ambos parlantes deben tener esta funci\u00f3n).<\/strong><\/li>\n<li><strong>Bass, Treble &amp; Echo.<\/strong><\/li>\n<li><strong>Radio FM (87-108MHz).<\/strong><\/li>\n<li><strong>Respuesta en frecuencia: 40Hz &#8211; 20KHz.<\/strong><\/li>\n<li><strong>Relaci\u00f3n Se\u00f1al\/Ruido: 80dB.<\/strong><\/li>\n<li><strong>Sensibilidad: 100dB.<\/strong><\/li>\n<li><strong>Portable: Manija.<\/strong><\/li>\n<li><strong>Alimentaci\u00f3n: 110\/220V ~ 50\/60Hz.<\/strong><\/li>\n<li><strong>Incluye: Micr\u00f3fono inal\u00e1mbrico, Control\u00a0remoto, Cargador y Cable auxiliar.<\/strong><\/li>\n<li><strong>Dimensiones: 26.5 * 58.8 * 23.3cm.<\/strong><\/li>\n<\/ul>\n<p><strong>\u00a0<\/strong><\/p>\n<h5><strong>*Las im\u00e1genes son a modo ilustrativo.<\/strong><\/h5>\n","protected":false},"excerpt":{"rendered":"<h3><span style=\"color: #339966;\"><strong>$ 6.890<\/strong><\/span><\/h3>\n","protected":false},"featured_media":27116,"comment_status":"open","ping_status":"closed","template":"","meta":[],"_links":{"self":[{"href":"https:\/\/www.appoloviracel.com.uy\/index.php\/wp-json\/wp\/v2\/product\/27115"}],"collection":[{"href":"https:\/\/www.appoloviracel.com.uy\/index.php\/wp-json\/wp\/v2\/product"}],"about":[{"href":"https:\/\/www.appoloviracel.com.uy\/index.php\/wp-json\/wp\/v2\/types\/product"}],"replies":[{"embeddable":true,"href":"https:\/\/www.appoloviracel.com.uy\/index.php\/wp-json\/wp\/v2\/comments?post=27115"}],"wp:featuredmedia":[{"embeddable":true,"href":"https:\/\/www.appoloviracel.com.uy\/index.php\/wp-json\/wp\/v2\/media\/27116"}],"wp:attachment":[{"href":"https:\/\/www.appoloviracel.com.uy\/index.php\/wp-json\/wp\/v2\/media?parent=27115"}],"curies":[{"name":"wp","href":"https:\/\/api.w.org\/{rel}","templated":true}]}}