{"id":22473,"date":"2022-09-22T18:00:29","date_gmt":"2022-09-22T21:00:29","guid":{"rendered":"https:\/\/www.appoloviracel.com.uy\/?post_type=product&#038;p=22473"},"modified":"2023-03-29T11:01:02","modified_gmt":"2023-03-29T14:01:02","slug":"celular-xiaomi-redmi-10a-64gb-3gb","status":"publish","type":"product","link":"https:\/\/www.appoloviracel.com.uy\/index.php\/product\/celular-xiaomi-redmi-10a-64gb-3gb\/","title":{"rendered":"Celular Xiaomi \u00abRedmi 10a\u00bb (64Gb-3Gb)"},"content":{"rendered":"<h4>Caracter\u00edsticas y especificaciones:<strong>\u00a0<\/strong><\/h4>\n<h4><span style=\"color: #ff0000;\"><strong>Apto para LTE de todas las compa\u00f1\u00edas.<\/strong><\/span><\/h4>\n<p>El Xiaomi Redmi 10A es un smartphone Android con una pantalla HD+ de 6.53 pulgadas y potenciado por un procesador MediaTek Helio G25 con 2GB de RAM y 32GB de almacenamiento interno. Su c\u00e1mara principal es de 13MP y su c\u00e1mara selfie es de 5MP, cuenta con una bater\u00eda de 5000 mAh, lector de huellas y corre Android 11.<\/p>\n<p>Destac\u00e1 entre la multitud gracias a Xiaomi Redmi 10a con un dise\u00f1o audaz y distintivo. Cuenta con procesador Octa-Core que te brindar\u00e1 un desempe\u00f1o \u00f3ptimo; y est\u00e1 equipado con una memoria RAM de 3GB, almacenamiento interno de 64GB y Android 11 con MIUI 12.5. Adem\u00e1s sac\u00e1 fotos incre\u00edbles con su dual c\u00e1mara trasera de 13MP + 5MP y selfies perfectas con la c\u00e1mara frontal de 5MP.<\/p>\n<ul>\n<li>Pantalla: LCD 6,53&#8243;; HD+<\/li>\n<li>Dimensiones: 164,9 * 77 * 9 mm<\/li>\n<li>Peso: 194 g.<\/li>\n<li>Procesador: Helio G25<\/li>\n<li>RAM: 3 GB<\/li>\n<li>Almacenamiento: 64 GB<\/li>\n<li>MicroSD: hasta 512 GB<\/li>\n<li>C\u00e1mara frontal: 5 MP<\/li>\n<li>C\u00e1mara trasera: 13 MP<\/li>\n<li>Bater\u00eda: 5.000 mAh<\/li>\n<li>Carga: 10W<\/li>\n<li>Sistema operativo: MIUI 12.5<\/li>\n<li>Conectividad: LTE; Wi-Fi; b\/g\/n; Bluetooth 5.0; Minijack<\/li>\n<li>Otros: Lector de huellas trasero<\/li>\n<li>Se incluyen los siguientes accesorios: <strong>Cargador y Manual<\/strong><\/li>\n<li><strong>Garant\u00eda:<\/strong> 12 meses contra defecto de fabricaci\u00f3n<\/li>\n<\/ul>\n<h4><\/h4>\n<h4><span style=\"color: #ff0000;\"><strong>Contado efectivo: 10% de Descuento<\/strong><\/span><\/h4>\n<h5><strong>*Las im\u00e1genes son a modo ilustrativo.<\/strong><\/h5>\n","protected":false},"excerpt":{"rendered":"<h3><span style=\"color: #339966;\"><strong>U$S 180<\/strong><\/span><\/h3>\n","protected":false},"featured_media":22474,"comment_status":"open","ping_status":"closed","template":"","meta":[],"_links":{"self":[{"href":"https:\/\/www.appoloviracel.com.uy\/index.php\/wp-json\/wp\/v2\/product\/22473"}],"collection":[{"href":"https:\/\/www.appoloviracel.com.uy\/index.php\/wp-json\/wp\/v2\/product"}],"about":[{"href":"https:\/\/www.appoloviracel.com.uy\/index.php\/wp-json\/wp\/v2\/types\/product"}],"replies":[{"embeddable":true,"href":"https:\/\/www.appoloviracel.com.uy\/index.php\/wp-json\/wp\/v2\/comments?post=22473"}],"wp:featuredmedia":[{"embeddable":true,"href":"https:\/\/www.appoloviracel.com.uy\/index.php\/wp-json\/wp\/v2\/media\/22474"}],"wp:attachment":[{"href":"https:\/\/www.appoloviracel.com.uy\/index.php\/wp-json\/wp\/v2\/media?parent=22473"}],"curies":[{"name":"wp","href":"https:\/\/api.w.org\/{rel}","templated":true}]}}