{"id":22235,"date":"2022-09-18T10:23:18","date_gmt":"2022-09-18T13:23:18","guid":{"rendered":"https:\/\/www.appoloviracel.com.uy\/?post_type=product&#038;p=22235"},"modified":"2026-01-14T00:51:52","modified_gmt":"2026-01-14T03:51:52","slug":"celular-xiaomi-redmi-a1-32gb-2gb","status":"publish","type":"product","link":"https:\/\/www.appoloviracel.com.uy\/index.php\/product\/celular-xiaomi-redmi-a1-32gb-2gb\/","title":{"rendered":"Celular Xiaomi \u00abRedmi A1\u00bb (32Gb-2Gb)"},"content":{"rendered":"<h4>Caracter\u00edsticas y especificaciones:<strong>\u00a0<\/strong><\/h4>\n<h4><span style=\"color: #ff0000;\"><strong>Apto para LTE de todas las compa\u00f1\u00edas.<\/strong><\/span><\/h4>\n<p>El Xiaomi Redmi A1 cuenta con una pantalla IPS LCD de 6.52 pulgadas con, el Redmi A1 cuenta con un procesador Mediatek MT6761 Helio A22, acompa\u00f1ado de 2GB de memoria RAM con 32GB de almacenamiento interno. En cuanto a fotograf\u00eda, el Redmi A1 tiene una c\u00e1mara trasera triple de 8MP + 0.3MP, y una c\u00e1mara frontal para selfies de 5MP. Completando las caracter\u00edsticas del Redmi A1 encontramos una bater\u00eda de 5000mAh y corre un Sistema Operativo Android 12.<strong>\u00a0<\/strong><\/p>\n<ul>\n<li>Sistema operativo Android<\/li>\n<li>Pantalla:\u00a0 6.5 pulgadas<\/li>\n<li>Resoluci\u00f3n: 720 * 1600 p\u00edxeles<\/li>\n<li>Procesador: MT6761 Helio A22 QuadCore 2.0 GHz<\/li>\n<li>Memoria RAM: 2 GB<\/li>\n<li>Memoria Interna ROM: 32 GB<\/li>\n<li>SIM: Dual SIM<\/li>\n<li>C\u00e1mara frontal: 5 MP<\/li>\n<li>C\u00e1mara trasera: 8 MP<\/li>\n<li>Garant\u00eda 1 a\u00f1o<\/li>\n<li>Bater\u00eda: 5000 mAh<\/li>\n<li>Se incluyen los siguientes accesorios: <strong>Cargador y Manual<\/strong><\/li>\n<li><strong>Garant\u00eda:<\/strong> 12 meses contra defecto de fabricaci\u00f3n<\/li>\n<\/ul>\n<h4><span style=\"color: #ff0000;\"><strong>Contado efectivo: 10% de Descuento<\/strong><\/span><\/h4>\n<h5><strong>*Las im\u00e1genes son a modo ilustrativo.<\/strong><\/h5>\n","protected":false},"excerpt":{"rendered":"<h3><span style=\"color: #339966;\"><strong>U$S 135<\/strong><\/span><\/h3>\n","protected":false},"featured_media":22236,"comment_status":"open","ping_status":"closed","template":"","meta":[],"_links":{"self":[{"href":"https:\/\/www.appoloviracel.com.uy\/index.php\/wp-json\/wp\/v2\/product\/22235"}],"collection":[{"href":"https:\/\/www.appoloviracel.com.uy\/index.php\/wp-json\/wp\/v2\/product"}],"about":[{"href":"https:\/\/www.appoloviracel.com.uy\/index.php\/wp-json\/wp\/v2\/types\/product"}],"replies":[{"embeddable":true,"href":"https:\/\/www.appoloviracel.com.uy\/index.php\/wp-json\/wp\/v2\/comments?post=22235"}],"wp:featuredmedia":[{"embeddable":true,"href":"https:\/\/www.appoloviracel.com.uy\/index.php\/wp-json\/wp\/v2\/media\/22236"}],"wp:attachment":[{"href":"https:\/\/www.appoloviracel.com.uy\/index.php\/wp-json\/wp\/v2\/media?parent=22235"}],"curies":[{"name":"wp","href":"https:\/\/api.w.org\/{rel}","templated":true}]}}