{"id":21417,"date":"2022-09-06T19:49:06","date_gmt":"2022-09-06T22:49:06","guid":{"rendered":"https:\/\/www.appoloviracel.com.uy\/?post_type=product&#038;p=21417"},"modified":"2022-11-24T23:44:57","modified_gmt":"2022-11-25T02:44:57","slug":"adaptador-tenda-u3-usb-300mb-s","status":"publish","type":"product","link":"https:\/\/www.appoloviracel.com.uy\/index.php\/product\/adaptador-tenda-u3-usb-300mb-s\/","title":{"rendered":"Adaptador Tenda \u00abU3\u00bb USB (300Mb\/s)"},"content":{"rendered":"<h4>Caracter\u00edsticas y especificaciones:<\/h4>\n<p>El Adaptador USB inal\u00e1mbrico N Mini Tenda de 300Mbps U3 est\u00e1 dise\u00f1ado para conectar su computadora port\u00e1til o de escritorio a una red inal\u00e1mbrica y disfrutar de un rendimiento inal\u00e1mbrico de alta velocidad. El dise\u00f1o de punta de dedo hace que el adaptador sea conveniente y f\u00e1cil de transportar. Adem\u00e1s, el U3 admite el modo AP suave. En este modo, U3 funciona con un AP para convertir la red cableada en una inal\u00e1mbrica, haciendo que la red de LAN inal\u00e1mbrica sea r\u00e1pida y f\u00e1cil. Es compatible con muchos sistemas operativos, lo que permite la conexi\u00f3n de computadoras, computadoras port\u00e1tiles y otros dispositivos inal\u00e1mbricos.<\/p>\n<ul>\n<li>Interfaz: USB2.0<\/li>\n<li>Dimensi\u00f3n: 37,5 mm * 19,5 mm * 8,9 mm (largo x ancho x alto)<\/li>\n<li>Antena: Antena interna PIFA<\/li>\n<li>Est\u00e1ndares inal\u00e1mbricos: IEEE 802.11b, IEEE 802.11g, IEEE 802.11n<\/li>\n<li>Frecuencia: 2.400 &#8211; 2.4835GHz<\/li>\n<li>Tasa de se\u00f1al:<\/li>\n<li>11b: Hasta 11 Mbps (din\u00e1mica)<\/li>\n<li>11g: Hasta 54 Mbps (din\u00e1mico)<\/li>\n<li>11n: Hasta 300 Mbps (din\u00e1mico)<\/li>\n<li>Potencia de transmisi\u00f3n: &lt; 20dBm (EIRP)<\/li>\n<li>Modo inal\u00e1mbrico: Modo de estaci\u00f3n, Modo SoftAP<\/li>\n<li>Seguridad inal\u00e1mbrica: WEP de 64\/128 bits, WPA-PSK \/ WPA2-PSK, WPA \/ WPA2<\/li>\n<li>Certificaci\u00f3n: CE, FCC, RoHS<\/li>\n<li>Requisitos del sistema: Windows10, Windows 8.1, Windows 8, Windows 7, Windows XP, Mac OS 10.7, 10.12, Linux<\/li>\n<li>Ambiente: Temperatura de funcionamiento: 0 a 40 Grados<\/li>\n<li>Temperatura de almacenamiento: -40 a 70 Grados<\/li>\n<li>Humedad de funcionamiento: 10% a 90% sin condensaci\u00f3n<\/li>\n<li>Humedad de almacenamiento: 5% a 90% sin condensaci\u00f3n<\/li>\n<\/ul>\n<h5><\/h5>\n<h5><strong>*Las im\u00e1genes son a modo ilustrativo.<\/strong><\/h5>\n","protected":false},"excerpt":{"rendered":"<h3><strong><span style=\"color: #339966;\">$ 690<\/span> <\/strong><\/h3>\n","protected":false},"featured_media":21418,"comment_status":"open","ping_status":"closed","template":"","meta":[],"_links":{"self":[{"href":"https:\/\/www.appoloviracel.com.uy\/index.php\/wp-json\/wp\/v2\/product\/21417"}],"collection":[{"href":"https:\/\/www.appoloviracel.com.uy\/index.php\/wp-json\/wp\/v2\/product"}],"about":[{"href":"https:\/\/www.appoloviracel.com.uy\/index.php\/wp-json\/wp\/v2\/types\/product"}],"replies":[{"embeddable":true,"href":"https:\/\/www.appoloviracel.com.uy\/index.php\/wp-json\/wp\/v2\/comments?post=21417"}],"wp:featuredmedia":[{"embeddable":true,"href":"https:\/\/www.appoloviracel.com.uy\/index.php\/wp-json\/wp\/v2\/media\/21418"}],"wp:attachment":[{"href":"https:\/\/www.appoloviracel.com.uy\/index.php\/wp-json\/wp\/v2\/media?parent=21417"}],"curies":[{"name":"wp","href":"https:\/\/api.w.org\/{rel}","templated":true}]}}