{"id":21278,"date":"2022-09-04T10:16:01","date_gmt":"2022-09-04T13:16:01","guid":{"rendered":"https:\/\/www.appoloviracel.com.uy\/?post_type=product&#038;p=21278"},"modified":"2024-03-25T16:18:03","modified_gmt":"2024-03-25T19:18:03","slug":"parlante-xiaomi-mi-16br-bluetooth","status":"publish","type":"product","link":"https:\/\/www.appoloviracel.com.uy\/index.php\/product\/parlante-xiaomi-mi-16br-bluetooth\/","title":{"rendered":"Parlante Xiaomi \u00abMi 16BR\u00bb (Bluetooth)"},"content":{"rendered":"<h4>Caracter\u00edsticas y especificaciones:<\/h4>\n<p>Altavoz Bluetooth port\u00e1til Xiaomi Mi Altavoz inal\u00e1mbrico, potencia nominal de 16 W, Bluetooth 5.0, duraci\u00f3n de la bater\u00eda de hasta 13 horas. Funci\u00f3n True Wireless Stereo (TWS) para emparejar dos altavoces juntos. Funci\u00f3n de graves profundos para amplificar el componente de graves. Resistencia al agua Protecci\u00f3n IPX7. Entradas USB tipo C y jack de 3,5 mm. Soporte manos libres para micr\u00f3fono.<\/p>\n<p>Especificaciones:<\/p>\n<p>Conectividad: Bluetooth 5.0, entrada AUX de 3,5 mm<br \/>\nOtras caracter\u00edsticas: Potencia nominal 2x 8W. Funciones Deep Bass y TWS. IPX7 resistente al agua. Rango de frecuencia 80Hz 20KHz<br \/>\nColor Negro<br \/>\nDimensiones: 213 * 74 * 74mm<br \/>\nConectividad Bluetooth.\u00a0 \u00a0Entrada Auxiliar de 3,5 mm<br \/>\nPotencia nominal de salida: 2 de 8 W (a 1 kHz, THD = 1 %)<br \/>\nRelaci\u00f3n se\u00f1al\/ruido: 70 dB<br \/>\nConexi\u00f3n TWS: S\u00ed (5 m)<br \/>\nResistencia al agua: IPX7<br \/>\nTiempo de carga de la bater\u00eda: 4 horas<br \/>\nTiempo de reproducci\u00f3n: Aprox. 13 horas (al 50 % de volumen)<br \/>\nVersi\u00f3n de Bluetooth: 5.0<br \/>\nRango de frecuencia: 80 Hz a 20 kHz<br \/>\nImpedancia nominal: 4<br \/>\nDistancia de transmisi\u00f3n: \u00a015 m<br \/>\nBater\u00eda Iones de litio 3,7 V, 2600 mAh ; hasta 13 horas de reproducci\u00f3n, hasta 4 horas de carga<br \/>\nEntrada nominal: \u00a05 V, 1 A<\/p>\n<h5><strong>*Las im\u00e1genes son a modo ilustrativo.<\/strong><\/h5>\n","protected":false},"excerpt":{"rendered":"<h3><span style=\"color: #339966;\"><strong>$ 2.390<\/strong><\/span><\/h3>\n","protected":false},"featured_media":21279,"comment_status":"open","ping_status":"closed","template":"","meta":[],"_links":{"self":[{"href":"https:\/\/www.appoloviracel.com.uy\/index.php\/wp-json\/wp\/v2\/product\/21278"}],"collection":[{"href":"https:\/\/www.appoloviracel.com.uy\/index.php\/wp-json\/wp\/v2\/product"}],"about":[{"href":"https:\/\/www.appoloviracel.com.uy\/index.php\/wp-json\/wp\/v2\/types\/product"}],"replies":[{"embeddable":true,"href":"https:\/\/www.appoloviracel.com.uy\/index.php\/wp-json\/wp\/v2\/comments?post=21278"}],"wp:featuredmedia":[{"embeddable":true,"href":"https:\/\/www.appoloviracel.com.uy\/index.php\/wp-json\/wp\/v2\/media\/21279"}],"wp:attachment":[{"href":"https:\/\/www.appoloviracel.com.uy\/index.php\/wp-json\/wp\/v2\/media?parent=21278"}],"curies":[{"name":"wp","href":"https:\/\/api.w.org\/{rel}","templated":true}]}}